{"id":23735,"date":"2025-08-01T17:39:29","date_gmt":"2025-08-01T15:39:29","guid":{"rendered":"https:\/\/uj.adatbank.ro\/lexikon\/termek\/tuzes-istvan-miklosvari\/"},"modified":"2025-08-01T17:39:29","modified_gmt":"2025-08-01T15:39:29","slug":"tuzes-istvan-miklosvari","status":"publish","type":"product","link":"https:\/\/uj.adatbank.ro\/lexikon\/termek\/tuzes-istvan-miklosvari\/","title":{"rendered":"T\u00dcZES Istv\u00e1n, mikl\u00f3sv\u00e1ri"},"content":{"rendered":"<p>Brass\u00f3, 1892, szept 15., \u2020 S\u00e1romberke, 1978. \u00e1pr. 24.: tan\u00edt\u00f3. \u2013 D\u00e9v\u00e1n szerezte oklevel\u00e9t (1912). R\u00e9szt vett az I. vh.-ban (1914\u201315) a m. kir. 22. gy. e.-ben az orosz fronton fogs\u00e1gba ker\u00fclt, ahonnan megsz\u00f6k\u00f6tt \u00e9s mint nemzet\u0151r teljes\u00edtett szolg\u00e1latot. Hadnagyk\u00e9nt szerelt le t\u00f6bb kit\u00fcntet\u00e9ssel: O1, O2, Kcsk, Seb\u00c9., vit\u00e9zi avat\u00e1sa: 1943. febr. 20. A h\u00e1bor\u00fa ut\u00e1n \u00e1ll\u00e1s\u00e1b\u00f3l elbocs\u00e1tott\u00e1k, amig nem dolgozhatott k\u00fcl\u00f6nb\u00f6z\u0151 g\u00e9pkezel\u0151i tanfolyamokat v\u00e9gzett \u00e9s g\u00e9pkezel\u0151 vizsg\u00e1kat tett le. Mint ref. tan\u00edt\u00f3 m\u0171k\u00f6d\u00f6tt S\u00e1romberk\u00e9n (1921\u2013), ahol igazgat\u00f3 lett (1940\u201352). <br \/><strong>\u2013 Irod.:<\/strong> Berekm\u00e9ri\u2013Nemes; Erd\u00e9lyi ezredek; S\u00e1romberke, Sz\u00e9kelyf\u00f6ld \u00ed. k.<\/br><\/p>\n","protected":false},"excerpt":{"rendered":"<p>Brass\u00f3, 1892, szept 15., \u2020 S\u00e1romberke, 1978. \u00e1pr. 24.: tan\u00edt\u00f3. \u2013 D\u00e9v\u00e1n szerezte oklevel\u00e9t (1912). R\u00e9szt vett az I. vh.-ban (1914\u201315) a m. kir. 22. gy. e.-ben az orosz fronton fogs\u00e1gba ker\u00fclt, ahonnan megsz\u00f6k\u00f6tt \u00e9s mint nemzet\u0151r teljes\u00edtett szolg\u00e1latot. Hadnagyk\u00e9nt szerelt le t\u00f6bb kit\u00fcntet\u00e9ssel: O1, O2, Kcsk, Seb\u00c9., vit\u00e9zi avat\u00e1sa: 1943. febr. 20. A h\u00e1bor\u00fa [&hellip;]<\/p>\n","protected":false},"featured_media":0,"comment_status":"open","ping_status":"closed","template":"","meta":[],"product_brand":[],"product_cat":[137],"product_tag":[],"class_list":{"0":"post-23735","1":"product","2":"type-product","3":"status-publish","5":"product_cat-maros-megyei-eletrajzi-lexikon","7":"first","8":"instock","9":"shipping-taxable","10":"product-type-simple"},"_links":{"self":[{"href":"https:\/\/uj.adatbank.ro\/lexikon\/wp-json\/wp\/v2\/product\/23735","targetHints":{"allow":["GET"]}}],"collection":[{"href":"https:\/\/uj.adatbank.ro\/lexikon\/wp-json\/wp\/v2\/product"}],"about":[{"href":"https:\/\/uj.adatbank.ro\/lexikon\/wp-json\/wp\/v2\/types\/product"}],"replies":[{"embeddable":true,"href":"https:\/\/uj.adatbank.ro\/lexikon\/wp-json\/wp\/v2\/comments?post=23735"}],"wp:attachment":[{"href":"https:\/\/uj.adatbank.ro\/lexikon\/wp-json\/wp\/v2\/media?parent=23735"}],"wp:term":[{"taxonomy":"product_brand","embeddable":true,"href":"https:\/\/uj.adatbank.ro\/lexikon\/wp-json\/wp\/v2\/product_brand?post=23735"},{"taxonomy":"product_cat","embeddable":true,"href":"https:\/\/uj.adatbank.ro\/lexikon\/wp-json\/wp\/v2\/product_cat?post=23735"},{"taxonomy":"product_tag","embeddable":true,"href":"https:\/\/uj.adatbank.ro\/lexikon\/wp-json\/wp\/v2\/product_tag?post=23735"}],"curies":[{"name":"wp","href":"https:\/\/api.w.org\/{rel}","templated":true}]}}

TÜZES István, miklósvári

<p>Brassó, 1892, szept 15., † Sáromberke, 1978. ápr. 24.: tanító. – Déván szerezte oklevelét (1912). Részt vett az I. vh.-ban (1914–15) a m. kir. 22. gy. e.-ben az orosz fronton fogságba került, ahonnan megszökött és mint nemzetőr teljesített szolgálatot. Hadnagyként szerelt le több kitüntetéssel: O1, O2, Kcsk, SebÉ., vitézi avatása: 1943. febr. 20. A háború után állásából elbocsátották, amig nem dolgozhatott különböző gépkezelői tanfolyamokat végzett és gépkezelő vizsgákat tett le. Mint ref. tanító működött Sáromberkén (1921–), ahol igazgató lett (1940–52). <br /><strong>– Irod.:</strong> Berekméri–Nemes; Erdélyi ezredek; Sáromberke, Székelyföld í. k.</br></p>

<p>Brassó, 1892, szept 15., † Sáromberke, 1978. ápr. 24.: tanító. – Déván szerezte oklevelét (1912). Részt vett az I. vh.-ban (1914–15) a m. kir. 22. gy. e.-ben az orosz fronton fogságba került, ahonnan megszökött és mint nemzetőr teljesített szolgálatot. Hadnagyként szerelt le több kitüntetéssel: O1, O2, Kcsk, SebÉ., vitézi avatása: 1943. febr. 20. A háború [&hellip;]</p>
