{"id":23741,"date":"2025-08-01T17:39:43","date_gmt":"2025-08-01T15:39:43","guid":{"rendered":"https:\/\/uj.adatbank.ro\/lexikon\/termek\/udvarhelyi-gyorgy\/"},"modified":"2025-08-01T17:39:43","modified_gmt":"2025-08-01T15:39:43","slug":"udvarhelyi-gyorgy","status":"publish","type":"product","link":"https:\/\/uj.adatbank.ro\/lexikon\/termek\/udvarhelyi-gyorgy\/","title":{"rendered":"UDVARHELYI Gy\u00f6rgy"},"content":{"rendered":"<p>? \u2020\u00a0Mv., 1667. jan. 17: a fejedelemi j\u00f6vedelmek prefektusa. \u2013 Apaffi Mih\u00e1ly fejedelem f\u0151s\u00e1f\u00e1ra. Arr\u00f3l tud\u00f3s\u00edtotta Marosv\u00e1s\u00e1rhelyi Gy\u00f6rgy fisk\u00e1lis exactort, hogy Mv.-en nem tudott sz\u00e1m\u00e1ra sz\u00e1ll\u00e1st szerezni tekintettel a jan 5. kezd\u0151d\u0151 ogy.-re (1666). Az ogy. alatt hunyt el a v\u00e1rtemplomba temett\u00e9k. <br \/><strong>\u2013 Irod.:<\/strong> Adorj\u00e1n; Id\u0151t\u00e1r 1; Marossz\u00e9ki kr\u00f3nik\u00e1k 1.; Teleki Mih\u00e1ly levelez\u00e9se 2. (Bp., 1906\u201316).<\/br><\/p>\n","protected":false},"excerpt":{"rendered":"<p>? \u2020\u00a0Mv., 1667. jan. 17: a fejedelemi j\u00f6vedelmek prefektusa. \u2013 Apaffi Mih\u00e1ly fejedelem f\u0151s\u00e1f\u00e1ra. Arr\u00f3l tud\u00f3s\u00edtotta Marosv\u00e1s\u00e1rhelyi Gy\u00f6rgy fisk\u00e1lis exactort, hogy Mv.-en nem tudott sz\u00e1m\u00e1ra sz\u00e1ll\u00e1st szerezni tekintettel a jan 5. kezd\u0151d\u0151 ogy.-re (1666). Az ogy. alatt hunyt el a v\u00e1rtemplomba temett\u00e9k. \u2013 Irod.: Adorj\u00e1n; Id\u0151t\u00e1r 1; Marossz\u00e9ki kr\u00f3nik\u00e1k 1.; Teleki Mih\u00e1ly levelez\u00e9se 2. (Bp., [&hellip;]<\/p>\n","protected":false},"featured_media":0,"comment_status":"open","ping_status":"closed","template":"","meta":[],"product_brand":[],"product_cat":[137],"product_tag":[],"class_list":{"0":"post-23741","1":"product","2":"type-product","3":"status-publish","5":"product_cat-maros-megyei-eletrajzi-lexikon","7":"first","8":"instock","9":"shipping-taxable","10":"product-type-simple"},"_links":{"self":[{"href":"https:\/\/uj.adatbank.ro\/lexikon\/wp-json\/wp\/v2\/product\/23741","targetHints":{"allow":["GET"]}}],"collection":[{"href":"https:\/\/uj.adatbank.ro\/lexikon\/wp-json\/wp\/v2\/product"}],"about":[{"href":"https:\/\/uj.adatbank.ro\/lexikon\/wp-json\/wp\/v2\/types\/product"}],"replies":[{"embeddable":true,"href":"https:\/\/uj.adatbank.ro\/lexikon\/wp-json\/wp\/v2\/comments?post=23741"}],"wp:attachment":[{"href":"https:\/\/uj.adatbank.ro\/lexikon\/wp-json\/wp\/v2\/media?parent=23741"}],"wp:term":[{"taxonomy":"product_brand","embeddable":true,"href":"https:\/\/uj.adatbank.ro\/lexikon\/wp-json\/wp\/v2\/product_brand?post=23741"},{"taxonomy":"product_cat","embeddable":true,"href":"https:\/\/uj.adatbank.ro\/lexikon\/wp-json\/wp\/v2\/product_cat?post=23741"},{"taxonomy":"product_tag","embeddable":true,"href":"https:\/\/uj.adatbank.ro\/lexikon\/wp-json\/wp\/v2\/product_tag?post=23741"}],"curies":[{"name":"wp","href":"https:\/\/api.w.org\/{rel}","templated":true}]}}

UDVARHELYI György

<p>? † Mv., 1667. jan. 17: a fejedelemi jövedelmek prefektusa. – Apaffi Mihály fejedelem fősáfára. Arról tudósította Marosvásárhelyi György fiskális exactort, hogy Mv.-en nem tudott számára szállást szerezni tekintettel a jan 5. kezdődő ogy.-re (1666). Az ogy. alatt hunyt el a vártemplomba temették. <br /><strong>– Irod.:</strong> Adorján; Időtár 1; Marosszéki krónikák 1.; Teleki Mihály levelezése 2. (Bp., 1906–16).</br></p>

<p>? † Mv., 1667. jan. 17: a fejedelemi jövedelmek prefektusa. – Apaffi Mihály fejedelem fősáfára. Arról tudósította Marosvásárhelyi György fiskális exactort, hogy Mv.-en nem tudott számára szállást szerezni tekintettel a jan 5. kezdődő ogy.-re (1666). Az ogy. alatt hunyt el a vártemplomba temették. – Irod.: Adorján; Időtár 1; Marosszéki krónikák 1.; Teleki Mihály levelezése 2. (Bp., [&hellip;]</p>
