{"id":23747,"date":"2025-08-01T17:39:57","date_gmt":"2025-08-01T15:39:57","guid":{"rendered":"https:\/\/uj.adatbank.ro\/lexikon\/termek\/udvarhelyi-mihaly-%c2%a7\/"},"modified":"2025-08-01T17:39:57","modified_gmt":"2025-08-01T15:39:57","slug":"udvarhelyi-mihaly-%c2%a7","status":"publish","type":"product","link":"https:\/\/uj.adatbank.ro\/lexikon\/termek\/udvarhelyi-mihaly-%c2%a7\/","title":{"rendered":"UDVARHELYI Mih\u00e1ly, \u00a7"},"content":{"rendered":"<p>Mv., 1930., \u2020\u00a0Mv., 1990. j\u00fan. 6.: pedag\u00f3gia-l\u00e9lektan szakos tan\u00e1r, tanfel\u00fcgyel\u0151, iskolaigazgat\u00f3. \u2013 Mv.-en eg\u00e9szs\u00e9g\u00fcgyi k\u00f6z\u00e9piskol\u00e1t v\u00e9gzett (1952), majd a kv.-i BTE-en szerzett diplom\u00e1t. Mv.-en az 5. sz. nyolcoszt\u00e1lyos iskola igazgat\u00f3ja (1959\u201360), majd v\u00e1rosi tanfel\u00fcgyel\u0151 (1960\u201362); a Bolyai Farkas L\u00edc.-ban tan\u00edtott (1962\u2013); iskolapszichol\u00f3gus (1971\u2013); a l\u00edceum igazgat\u00f3ja (1974\u201378); a t\u00e1rsadalomtudom\u00e1nyokhoz tartoz\u00f3 tant\u00e1rgyakat tan\u00edtotta (1978\u2013); \u00f6nk\u00e9ntesen a Szentgy\u00f6rgy utcai 2. sz. Belgy\u00f3gy\u00e1szati Klinik\u00e1n a sz\u00edv- \u00e9s \u00e9rbetegek rehabilit\u00e1ci\u00f3s oszt\u00e1ly\u00e1n pszichodiagnosztik\u00e1val \u00e9s pszichoter\u00e1pi\u00e1val foglalkozott. \u00c9lenj\u00e1r\u00f3 tan\u00e1r c\u00edmmel t\u00fcntett\u00e9k ki (1967). Dolgozatai jelentek meg a Revista de Pedagogie-ban.  <strong> szerk.:<\/strong> Nagy Erzs\u00e9bet, P\u00e9ter Anna: \u00d3v\u00f3n\u0151k k\u00e9zik\u00f6nyve: Az \u00f3vodai oktat\u00f3-nevel\u0151 tev\u00e9kenys\u00e9g gyakorlati \u00fatmutat\u00f3ja (bevez.; Buk., 1981). <br \/><strong>\u2013 Irod.:<\/strong> Gy\u00e1rf\u00e1s L. Mikl\u00f3s: U. M. (V. Z., 1981. m\u00e1rc. 22.); Gy\u00e1rf\u00e1s 2013; Kozma; [Nekrol\u00f3g] (N\u00fa., 1990. j\u00fan. 7.).<\/br><\/p>\n","protected":false},"excerpt":{"rendered":"<p>Mv., 1930., \u2020\u00a0Mv., 1990. j\u00fan. 6.: pedag\u00f3gia-l\u00e9lektan szakos tan\u00e1r, tanfel\u00fcgyel\u0151, iskolaigazgat\u00f3. \u2013 Mv.-en eg\u00e9szs\u00e9g\u00fcgyi k\u00f6z\u00e9piskol\u00e1t v\u00e9gzett (1952), majd a kv.-i BTE-en szerzett diplom\u00e1t. Mv.-en az 5. sz. nyolcoszt\u00e1lyos iskola igazgat\u00f3ja (1959\u201360), majd v\u00e1rosi tanfel\u00fcgyel\u0151 (1960\u201362); a Bolyai Farkas L\u00edc.-ban tan\u00edtott (1962\u2013); iskolapszichol\u00f3gus (1971\u2013); a l\u00edceum igazgat\u00f3ja (1974\u201378); a t\u00e1rsadalomtudom\u00e1nyokhoz tartoz\u00f3 tant\u00e1rgyakat tan\u00edtotta (1978\u2013); \u00f6nk\u00e9ntesen a [&hellip;]<\/p>\n","protected":false},"featured_media":0,"comment_status":"open","ping_status":"closed","template":"","meta":[],"product_brand":[],"product_cat":[137],"product_tag":[],"class_list":{"0":"post-23747","1":"product","2":"type-product","3":"status-publish","5":"product_cat-maros-megyei-eletrajzi-lexikon","7":"first","8":"instock","9":"shipping-taxable","10":"product-type-simple"},"_links":{"self":[{"href":"https:\/\/uj.adatbank.ro\/lexikon\/wp-json\/wp\/v2\/product\/23747","targetHints":{"allow":["GET"]}}],"collection":[{"href":"https:\/\/uj.adatbank.ro\/lexikon\/wp-json\/wp\/v2\/product"}],"about":[{"href":"https:\/\/uj.adatbank.ro\/lexikon\/wp-json\/wp\/v2\/types\/product"}],"replies":[{"embeddable":true,"href":"https:\/\/uj.adatbank.ro\/lexikon\/wp-json\/wp\/v2\/comments?post=23747"}],"wp:attachment":[{"href":"https:\/\/uj.adatbank.ro\/lexikon\/wp-json\/wp\/v2\/media?parent=23747"}],"wp:term":[{"taxonomy":"product_brand","embeddable":true,"href":"https:\/\/uj.adatbank.ro\/lexikon\/wp-json\/wp\/v2\/product_brand?post=23747"},{"taxonomy":"product_cat","embeddable":true,"href":"https:\/\/uj.adatbank.ro\/lexikon\/wp-json\/wp\/v2\/product_cat?post=23747"},{"taxonomy":"product_tag","embeddable":true,"href":"https:\/\/uj.adatbank.ro\/lexikon\/wp-json\/wp\/v2\/product_tag?post=23747"}],"curies":[{"name":"wp","href":"https:\/\/api.w.org\/{rel}","templated":true}]}}

UDVARHELYI Mihály, §

<p>Mv., 1930., † Mv., 1990. jún. 6.: pedagógia-lélektan szakos tanár, tanfelügyelő, iskolaigazgató. – Mv.-en egészségügyi középiskolát végzett (1952), majd a kv.-i BTE-en szerzett diplomát. Mv.-en az 5. sz. nyolcosztályos iskola igazgatója (1959–60), majd városi tanfelügyelő (1960–62); a Bolyai Farkas Líc.-ban tanított (1962–); iskolapszichológus (1971–); a líceum igazgatója (1974–78); a társadalomtudományokhoz tartozó tantárgyakat tanította (1978–); önkéntesen a Szentgyörgy utcai 2. sz. Belgyógyászati Klinikán a szív- és érbetegek rehabilitációs osztályán pszichodiagnosztikával és pszichoterápiával foglalkozott. Élenjáró tanár címmel tüntették ki (1967). Dolgozatai jelentek meg a Revista de Pedagogie-ban.  <strong> szerk.:</strong> Nagy Erzsébet, Péter Anna: Óvónők kézikönyve: Az óvodai oktató-nevelő tevékenység gyakorlati útmutatója (bevez.; Buk., 1981). <br /><strong>– Irod.:</strong> Gyárfás L. Miklós: U. M. (V. Z., 1981. márc. 22.); Gyárfás 2013; Kozma; [Nekrológ] (Nú., 1990. jún. 7.).</br></p>

<p>Mv., 1930., † Mv., 1990. jún. 6.: pedagógia-lélektan szakos tanár, tanfelügyelő, iskolaigazgató. – Mv.-en egészségügyi középiskolát végzett (1952), majd a kv.-i BTE-en szerzett diplomát. Mv.-en az 5. sz. nyolcosztályos iskola igazgatója (1959–60), majd városi tanfelügyelő (1960–62); a Bolyai Farkas Líc.-ban tanított (1962–); iskolapszichológus (1971–); a líceum igazgatója (1974–78); a társadalomtudományokhoz tartozó tantárgyakat tanította (1978–); önkéntesen a [&hellip;]</p>
