{"id":23748,"date":"2025-08-01T17:39:59","date_gmt":"2025-08-01T15:39:59","guid":{"rendered":"https:\/\/uj.adatbank.ro\/lexikon\/termek\/udvarhelyi-mozes\/"},"modified":"2025-08-01T17:39:59","modified_gmt":"2025-08-01T15:39:59","slug":"udvarhelyi-mozes","status":"publish","type":"product","link":"https:\/\/uj.adatbank.ro\/lexikon\/termek\/udvarhelyi-mozes\/","title":{"rendered":"UDVARHELYI M\u00f3zes"},"content":{"rendered":"<p>? \u2020\u00a0?: ref. lelk\u00e9sz. \u2013 Sz\u00e9kelyudvarhelyen subscrib\u00e1lt (1778). Az \u00f3tordai zsinaton ordin\u00e1lt\u00e1k Maross\u00e1rpatakra (1791?). Tancson (1792\u201396) volt lelk\u00e9sz. M\u00e1s egyh\u00e1zmegy\u00e9be ment. <br \/><strong>\u2013 Irod.:<\/strong> \u0150s.<\/br><\/p>\n","protected":false},"excerpt":{"rendered":"<p>? \u2020\u00a0?: ref. lelk\u00e9sz. \u2013 Sz\u00e9kelyudvarhelyen subscrib\u00e1lt (1778). Az \u00f3tordai zsinaton ordin\u00e1lt\u00e1k Maross\u00e1rpatakra (1791?). Tancson (1792\u201396) volt lelk\u00e9sz. M\u00e1s egyh\u00e1zmegy\u00e9be ment. \u2013 Irod.: \u0150s.<\/p>\n","protected":false},"featured_media":0,"comment_status":"open","ping_status":"closed","template":"","meta":[],"product_brand":[],"product_cat":[137],"product_tag":[],"class_list":{"0":"post-23748","1":"product","2":"type-product","3":"status-publish","5":"product_cat-maros-megyei-eletrajzi-lexikon","7":"first","8":"instock","9":"shipping-taxable","10":"product-type-simple"},"_links":{"self":[{"href":"https:\/\/uj.adatbank.ro\/lexikon\/wp-json\/wp\/v2\/product\/23748","targetHints":{"allow":["GET"]}}],"collection":[{"href":"https:\/\/uj.adatbank.ro\/lexikon\/wp-json\/wp\/v2\/product"}],"about":[{"href":"https:\/\/uj.adatbank.ro\/lexikon\/wp-json\/wp\/v2\/types\/product"}],"replies":[{"embeddable":true,"href":"https:\/\/uj.adatbank.ro\/lexikon\/wp-json\/wp\/v2\/comments?post=23748"}],"wp:attachment":[{"href":"https:\/\/uj.adatbank.ro\/lexikon\/wp-json\/wp\/v2\/media?parent=23748"}],"wp:term":[{"taxonomy":"product_brand","embeddable":true,"href":"https:\/\/uj.adatbank.ro\/lexikon\/wp-json\/wp\/v2\/product_brand?post=23748"},{"taxonomy":"product_cat","embeddable":true,"href":"https:\/\/uj.adatbank.ro\/lexikon\/wp-json\/wp\/v2\/product_cat?post=23748"},{"taxonomy":"product_tag","embeddable":true,"href":"https:\/\/uj.adatbank.ro\/lexikon\/wp-json\/wp\/v2\/product_tag?post=23748"}],"curies":[{"name":"wp","href":"https:\/\/api.w.org\/{rel}","templated":true}]}}