{"id":23753,"date":"2025-08-01T17:40:11","date_gmt":"2025-08-01T15:40:11","guid":{"rendered":"https:\/\/uj.adatbank.ro\/lexikon\/termek\/ugrai-gyula\/"},"modified":"2025-08-01T17:40:11","modified_gmt":"2025-08-01T15:40:11","slug":"ugrai-gyula","status":"publish","type":"product","link":"https:\/\/uj.adatbank.ro\/lexikon\/termek\/ugrai-gyula\/","title":{"rendered":"UGRAI Gyula"},"content":{"rendered":"<p>1840? \u2020\u00a0Mv., 1901. nov. 25.: ref. lelk\u00e9sz, tan\u00edt\u00f3. \u2013 Apja U. D\u00e1niel. Testv\u00e9rei: U. Anna Csisz\u00e9r Albertn\u00e9; Katalin Szil\u00e1gyi Domokosn\u00e9; D\u00e1niel, feles\u00e9ge Mih\u00e1ly Ida. Feles\u00e9ge: Jancs\u00f3 Lilla J\u00falia. Gyermekeik: G\u00e1bor, feles\u00e9ge: Ziegler Kl\u00e1ra; Gyula (1874? \u2013 Mv., 1888. j\u00fal. 3.); Ilona (1876? \u2013 Mv., 1882. okt. 7.); Zolt\u00e1n, Katalin, Erzsi; \u00d6d\u00f6n (1 \u00e9vesen \u20201888. j\u00fal. 21.), \u2013 Mv.-i seg\u00e9dlelk\u00e9sz, \u0151t nevezt\u00e9k ki Tolnai Lajos lemond\u00e1sa ut\u00e1n (1884. szept.). \u2013  <strong>F. m..:<\/strong>  <strong>t\u00e1rssz.:<\/strong> Vass Tam\u00e1s mv.-i lelk\u00e9sz eml\u00e9kezete (Mv., 1899). <br \/><strong>\u2013 Irod.:<\/strong> F\u00fcl\u00f6p\u2013Ferencz; Gy\u00e1szjelent\u0151; Marosi-KZST.<\/br><\/p>\n","protected":false},"excerpt":{"rendered":"<p>1840? \u2020\u00a0Mv., 1901. nov. 25.: ref. lelk\u00e9sz, tan\u00edt\u00f3. \u2013 Apja U. D\u00e1niel. Testv\u00e9rei: U. Anna Csisz\u00e9r Albertn\u00e9; Katalin Szil\u00e1gyi Domokosn\u00e9; D\u00e1niel, feles\u00e9ge Mih\u00e1ly Ida. Feles\u00e9ge: Jancs\u00f3 Lilla J\u00falia. Gyermekeik: G\u00e1bor, feles\u00e9ge: Ziegler Kl\u00e1ra; Gyula (1874? \u2013 Mv., 1888. j\u00fal. 3.); Ilona (1876? \u2013 Mv., 1882. okt. 7.); Zolt\u00e1n, Katalin, Erzsi; \u00d6d\u00f6n (1 \u00e9vesen \u20201888. j\u00fal. [&hellip;]<\/p>\n","protected":false},"featured_media":0,"comment_status":"open","ping_status":"closed","template":"","meta":[],"product_brand":[],"product_cat":[137],"product_tag":[],"class_list":{"0":"post-23753","1":"product","2":"type-product","3":"status-publish","5":"product_cat-maros-megyei-eletrajzi-lexikon","7":"first","8":"instock","9":"shipping-taxable","10":"product-type-simple"},"_links":{"self":[{"href":"https:\/\/uj.adatbank.ro\/lexikon\/wp-json\/wp\/v2\/product\/23753","targetHints":{"allow":["GET"]}}],"collection":[{"href":"https:\/\/uj.adatbank.ro\/lexikon\/wp-json\/wp\/v2\/product"}],"about":[{"href":"https:\/\/uj.adatbank.ro\/lexikon\/wp-json\/wp\/v2\/types\/product"}],"replies":[{"embeddable":true,"href":"https:\/\/uj.adatbank.ro\/lexikon\/wp-json\/wp\/v2\/comments?post=23753"}],"wp:attachment":[{"href":"https:\/\/uj.adatbank.ro\/lexikon\/wp-json\/wp\/v2\/media?parent=23753"}],"wp:term":[{"taxonomy":"product_brand","embeddable":true,"href":"https:\/\/uj.adatbank.ro\/lexikon\/wp-json\/wp\/v2\/product_brand?post=23753"},{"taxonomy":"product_cat","embeddable":true,"href":"https:\/\/uj.adatbank.ro\/lexikon\/wp-json\/wp\/v2\/product_cat?post=23753"},{"taxonomy":"product_tag","embeddable":true,"href":"https:\/\/uj.adatbank.ro\/lexikon\/wp-json\/wp\/v2\/product_tag?post=23753"}],"curies":[{"name":"wp","href":"https:\/\/api.w.org\/{rel}","templated":true}]}}

<p>1840? † Mv., 1901. nov. 25.: ref. lelkész, tanító. – Apja U. Dániel. Testvérei: U. Anna Csiszér Albertné; Katalin Szilágyi Domokosné; Dániel, felesége Mihály Ida. Felesége: Jancsó Lilla Júlia. Gyermekeik: Gábor, felesége: Ziegler Klára; Gyula (1874? – Mv., 1888. júl. 3.); Ilona (1876? – Mv., 1882. okt. 7.); Zoltán, Katalin, Erzsi; Ödön (1 évesen †1888. júl. 21.), – Mv.-i segédlelkész, őt nevezték ki Tolnai Lajos lemondása után (1884. szept.). –  <strong>F. m..:</strong>  <strong>társsz.:</strong> Vass Tamás mv.-i lelkész emlékezete (Mv., 1899). <br /><strong>– Irod.:</strong> Fülöp–Ferencz; Gyászjelentő; Marosi-KZST.</br></p>

<p>1840? † Mv., 1901. nov. 25.: ref. lelkész, tanító. – Apja U. Dániel. Testvérei: U. Anna Csiszér Albertné; Katalin Szilágyi Domokosné; Dániel, felesége Mihály Ida. Felesége: Jancsó Lilla Júlia. Gyermekeik: Gábor, felesége: Ziegler Klára; Gyula (1874? – Mv., 1888. júl. 3.); Ilona (1876? – Mv., 1882. okt. 7.); Zoltán, Katalin, Erzsi; Ödön (1 évesen †1888. júl. [&hellip;]</p>
