{"id":23758,"date":"2025-08-01T17:40:27","date_gmt":"2025-08-01T15:40:27","guid":{"rendered":"https:\/\/uj.adatbank.ro\/lexikon\/termek\/ugray-gyorgy\/"},"modified":"2025-08-01T17:40:27","modified_gmt":"2025-08-01T15:40:27","slug":"ugray-gyorgy","status":"publish","type":"product","link":"https:\/\/uj.adatbank.ro\/lexikon\/termek\/ugray-gyorgy\/","title":{"rendered":"UGRAY Gy\u00f6rgy"},"content":{"rendered":"<p>Dics\u0151szentm\u00e1rton, 1908. febr. 16., \u2020 Bp., 1971. nov. 11.: szobr\u00e1sz. \u2013 Bp.-re k\u00f6lt\u00f6z\u00f6tt (1926), Ganz Gy\u00e1rban asztalos volt, majd elv\u00e9gezte a bp.-i Iparm\u0171v. Iskol\u00e1t, d\u00edsz\u00edt\u0151szobr\u00e1sz szak, mesterei: M\u00e1trai Lajos, Simay Imre, Rem\u00e9nyi J\u00f3zsef (1930\u2013), \u00e9s a K\u00e9pz\u0151m\u0171v\u00e9szeti F\u0151iskol\u00e1t, uo. \u00e9s Bory Jen\u0151 mellett tan\u00e1rseg\u00e9d (1935\u201340). T\u00f6bb p\u00e1ly\u00e1zatot, s\u0151t a r\u00f3mai \u00f6szt\u00f6nd\u00edjat is elnyerte, a r\u00f3mai Collegium Hungaricum-ban dolgozott, majd Torresin\u00e1ban alkotott (Fl\u00f3ra, Primavera, Anyas\u00e1g, Szt. Istv\u00e1n) (1940\u201342). Olaszo.-ban t\u00f6bb sikeres ki\u00e1ll\u00edt\u00e1son mutatkozott be, t\u00f6bb szobr\u00e1t megv\u00e1s\u00e1rolt\u00e1k. Bolyai Farkas mellszobra a r\u00f3mai egyetemre, Frakn\u00f3i Vilmos domborm\u0171ve a r\u00f3mai Collegium Hungaricumba ker\u00fclt. Visszat\u00e9rt Mo.-ra (1943), de p\u00e1ly\u00e1ja kibontakoz\u00e1s\u00e1t a vil\u00e1gh\u00e1bor\u00fa \u00e9s a hadifogs\u00e1g megakad\u00e1lyozta. A bp.-i F\u00e9m\u00e1ru \u00e9s Szersz\u00e1mgy\u00e1rban mintaasztalos (1945 ut\u00e1n), k\u00e9s\u0151bb megb\u00edz\u00e1s alapj\u00e1n domborm\u0171veket (pl. Czab\u00e1n Samu, 1959) \u00e9s plaketteket k\u00e9sz\u00edtett. A K\u00e9pz\u0151m\u0171v. Alap Kivitelez\u0151 V\u00e1llalatn\u00e1l szobrok kivitelez\u00e9s\u00e9t v\u00e9gezte. D\u00f3zsa fa domborm\u0171v\u00e9t a bp.-i M\u0171csarnokban (1968) \u00e1ll\u00edtott\u00e1k ki. F\u00e1ba faragott egy \u00f6tm\u00e9teres, az 1919-es forradalmat \u00e1br\u00e1zol\u00f3 domborm\u0171v\u00e9t is. M\u0171v\u00e9szet\u00e9nek k\u00f6z\u00e9ppontj\u00e1ban az emberi alak \u00e1llt: klasszikus ihlet\u00e9s\u0171, realista szeml\u00e9let\u0171 szobr\u00e1szat\u00e1nak legfontosabb m\u0171vei a t\u00f6rt\u00e9neti tematik\u00e1t feldolgoz\u00f3 domborm\u0171vek.  <strong>F. ki\u00e1ll.:<\/strong>  <strong>egy\u00e9ni:<\/strong> R\u00f3ma (1942); Pince Gal\u00e9ria, Bp.-\u00d3buda (1979); H\u00e1zim\u00fazeuma \u00d3bud\u00e1n (1994\u2013); <strong>k\u00f6zt\u00e9ri m\u0171vei:<\/strong> Szinyei Merse P\u00e1l (m\u00e1rv\u00e1ny mellszobor, 1938, Bp., Magyar K\u00e9pz\u0151m\u0171v\u00e9szeti F\u0151iskola); \u00d6rschl\u00e4ger csal\u00e1d s\u00edreml\u00e9ke (1939, Kassa); Bolyai Farkas (k\u0151 portr\u00e9, 1942, R\u00f3ma); Fl\u00f3ra (carrarai m\u00e1rv\u00e1ny, 1942, Torresina); Czab\u00e1n Samu (k\u0151 domborm\u0171, 1959, Bp., III. ker., V\u00f6r\u00f6sv\u00e1ri \u00fat); Gy\u00f3gy\u00edt\u00e1s (k\u0151 domborm\u0171, 1966, Szeged, Odessza lak\u00f3telep, Gy\u00f3gyszert\u00e1r); T\u00f3th Ede (k\u0151 mellszobor, 1972, S\u00e1rospatak, Iskolakert); N\u0151 lanttal (k\u0151szobor, 1974, Bp., XXII. ker.); Els\u0151 anyas\u00e1g (1982, Bp., Szent Margit k\u00f3rh\u00e1z); K\u0151r\u00f6si Csoma S\u00e1ndor (patin\u00e1zott gipszszobor, 1986, Bp., K\u0151r\u00f6si Csoma S. Gimn\u00e1zium). <br \/><strong>\u2013 Irod.:<\/strong> artportal; Czirj\u00e1k; K\u00fclf\u00f6ldi m. int\u00e9zetek m\u0171k\u00f6d\u00e9se \u00e9s a magas m\u0171velts\u00e9g c\u00e9lj\u00e1t szolg\u00e1l\u00f3 \u00f6szt\u00f6nd\u00edjak az 1940\u201341 tan\u00e9vben (Bp, 1942); Moln\u00e1r; \u00daM\u00c9L.<\/br><\/p>\n","protected":false},"excerpt":{"rendered":"<p>Dics\u0151szentm\u00e1rton, 1908. febr. 16., \u2020 Bp., 1971. nov. 11.: szobr\u00e1sz. \u2013 Bp.-re k\u00f6lt\u00f6z\u00f6tt (1926), Ganz Gy\u00e1rban asztalos volt, majd elv\u00e9gezte a bp.-i Iparm\u0171v. Iskol\u00e1t, d\u00edsz\u00edt\u0151szobr\u00e1sz szak, mesterei: M\u00e1trai Lajos, Simay Imre, Rem\u00e9nyi J\u00f3zsef (1930\u2013), \u00e9s a K\u00e9pz\u0151m\u0171v\u00e9szeti F\u0151iskol\u00e1t, uo. \u00e9s Bory Jen\u0151 mellett tan\u00e1rseg\u00e9d (1935\u201340). T\u00f6bb p\u00e1ly\u00e1zatot, s\u0151t a r\u00f3mai \u00f6szt\u00f6nd\u00edjat is elnyerte, a r\u00f3mai [&hellip;]<\/p>\n","protected":false},"featured_media":0,"comment_status":"open","ping_status":"closed","template":"","meta":[],"product_brand":[],"product_cat":[137],"product_tag":[],"class_list":{"0":"post-23758","1":"product","2":"type-product","3":"status-publish","5":"product_cat-maros-megyei-eletrajzi-lexikon","7":"first","8":"instock","9":"shipping-taxable","10":"product-type-simple"},"_links":{"self":[{"href":"https:\/\/uj.adatbank.ro\/lexikon\/wp-json\/wp\/v2\/product\/23758","targetHints":{"allow":["GET"]}}],"collection":[{"href":"https:\/\/uj.adatbank.ro\/lexikon\/wp-json\/wp\/v2\/product"}],"about":[{"href":"https:\/\/uj.adatbank.ro\/lexikon\/wp-json\/wp\/v2\/types\/product"}],"replies":[{"embeddable":true,"href":"https:\/\/uj.adatbank.ro\/lexikon\/wp-json\/wp\/v2\/comments?post=23758"}],"wp:attachment":[{"href":"https:\/\/uj.adatbank.ro\/lexikon\/wp-json\/wp\/v2\/media?parent=23758"}],"wp:term":[{"taxonomy":"product_brand","embeddable":true,"href":"https:\/\/uj.adatbank.ro\/lexikon\/wp-json\/wp\/v2\/product_brand?post=23758"},{"taxonomy":"product_cat","embeddable":true,"href":"https:\/\/uj.adatbank.ro\/lexikon\/wp-json\/wp\/v2\/product_cat?post=23758"},{"taxonomy":"product_tag","embeddable":true,"href":"https:\/\/uj.adatbank.ro\/lexikon\/wp-json\/wp\/v2\/product_tag?post=23758"}],"curies":[{"name":"wp","href":"https:\/\/api.w.org\/{rel}","templated":true}]}}

UGRAY György

<p>Dicsőszentmárton, 1908. febr. 16., † Bp., 1971. nov. 11.: szobrász. – Bp.-re költözött (1926), Ganz Gyárban asztalos volt, majd elvégezte a bp.-i Iparműv. Iskolát, díszítőszobrász szak, mesterei: Mátrai Lajos, Simay Imre, Reményi József (1930–), és a Képzőművészeti Főiskolát, uo. és Bory Jenő mellett tanársegéd (1935–40). Több pályázatot, sőt a római ösztöndíjat is elnyerte, a római Collegium Hungaricum-ban dolgozott, majd Torresinában alkotott (Flóra, Primavera, Anyaság, Szt. István) (1940–42). Olaszo.-ban több sikeres kiállításon mutatkozott be, több szobrát megvásárolták. Bolyai Farkas mellszobra a római egyetemre, Fraknói Vilmos domborműve a római Collegium Hungaricumba került. Visszatért Mo.-ra (1943), de pályája kibontakozását a világháború és a hadifogság megakadályozta. A bp.-i Fémáru és Szerszámgyárban mintaasztalos (1945 után), később megbízás alapján domborműveket (pl. Czabán Samu, 1959) és plaketteket készített. A Képzőműv. Alap Kivitelező Vállalatnál szobrok kivitelezését végezte. Dózsa fa domborművét a bp.-i Műcsarnokban (1968) állították ki. Fába faragott egy ötméteres, az 1919-es forradalmat ábrázoló domborművét is. Művészetének középpontjában az emberi alak állt: klasszikus ihletésű, realista szemléletű szobrászatának legfontosabb művei a történeti tematikát feldolgozó domborművek.  <strong>F. kiáll.:</strong>  <strong>egyéni:</strong> Róma (1942); Pince Galéria, Bp.-Óbuda (1979); Házimúzeuma Óbudán (1994–); <strong>köztéri művei:</strong> Szinyei Merse Pál (márvány mellszobor, 1938, Bp., Magyar Képzőművészeti Főiskola); Örschläger család síremléke (1939, Kassa); Bolyai Farkas (kő portré, 1942, Róma); Flóra (carrarai márvány, 1942, Torresina); Czabán Samu (kő dombormű, 1959, Bp., III. ker., Vörösvári út); Gyógyítás (kő dombormű, 1966, Szeged, Odessza lakótelep, Gyógyszertár); Tóth Ede (kő mellszobor, 1972, Sárospatak, Iskolakert); Nő lanttal (kőszobor, 1974, Bp., XXII. ker.); Első anyaság (1982, Bp., Szent Margit kórház); Kőrösi Csoma Sándor (patinázott gipszszobor, 1986, Bp., Kőrösi Csoma S. Gimnázium). <br /><strong>– Irod.:</strong> artportal; Czirják; Külföldi m. intézetek működése és a magas műveltség célját szolgáló ösztöndíjak az 1940–41 tanévben (Bp, 1942); Molnár; ÚMÉL.</br></p>

<p>Dicsőszentmárton, 1908. febr. 16., † Bp., 1971. nov. 11.: szobrász. – Bp.-re költözött (1926), Ganz Gyárban asztalos volt, majd elvégezte a bp.-i Iparműv. Iskolát, díszítőszobrász szak, mesterei: Mátrai Lajos, Simay Imre, Reményi József (1930–), és a Képzőművészeti Főiskolát, uo. és Bory Jenő mellett tanársegéd (1935–40). Több pályázatot, sőt a római ösztöndíjat is elnyerte, a római [&hellip;]</p>
