{"id":23759,"date":"2025-08-01T17:40:29","date_gmt":"2025-08-01T15:40:29","guid":{"rendered":"https:\/\/uj.adatbank.ro\/lexikon\/termek\/ugray-gyula\/"},"modified":"2025-08-01T17:40:29","modified_gmt":"2025-08-01T15:40:29","slug":"ugray-gyula","status":"publish","type":"product","link":"https:\/\/uj.adatbank.ro\/lexikon\/termek\/ugray-gyula\/","title":{"rendered":"UGRAY Gyula"},"content":{"rendered":"<p>Dics\u0151szentm\u00e1rton, 1900. szept. 6. \u2020 \u00c9rd, 1960. m\u00e1j. 26.: husz\u00e1ralezredes, f\u00f6ldbirtokos. \u2013 A Ludovika Akad. elv\u00e9gz\u00e9se ut\u00e1n hadnagyk\u00e9nt Keszthelyre a 3. vegyesdand\u00e1r husz\u00e1rsz\u00e1zadhoz helyezt\u00e9k (1922. aug. 20. \u2013). Onnan Toln\u00e1ra a 3\/II. husz\u00e1roszt\u00e1lyba ker\u00fclt (1924. m\u00e1j. 1.\u2013). F\u0151hadnaggy\u00e1 l\u00e9ptett\u00e9k el\u0151 (1925), majd a 2. husz\u00e1rezred beosztott tisztje volt (1929. m\u00e1j. 1.- 33. aug. 1), a mez\u0151kov\u00e1csh\u00e1zi testnevel\u00e9si \u00e9s n\u00e9pgondoz\u00f3i kirendelts\u00e9g l\u00f3teny\u00e9szt\u00e9si el\u0151ad\u00f3jak\u00e9nt tev\u00e9kenykedett. Onnan P\u00e9csre ker\u00fclt a IV. \u00f6n\u00e1ll\u00f3 husz\u00e1rsz\u00e1zad, majd a 10. felder\u00edt\u0151 oszt\u00e1ly \u00e1llom\u00e1ny\u00e1ba. A II. vh. -ban a 10. k\u00f6nny\u0171 hadoszt\u00e1ly parancsnoks\u00e1g\u00e1ra beosztva a 2. hadsereg Don menti frontj\u00e1n teljes\u00edtett szolg\u00e1latot. Hazaker\u00fcl\u00e9se ut\u00e1n t\u00f6rzstiszti tanfolyamot v\u00e9gzett, majd a IV. \u00f6n\u00e1ll\u00f3 husz\u00e1rsz\u00e1zad, illetve a 10. felder\u00edt\u0151 oszt\u00e1ly husz\u00e1rsz\u00e1zad\u00e1nak parancsnoki teend\u0151it l\u00e1tta el (1943. okt. 1.\u2013). El\u0151z\u0151leg \u0151rnaggy\u00e1 (1942. m\u00e1j.1.- ), majd alezredess\u00e9 l\u00e9ptett\u00e9k el\u0151 (1943. j\u00fal. 1.\u2013). \u00dajb\u00f3l kik\u00fcldt\u00e9k a frontra (1944. okt.6.\u2013), majd ezredseg\u00e9dtisztk\u00e9nt r\u00e9szt vett a mo.-i hadm\u0171veletekben. Bp.-en szovjet fogs\u00e1gba esett (1945. febr. 12.- 48. j\u00fal. 18.). T\u00e9nyleges szolg\u00e1lat\u00e1b\u00f3l elbocs\u00e1tott\u00e1k (1949. aug. 22.), katonai nyugd\u00edj\u00e1t is megvont\u00e1k (1950. szept. \u2013). Fizikai munk\u00e1sk\u00e9nt, majd m\u0171szaki rajzol\u00f3k\u00e9nt, v\u00e9g\u00fcl t\u00e9rk\u00e9p\u00e9szk\u00e9nt kereste kenyer\u00e9t. Tiszti rangjait megvont\u00e1k, lefokozt\u00e1k (1958. m\u00e1rc. 31.\u2013). <br \/><strong>\u2013 Irod.:<\/strong> Bene\u2013Szab\u00f3.<\/br><\/p>\n","protected":false},"excerpt":{"rendered":"<p>Dics\u0151szentm\u00e1rton, 1900. szept. 6. \u2020 \u00c9rd, 1960. m\u00e1j. 26.: husz\u00e1ralezredes, f\u00f6ldbirtokos. \u2013 A Ludovika Akad. elv\u00e9gz\u00e9se ut\u00e1n hadnagyk\u00e9nt Keszthelyre a 3. vegyesdand\u00e1r husz\u00e1rsz\u00e1zadhoz helyezt\u00e9k (1922. aug. 20. \u2013). Onnan Toln\u00e1ra a 3\/II. husz\u00e1roszt\u00e1lyba ker\u00fclt (1924. m\u00e1j. 1.\u2013). F\u0151hadnaggy\u00e1 l\u00e9ptett\u00e9k el\u0151 (1925), majd a 2. husz\u00e1rezred beosztott tisztje volt (1929. m\u00e1j. 1.- 33. aug. 1), a [&hellip;]<\/p>\n","protected":false},"featured_media":0,"comment_status":"open","ping_status":"closed","template":"","meta":[],"product_brand":[],"product_cat":[137],"product_tag":[],"class_list":{"0":"post-23759","1":"product","2":"type-product","3":"status-publish","5":"product_cat-maros-megyei-eletrajzi-lexikon","7":"first","8":"instock","9":"shipping-taxable","10":"product-type-simple"},"_links":{"self":[{"href":"https:\/\/uj.adatbank.ro\/lexikon\/wp-json\/wp\/v2\/product\/23759","targetHints":{"allow":["GET"]}}],"collection":[{"href":"https:\/\/uj.adatbank.ro\/lexikon\/wp-json\/wp\/v2\/product"}],"about":[{"href":"https:\/\/uj.adatbank.ro\/lexikon\/wp-json\/wp\/v2\/types\/product"}],"replies":[{"embeddable":true,"href":"https:\/\/uj.adatbank.ro\/lexikon\/wp-json\/wp\/v2\/comments?post=23759"}],"wp:attachment":[{"href":"https:\/\/uj.adatbank.ro\/lexikon\/wp-json\/wp\/v2\/media?parent=23759"}],"wp:term":[{"taxonomy":"product_brand","embeddable":true,"href":"https:\/\/uj.adatbank.ro\/lexikon\/wp-json\/wp\/v2\/product_brand?post=23759"},{"taxonomy":"product_cat","embeddable":true,"href":"https:\/\/uj.adatbank.ro\/lexikon\/wp-json\/wp\/v2\/product_cat?post=23759"},{"taxonomy":"product_tag","embeddable":true,"href":"https:\/\/uj.adatbank.ro\/lexikon\/wp-json\/wp\/v2\/product_tag?post=23759"}],"curies":[{"name":"wp","href":"https:\/\/api.w.org\/{rel}","templated":true}]}}

<p>Dicsőszentmárton, 1900. szept. 6. † Érd, 1960. máj. 26.: huszáralezredes, földbirtokos. – A Ludovika Akad. elvégzése után hadnagyként Keszthelyre a 3. vegyesdandár huszárszázadhoz helyezték (1922. aug. 20. –). Onnan Tolnára a 3/II. huszárosztályba került (1924. máj. 1.–). Főhadnaggyá léptették elő (1925), majd a 2. huszárezred beosztott tisztje volt (1929. máj. 1.- 33. aug. 1), a mezőkovácsházi testnevelési és népgondozói kirendeltség lótenyésztési előadójaként tevékenykedett. Onnan Pécsre került a IV. önálló huszárszázad, majd a 10. felderítő osztály állományába. A II. vh. -ban a 10. könnyű hadosztály parancsnokságára beosztva a 2. hadsereg Don menti frontján teljesített szolgálatot. Hazakerülése után törzstiszti tanfolyamot végzett, majd a IV. önálló huszárszázad, illetve a 10. felderítő osztály huszárszázadának parancsnoki teendőit látta el (1943. okt. 1.–). Előzőleg őrnaggyá (1942. máj.1.- ), majd alezredessé léptették elő (1943. júl. 1.–). Újból kiküldték a frontra (1944. okt.6.–), majd ezredsegédtisztként részt vett a mo.-i hadműveletekben. Bp.-en szovjet fogságba esett (1945. febr. 12.- 48. júl. 18.). Tényleges szolgálatából elbocsátották (1949. aug. 22.), katonai nyugdíját is megvonták (1950. szept. –). Fizikai munkásként, majd műszaki rajzolóként, végül térképészként kereste kenyerét. Tiszti rangjait megvonták, lefokozták (1958. márc. 31.–). <br /><strong>– Irod.:</strong> Bene–Szabó.</br></p>

<p>Dicsőszentmárton, 1900. szept. 6. † Érd, 1960. máj. 26.: huszáralezredes, földbirtokos. – A Ludovika Akad. elvégzése után hadnagyként Keszthelyre a 3. vegyesdandár huszárszázadhoz helyezték (1922. aug. 20. –). Onnan Tolnára a 3/II. huszárosztályba került (1924. máj. 1.–). Főhadnaggyá léptették elő (1925), majd a 2. huszárezred beosztott tisztje volt (1929. máj. 1.- 33. aug. 1), a [&hellip;]</p>
