{"id":23760,"date":"2025-08-01T17:40:30","date_gmt":"2025-08-01T15:40:30","guid":{"rendered":"https:\/\/uj.adatbank.ro\/lexikon\/termek\/ugron-abranfalvi-csalad\/"},"modified":"2025-08-01T17:40:30","modified_gmt":"2025-08-01T15:40:30","slug":"ugron-abranfalvi-csalad","status":"publish","type":"product","link":"https:\/\/uj.adatbank.ro\/lexikon\/termek\/ugron-abranfalvi-csalad\/","title":{"rendered":"UGRON, \u00e1br\u00e1nfalvi csal\u00e1d"},"content":{"rendered":"<p>\u0150sr\u00e9gi sz\u00e9kely primor-csal\u00e1d, mely \u00c1br\u00e1nfalv\u00e1t (Udvarhelym.) val\u00f3sz\u00edn\u0171leg a honfoglal\u00e1s idej\u00e9b\u0151l \u201eJure primae occupationis\u201d jog\u00e1n b\u00edrja. Az \u201e\u00e1br\u00e1nfalvi\u201d el\u0151n\u00e9v mellett a csal\u00e1d haszn\u00e1lta m\u00e9g a \u201ecs\u00edkszentdomokosi\u201d, \u201ecs\u00edkszentmih\u00e1lyi\u201d, \u201ek\u00e1ny\u00e1di\u201d, \u201esz\u00f6rcsei\u201d, \u201eb\u00f6g\u00f6zi\u201d, \u201ek\u00e1szoni\u201d, \u00e9s \u201emez\u0151z\u00e1hi\u201d el\u0151neveket is. A r\u00e9gi okm\u00e1nyokban a csal\u00e1d neve gyakran Ugron, Vgron, Wgronn \u00e9s Vrkon form\u00e1kban fordul el\u0151. Istv\u00e1n (a mez\u0151z\u00e1hi \u00e1g megalap\u00edt\u00f3ja) \u00e1g\u00e1n Istv\u00e1n (sz\u00fcl. 1862. szept. 27.) kamar\u00e1s, rk. k\u00f6vet \u00e9s meghatalmazott miniszter volt, a Johannita-rend lovagja s sz\u00e1mos kit\u00fcntet\u00e9s tulajdonosa. Kast\u00e9lyai, udvarh\u00e1zai voltak Mez\u0151z\u00e1hon, Maroskereszt\u00faron. <br \/><strong>\u2013 Irod.:<\/strong> Kempelen.<\/br><\/p>\n","protected":false},"excerpt":{"rendered":"<p>\u0150sr\u00e9gi sz\u00e9kely primor-csal\u00e1d, mely \u00c1br\u00e1nfalv\u00e1t (Udvarhelym.) val\u00f3sz\u00edn\u0171leg a honfoglal\u00e1s idej\u00e9b\u0151l \u201eJure primae occupationis\u201d jog\u00e1n b\u00edrja. Az \u201e\u00e1br\u00e1nfalvi\u201d el\u0151n\u00e9v mellett a csal\u00e1d haszn\u00e1lta m\u00e9g a \u201ecs\u00edkszentdomokosi\u201d, \u201ecs\u00edkszentmih\u00e1lyi\u201d, \u201ek\u00e1ny\u00e1di\u201d, \u201esz\u00f6rcsei\u201d, \u201eb\u00f6g\u00f6zi\u201d, \u201ek\u00e1szoni\u201d, \u00e9s \u201emez\u0151z\u00e1hi\u201d el\u0151neveket is. A r\u00e9gi okm\u00e1nyokban a csal\u00e1d neve gyakran Ugron, Vgron, Wgronn \u00e9s Vrkon form\u00e1kban fordul el\u0151. Istv\u00e1n (a mez\u0151z\u00e1hi \u00e1g megalap\u00edt\u00f3ja) \u00e1g\u00e1n [&hellip;]<\/p>\n","protected":false},"featured_media":0,"comment_status":"open","ping_status":"closed","template":"","meta":[],"product_brand":[],"product_cat":[137],"product_tag":[],"class_list":{"0":"post-23760","1":"product","2":"type-product","3":"status-publish","5":"product_cat-maros-megyei-eletrajzi-lexikon","7":"first","8":"instock","9":"shipping-taxable","10":"product-type-simple"},"_links":{"self":[{"href":"https:\/\/uj.adatbank.ro\/lexikon\/wp-json\/wp\/v2\/product\/23760","targetHints":{"allow":["GET"]}}],"collection":[{"href":"https:\/\/uj.adatbank.ro\/lexikon\/wp-json\/wp\/v2\/product"}],"about":[{"href":"https:\/\/uj.adatbank.ro\/lexikon\/wp-json\/wp\/v2\/types\/product"}],"replies":[{"embeddable":true,"href":"https:\/\/uj.adatbank.ro\/lexikon\/wp-json\/wp\/v2\/comments?post=23760"}],"wp:attachment":[{"href":"https:\/\/uj.adatbank.ro\/lexikon\/wp-json\/wp\/v2\/media?parent=23760"}],"wp:term":[{"taxonomy":"product_brand","embeddable":true,"href":"https:\/\/uj.adatbank.ro\/lexikon\/wp-json\/wp\/v2\/product_brand?post=23760"},{"taxonomy":"product_cat","embeddable":true,"href":"https:\/\/uj.adatbank.ro\/lexikon\/wp-json\/wp\/v2\/product_cat?post=23760"},{"taxonomy":"product_tag","embeddable":true,"href":"https:\/\/uj.adatbank.ro\/lexikon\/wp-json\/wp\/v2\/product_tag?post=23760"}],"curies":[{"name":"wp","href":"https:\/\/api.w.org\/{rel}","templated":true}]}}

UGRON, ábránfalvi család

<p>Ősrégi székely primor-család, mely Ábránfalvát (Udvarhelym.) valószínűleg a honfoglalás idejéből „Jure primae occupationis” jogán bírja. Az „ábránfalvi” előnév mellett a család használta még a „csíkszentdomokosi”, „csíkszentmihályi”, „kányádi”, „szörcsei”, „bögözi”, „kászoni”, és „mezőzáhi” előneveket is. A régi okmányokban a család neve gyakran Ugron, Vgron, Wgronn és Vrkon formákban fordul elő. István (a mezőzáhi ág megalapítója) ágán István (szül. 1862. szept. 27.) kamarás, rk. követ és meghatalmazott miniszter volt, a Johannita-rend lovagja s számos kitüntetés tulajdonosa. Kastélyai, udvarházai voltak Mezőzáhon, Maroskeresztúron. <br /><strong>– Irod.:</strong> Kempelen.</br></p>

<p>Ősrégi székely primor-család, mely Ábránfalvát (Udvarhelym.) valószínűleg a honfoglalás idejéből „Jure primae occupationis” jogán bírja. Az „ábránfalvi” előnév mellett a család használta még a „csíkszentdomokosi”, „csíkszentmihályi”, „kányádi”, „szörcsei”, „bögözi”, „kászoni”, és „mezőzáhi” előneveket is. A régi okmányokban a család neve gyakran Ugron, Vgron, Wgronn és Vrkon formákban fordul elő. István (a mezőzáhi ág megalapítója) ágán [&hellip;]</p>
