{"id":23762,"date":"2025-08-01T17:40:34","date_gmt":"2025-08-01T15:40:34","guid":{"rendered":"https:\/\/uj.adatbank.ro\/lexikon\/termek\/ugron-albert\/"},"modified":"2025-08-01T17:40:34","modified_gmt":"2025-08-01T15:40:34","slug":"ugron-albert","status":"publish","type":"product","link":"https:\/\/uj.adatbank.ro\/lexikon\/termek\/ugron-albert\/","title":{"rendered":"UGRON Albert"},"content":{"rendered":"<p>Cs\u00edkd\u00e1nfalva, 1911. aug. 8., \u2020\u00a0Mv., 1985. dec. 4.: ref. igazgat\u00f3 tan\u00edt\u00f3. \u2013 Nagyenyeden nyerte tan\u00edt\u00f3i oklevel\u00e9t (1932). Tan\u00edtott Mez\u0151s\u00e1msondon, Fintah\u00e1z\u00e1n, Sz\u00e9kelyk\u00f6vesden (1940\u2013), ahol a Gazdak\u00f6r eln\u00f6ke, a Sz\u00f6vetkezet k\u00f6nyvel\u0151je, a ref. egyh\u00e1z k\u00e1ntora, az IKE vezet\u0151je, r\u00e9szt vett minden kult\u00faregyes\u00fclet munk\u00e1j\u00e1ban. S\u00e1romberk\u00e9n k\u00e1ntortan\u00edt\u00f3 (1945\u201349), lemond k\u00e1ntori \u00e1ll\u00e1s\u00e1r\u00f3l, igazgat\u00f3tan\u00edt\u00f3 (1949\u2013) <br \/><strong>\u2013 Irod.:<\/strong> Derzsi; [Nekrol\u00f3g] (V. Z., 1985. dec. 5.); S\u00e1romberke; Sz\u00e9kelyf\u00f6ld \u00ed. k.<\/br><\/p>\n","protected":false},"excerpt":{"rendered":"<p>Cs\u00edkd\u00e1nfalva, 1911. aug. 8., \u2020\u00a0Mv., 1985. dec. 4.: ref. igazgat\u00f3 tan\u00edt\u00f3. \u2013 Nagyenyeden nyerte tan\u00edt\u00f3i oklevel\u00e9t (1932). Tan\u00edtott Mez\u0151s\u00e1msondon, Fintah\u00e1z\u00e1n, Sz\u00e9kelyk\u00f6vesden (1940\u2013), ahol a Gazdak\u00f6r eln\u00f6ke, a Sz\u00f6vetkezet k\u00f6nyvel\u0151je, a ref. egyh\u00e1z k\u00e1ntora, az IKE vezet\u0151je, r\u00e9szt vett minden kult\u00faregyes\u00fclet munk\u00e1j\u00e1ban. S\u00e1romberk\u00e9n k\u00e1ntortan\u00edt\u00f3 (1945\u201349), lemond k\u00e1ntori \u00e1ll\u00e1s\u00e1r\u00f3l, igazgat\u00f3tan\u00edt\u00f3 (1949\u2013) \u2013 Irod.: Derzsi; [Nekrol\u00f3g] (V. Z., [&hellip;]<\/p>\n","protected":false},"featured_media":0,"comment_status":"open","ping_status":"closed","template":"","meta":[],"product_brand":[],"product_cat":[137],"product_tag":[],"class_list":{"0":"post-23762","1":"product","2":"type-product","3":"status-publish","5":"product_cat-maros-megyei-eletrajzi-lexikon","7":"first","8":"instock","9":"shipping-taxable","10":"product-type-simple"},"_links":{"self":[{"href":"https:\/\/uj.adatbank.ro\/lexikon\/wp-json\/wp\/v2\/product\/23762","targetHints":{"allow":["GET"]}}],"collection":[{"href":"https:\/\/uj.adatbank.ro\/lexikon\/wp-json\/wp\/v2\/product"}],"about":[{"href":"https:\/\/uj.adatbank.ro\/lexikon\/wp-json\/wp\/v2\/types\/product"}],"replies":[{"embeddable":true,"href":"https:\/\/uj.adatbank.ro\/lexikon\/wp-json\/wp\/v2\/comments?post=23762"}],"wp:attachment":[{"href":"https:\/\/uj.adatbank.ro\/lexikon\/wp-json\/wp\/v2\/media?parent=23762"}],"wp:term":[{"taxonomy":"product_brand","embeddable":true,"href":"https:\/\/uj.adatbank.ro\/lexikon\/wp-json\/wp\/v2\/product_brand?post=23762"},{"taxonomy":"product_cat","embeddable":true,"href":"https:\/\/uj.adatbank.ro\/lexikon\/wp-json\/wp\/v2\/product_cat?post=23762"},{"taxonomy":"product_tag","embeddable":true,"href":"https:\/\/uj.adatbank.ro\/lexikon\/wp-json\/wp\/v2\/product_tag?post=23762"}],"curies":[{"name":"wp","href":"https:\/\/api.w.org\/{rel}","templated":true}]}}

<p>Csíkdánfalva, 1911. aug. 8., † Mv., 1985. dec. 4.: ref. igazgató tanító. – Nagyenyeden nyerte tanítói oklevelét (1932). Tanított Mezősámsondon, Fintaházán, Székelykövesden (1940–), ahol a Gazdakör elnöke, a Szövetkezet könyvelője, a ref. egyház kántora, az IKE vezetője, részt vett minden kultúregyesület munkájában. Sáromberkén kántortanító (1945–49), lemond kántori állásáról, igazgatótanító (1949–) <br /><strong>– Irod.:</strong> Derzsi; [Nekrológ] (V. Z., 1985. dec. 5.); Sáromberke; Székelyföld í. k.</br></p>

<p>Csíkdánfalva, 1911. aug. 8., † Mv., 1985. dec. 4.: ref. igazgató tanító. – Nagyenyeden nyerte tanítói oklevelét (1932). Tanított Mezősámsondon, Fintaházán, Székelykövesden (1940–), ahol a Gazdakör elnöke, a Szövetkezet könyvelője, a ref. egyház kántora, az IKE vezetője, részt vett minden kultúregyesület munkájában. Sáromberkén kántortanító (1945–49), lemond kántori állásáról, igazgatótanító (1949–) – Irod.: Derzsi; [Nekrológ] (V. Z., [&hellip;]</p>
