{"id":23763,"date":"2025-08-01T17:40:37","date_gmt":"2025-08-01T15:40:37","guid":{"rendered":"https:\/\/uj.adatbank.ro\/lexikon\/termek\/ugron-andras\/"},"modified":"2025-08-01T17:40:37","modified_gmt":"2025-08-01T15:40:37","slug":"ugron-andras","status":"publish","type":"product","link":"https:\/\/uj.adatbank.ro\/lexikon\/termek\/ugron-andras\/","title":{"rendered":"UGRON Andr\u00e1s"},"content":{"rendered":"<p>? \u2020\u00a0? 1663.: tan\u00e1cs\u00far. \u2013 U. P\u00e1l \u00e9s fiatfalvi Ger\u00e9b Anna fia. Feles\u00e9ge: 1. magyargyer\u0151monostori Kem\u00e9ny Kata, 2. toroczk\u00f3szentgy\u00f6rgyi Toroczkai Erzs\u00e9bet \u2013 k\u00e9s\u0151bb veresegyh\u00e1zi Borsai Nagy Tam\u00e1snak (1627\u20131676) a feles\u00e9ge, aki Feh\u00e9r vm. f\u0151isp\u00e1nja, Apafi Mih\u00e1ly tan\u00e1csosa. \u2013 A t\u00f6r\u00f6k sarc f\u0151perceptora (1651\u201361), a Fejedelmi T\u00e1bla \u00fcln\u00f6ke (1659\u201361), tan\u00e1cs\u00far (1661\u201363). A p\u00e1rtharcokban Kem\u00e9ny J\u00e1nos oldal\u00e1n \u00e1llott, Apafi a fogarasi v\u00e1rkapit\u00e1nny\u00e1 tette. Kem\u00e9ny J\u00e1nos fejedelem oldal\u00e1n r\u00e9szt vett a nagysz\u0151ll\u0151si csat\u00e1ban, ahol el is fogt\u00e1k, I. Apafi Mih\u00e1ly fejedelem szabadon bocs\u00e1totta, mert tetemes \u00f6sszeggel seg\u00edtette Apafit, hogy a tat\u00e1r fogs\u00e1gb\u00f3l kiszabadulhasson. <br \/><strong>\u2013 Irod.:<\/strong> Bicsok Zolt\u00e1n: Fondok \u00e9s gy\u0171jtem\u00e9nyek a Rom\u00e1n Orsz\u00e1gos Lev\u00e9lt\u00e1r Cs\u00edkszeredai Igazgat\u00f3s\u00e1g\u00e1nak kezel\u00e9s\u00e9ben 4. (\u00d6r\u00f6ks\u00e9g\u00fcnk, 2009, 4. sz.); K\u00e9nosi\u2013Uzoni 1.; Kraus: Erd\u00e9lyi kr\u00f3nika.<\/br><\/p>\n","protected":false},"excerpt":{"rendered":"<p>? \u2020\u00a0? 1663.: tan\u00e1cs\u00far. \u2013 U. P\u00e1l \u00e9s fiatfalvi Ger\u00e9b Anna fia. Feles\u00e9ge: 1. magyargyer\u0151monostori Kem\u00e9ny Kata, 2. toroczk\u00f3szentgy\u00f6rgyi Toroczkai Erzs\u00e9bet \u2013 k\u00e9s\u0151bb veresegyh\u00e1zi Borsai Nagy Tam\u00e1snak (1627\u20131676) a feles\u00e9ge, aki Feh\u00e9r vm. f\u0151isp\u00e1nja, Apafi Mih\u00e1ly tan\u00e1csosa. \u2013 A t\u00f6r\u00f6k sarc f\u0151perceptora (1651\u201361), a Fejedelmi T\u00e1bla \u00fcln\u00f6ke (1659\u201361), tan\u00e1cs\u00far (1661\u201363). A p\u00e1rtharcokban Kem\u00e9ny J\u00e1nos oldal\u00e1n [&hellip;]<\/p>\n","protected":false},"featured_media":0,"comment_status":"open","ping_status":"closed","template":"","meta":[],"product_brand":[],"product_cat":[137],"product_tag":[],"class_list":{"0":"post-23763","1":"product","2":"type-product","3":"status-publish","5":"product_cat-maros-megyei-eletrajzi-lexikon","7":"first","8":"instock","9":"shipping-taxable","10":"product-type-simple"},"_links":{"self":[{"href":"https:\/\/uj.adatbank.ro\/lexikon\/wp-json\/wp\/v2\/product\/23763","targetHints":{"allow":["GET"]}}],"collection":[{"href":"https:\/\/uj.adatbank.ro\/lexikon\/wp-json\/wp\/v2\/product"}],"about":[{"href":"https:\/\/uj.adatbank.ro\/lexikon\/wp-json\/wp\/v2\/types\/product"}],"replies":[{"embeddable":true,"href":"https:\/\/uj.adatbank.ro\/lexikon\/wp-json\/wp\/v2\/comments?post=23763"}],"wp:attachment":[{"href":"https:\/\/uj.adatbank.ro\/lexikon\/wp-json\/wp\/v2\/media?parent=23763"}],"wp:term":[{"taxonomy":"product_brand","embeddable":true,"href":"https:\/\/uj.adatbank.ro\/lexikon\/wp-json\/wp\/v2\/product_brand?post=23763"},{"taxonomy":"product_cat","embeddable":true,"href":"https:\/\/uj.adatbank.ro\/lexikon\/wp-json\/wp\/v2\/product_cat?post=23763"},{"taxonomy":"product_tag","embeddable":true,"href":"https:\/\/uj.adatbank.ro\/lexikon\/wp-json\/wp\/v2\/product_tag?post=23763"}],"curies":[{"name":"wp","href":"https:\/\/api.w.org\/{rel}","templated":true}]}}

UGRON András

<p>? † ? 1663.: tanácsúr. – U. Pál és fiatfalvi Geréb Anna fia. Felesége: 1. magyargyerőmonostori Kemény Kata, 2. toroczkószentgyörgyi Toroczkai Erzsébet – később veresegyházi Borsai Nagy Tamásnak (1627–1676) a felesége, aki Fehér vm. főispánja, Apafi Mihály tanácsosa. – A török sarc főperceptora (1651–61), a Fejedelmi Tábla ülnöke (1659–61), tanácsúr (1661–63). A pártharcokban Kemény János oldalán állott, Apafi a fogarasi várkapitánnyá tette. Kemény János fejedelem oldalán részt vett a nagyszőllősi csatában, ahol el is fogták, I. Apafi Mihály fejedelem szabadon bocsátotta, mert tetemes összeggel segítette Apafit, hogy a tatár fogságból kiszabadulhasson. <br /><strong>– Irod.:</strong> Bicsok Zoltán: Fondok és gyűjtemények a Román Országos Levéltár Csíkszeredai Igazgatóságának kezelésében 4. (Örökségünk, 2009, 4. sz.); Kénosi–Uzoni 1.; Kraus: Erdélyi krónika.</br></p>

<p>? † ? 1663.: tanácsúr. – U. Pál és fiatfalvi Geréb Anna fia. Felesége: 1. magyargyerőmonostori Kemény Kata, 2. toroczkószentgyörgyi Toroczkai Erzsébet – később veresegyházi Borsai Nagy Tamásnak (1627–1676) a felesége, aki Fehér vm. főispánja, Apafi Mihály tanácsosa. – A török sarc főperceptora (1651–61), a Fejedelmi Tábla ülnöke (1659–61), tanácsúr (1661–63). A pártharcokban Kemény János oldalán [&hellip;]</p>
