{"id":23765,"date":"2025-08-01T17:40:42","date_gmt":"2025-08-01T15:40:42","guid":{"rendered":"https:\/\/uj.adatbank.ro\/lexikon\/termek\/ugron-andras-abramfalvi\/"},"modified":"2025-08-01T17:40:42","modified_gmt":"2025-08-01T15:40:42","slug":"ugron-andras-abramfalvi","status":"publish","type":"product","link":"https:\/\/uj.adatbank.ro\/lexikon\/termek\/ugron-andras-abramfalvi\/","title":{"rendered":"UGRON Andr\u00e1s, \u00e1br\u00e1mfalvi"},"content":{"rendered":"<p>Mv., 1885., \u2020\u00a0Bp., 1939. m\u00e1j. 14. (m\u00e1s forr\u00e1s szerint: nov. 30.) Hamvait a sz\u00e9kelyudvarhelyi csal\u00e1di kript\u00e1ba helyezt\u00e9k (1997. m\u00e1j. 19.): f\u00f6ldbirtokos, szolgab\u00edr\u00f3, f\u0151isp\u00e1n. \u2013 Ugron G\u00e1bor ogy.-i k\u00e9pvisel\u0151 \u00e9s zar\u00e1ndi Kn\u00f6pfler M\u00e1ria fia, ifj U. G\u00e1bor bel\u00fcgyminiszter testv\u00e9re. Testv\u00e9rei: U. G\u00e1bor, Vilma. \u2013 A piarista gimn.-ot v\u00e9gezte Bp.-en, jogot Bp.-en, M\u00fcnchenben, Genfben B\u00e9csben (1903), Lipcs\u00e9ben (1904), Berlinben (1905\u20131906) hallgatott. K\u00f6zigazgat\u00e1si p\u00e1ly\u00e1ra l\u00e9pett: szolgab\u00edr\u00f3 lett Maros-Torda megy\u00e9ben (1908\u2013). Katonai szolg\u00e1latot teljes\u00edtett (1914\u2013), tartal\u00e9kos f\u0151hadnagy. Az Eszterh\u00e1zy-korm\u00e1ny idej\u00e9n Beszterce-Nasz\u00f3d megye f\u0151isp\u00e1nj\u00e1v\u00e1 nevezt\u00e9k ki, mely \u00e1ll\u00e1s\u00e1r\u00f3l politikai okokb\u00f3l lemondott. Cs\u00edkszeredai sz\u00e9khellyel \u00fajj\u00e1\u00e9p\u00edt\u00e9si korm\u00e1nymegb\u00edzott lett (1918). Az imp\u00e9riumv\u00e1lt\u00e1s ut\u00e1n eleinte csak egyh\u00e1zk\u00f6z\u00e9leti tev\u00e9kenys\u00e9get folytatott (kat. St\u00e1tus; a mv.-i r. k. egyh\u00e1zk\u00f6zs\u00e9g gondnoka, 1925-?). k\u00e9s\u0151bb a m. kisebbs\u00e9gi politika diverg\u00e1l\u00f3d\u00e1s\u00e1nak idej\u00e9n a reformist\u00e1khoz csatlakozott. A mv.-i zsid\u00f3-m. tulajdonban l\u00e9v\u0151 Lesz\u00e1m\u00edtol\u00f3 Bank igazgat\u00f3s\u00e1gi tagja (1924). Az OMP helyi t\u00e1rseln\u00f6ke (1926), kil\u00e9pett a p\u00e1rtb\u00f3l \u00e9s a reformcsoporthoz csatlakozott Bern\u00e1dyval egy\u00fctt, akinek k\u00f6zvetlen munkat\u00e1rsa volt (1927). A megyei tan\u00e1cs tagja (1926). A mv.-i Transsylvania sz\u00e1ll\u00f3 \u00e9s \u00e9tterem tulajdonosa (1920). P\u00e1ly\u00e1zatot ny\u00fajtott be mozi m\u0171k\u00f6dtet\u00e9s\u00e9re (1928), tervezte a sz\u00ednh\u00e1zterem b\u0151v\u00edt\u00e9s\u00e9t, \u00edgy ez lett Erd\u00e9ly legnagyobb sz\u00ednh\u00e1z- \u00e9s mozi terme. Az Erd\u00e9lyi Helikon mv.-i tagjai k\u00f6zt szerepelt (1930). A maroskereszt\u00fari birtok \u00e9s kast\u00e9ly \u00f6r\u00f6k\u00f6se. Miut\u00e1n le\u00e9gett a kast\u00e9lyuk, a f\u00f6ldbirtokokat felparcell\u00e1zta, \u00e9s h\u00e1zhelyeknek eladta (1935). A bp.-i Siesta Szanat\u00f3riumban hunyt el. <br \/><strong>\u2013 Irod.:<\/strong> Bern\u00e1dy; EM; Id\u0151t\u00e1r 3; Keresztes Gyula: \u00d6r\u00f6ks\u00e9g\u00fcnk 52.: A maroskereszt\u00fari kast\u00e9ly (N\u00fa., 1994. m\u00e1rc. 11.); Marosi-Helikon; Maros-k\u00fck\u00fcll\u0151i f\u0151esp.; [Nekrol\u00f3g] (N\u00fa., 1997. m\u00e1j.14.); Osv\u00e1th; Pan\u0103; Szab\u00f3\u2013Simon\u2013Sz\u00f6gi.<\/br><\/p>\n","protected":false},"excerpt":{"rendered":"<p>Mv., 1885., \u2020\u00a0Bp., 1939. m\u00e1j. 14. (m\u00e1s forr\u00e1s szerint: nov. 30.) Hamvait a sz\u00e9kelyudvarhelyi csal\u00e1di kript\u00e1ba helyezt\u00e9k (1997. m\u00e1j. 19.): f\u00f6ldbirtokos, szolgab\u00edr\u00f3, f\u0151isp\u00e1n. \u2013 Ugron G\u00e1bor ogy.-i k\u00e9pvisel\u0151 \u00e9s zar\u00e1ndi Kn\u00f6pfler M\u00e1ria fia, ifj U. G\u00e1bor bel\u00fcgyminiszter testv\u00e9re. Testv\u00e9rei: U. G\u00e1bor, Vilma. \u2013 A piarista gimn.-ot v\u00e9gezte Bp.-en, jogot Bp.-en, M\u00fcnchenben, Genfben B\u00e9csben (1903), Lipcs\u00e9ben [&hellip;]<\/p>\n","protected":false},"featured_media":0,"comment_status":"open","ping_status":"closed","template":"","meta":[],"product_brand":[],"product_cat":[137],"product_tag":[],"class_list":{"0":"post-23765","1":"product","2":"type-product","3":"status-publish","5":"product_cat-maros-megyei-eletrajzi-lexikon","7":"first","8":"instock","9":"shipping-taxable","10":"product-type-simple"},"_links":{"self":[{"href":"https:\/\/uj.adatbank.ro\/lexikon\/wp-json\/wp\/v2\/product\/23765","targetHints":{"allow":["GET"]}}],"collection":[{"href":"https:\/\/uj.adatbank.ro\/lexikon\/wp-json\/wp\/v2\/product"}],"about":[{"href":"https:\/\/uj.adatbank.ro\/lexikon\/wp-json\/wp\/v2\/types\/product"}],"replies":[{"embeddable":true,"href":"https:\/\/uj.adatbank.ro\/lexikon\/wp-json\/wp\/v2\/comments?post=23765"}],"wp:attachment":[{"href":"https:\/\/uj.adatbank.ro\/lexikon\/wp-json\/wp\/v2\/media?parent=23765"}],"wp:term":[{"taxonomy":"product_brand","embeddable":true,"href":"https:\/\/uj.adatbank.ro\/lexikon\/wp-json\/wp\/v2\/product_brand?post=23765"},{"taxonomy":"product_cat","embeddable":true,"href":"https:\/\/uj.adatbank.ro\/lexikon\/wp-json\/wp\/v2\/product_cat?post=23765"},{"taxonomy":"product_tag","embeddable":true,"href":"https:\/\/uj.adatbank.ro\/lexikon\/wp-json\/wp\/v2\/product_tag?post=23765"}],"curies":[{"name":"wp","href":"https:\/\/api.w.org\/{rel}","templated":true}]}}

UGRON András, ábrámfalvi

<p>Mv., 1885., † Bp., 1939. máj. 14. (más forrás szerint: nov. 30.) Hamvait a székelyudvarhelyi családi kriptába helyezték (1997. máj. 19.): földbirtokos, szolgabíró, főispán. – Ugron Gábor ogy.-i képviselő és zarándi Knöpfler Mária fia, ifj U. Gábor belügyminiszter testvére. Testvérei: U. Gábor, Vilma. – A piarista gimn.-ot végezte Bp.-en, jogot Bp.-en, Münchenben, Genfben Bécsben (1903), Lipcsében (1904), Berlinben (1905–1906) hallgatott. Közigazgatási pályára lépett: szolgabíró lett Maros-Torda megyében (1908–). Katonai szolgálatot teljesített (1914–), tartalékos főhadnagy. Az Eszterházy-kormány idején Beszterce-Naszód megye főispánjává nevezték ki, mely állásáról politikai okokból lemondott. Csíkszeredai székhellyel újjáépítési kormánymegbízott lett (1918). Az impériumváltás után eleinte csak egyházközéleti tevékenységet folytatott (kat. Státus; a mv.-i r. k. egyházközség gondnoka, 1925-?). később a m. kisebbségi politika divergálódásának idején a reformistákhoz csatlakozott. A mv.-i zsidó-m. tulajdonban lévő Leszámítoló Bank igazgatósági tagja (1924). Az OMP helyi társelnöke (1926), kilépett a pártból és a reformcsoporthoz csatlakozott Bernádyval együtt, akinek közvetlen munkatársa volt (1927). A megyei tanács tagja (1926). A mv.-i Transsylvania szálló és étterem tulajdonosa (1920). Pályázatot nyújtott be mozi működtetésére (1928), tervezte a színházterem bővítését, így ez lett Erdély legnagyobb színház- és mozi terme. Az Erdélyi Helikon mv.-i tagjai közt szerepelt (1930). A maroskeresztúri birtok és kastély örököse. Miután leégett a kastélyuk, a földbirtokokat felparcellázta, és házhelyeknek eladta (1935). A bp.-i Siesta Szanatóriumban hunyt el. <br /><strong>– Irod.:</strong> Bernády; EM; Időtár 3; Keresztes Gyula: Örökségünk 52.: A maroskeresztúri kastély (Nú., 1994. márc. 11.); Marosi-Helikon; Maros-küküllői főesp.; [Nekrológ] (Nú., 1997. máj.14.); Osváth; Pană; Szabó–Simon–Szögi.</br></p>

<p>Mv., 1885., † Bp., 1939. máj. 14. (más forrás szerint: nov. 30.) Hamvait a székelyudvarhelyi családi kriptába helyezték (1997. máj. 19.): földbirtokos, szolgabíró, főispán. – Ugron Gábor ogy.-i képviselő és zarándi Knöpfler Mária fia, ifj U. Gábor belügyminiszter testvére. Testvérei: U. Gábor, Vilma. – A piarista gimn.-ot végezte Bp.-en, jogot Bp.-en, Münchenben, Genfben Bécsben (1903), Lipcsében [&hellip;]</p>
