{"id":23768,"date":"2025-08-01T17:40:49","date_gmt":"2025-08-01T15:40:49","guid":{"rendered":"https:\/\/uj.adatbank.ro\/lexikon\/termek\/ugron-gabor-%c2%a7-abranfalvi\/"},"modified":"2025-08-01T17:40:49","modified_gmt":"2025-08-01T15:40:49","slug":"ugron-gabor-%c2%a7-abranfalvi","status":"publish","type":"product","link":"https:\/\/uj.adatbank.ro\/lexikon\/termek\/ugron-gabor-%c2%a7-abranfalvi\/","title":{"rendered":"UGRON G\u00e1bor, \u00a7 \u00e1br\u00e1nfalvi"},"content":{"rendered":"<p>Szombatfalva, ma Sz\u00e9kelyudvarhely, 1847. \u00e1pr. 15., \u2020 Bp., 1911. jan. 22. Temet\u00e9s: Szombatfalv\u00e1n az Ugron k\u00e1poln\u00e1ba (jan. 26.): politikus, ogy.-i k\u00e9pvisel\u0151, k\u00f6z\u00edr\u00f3. \u2013 U. L\u00e1z\u00e1r (1811\u20131884) \u00e9s s\u00e1rdi Sim\u00e9n Roz\u00e1lia fia. Testv\u00e9rei: U. Roz\u00e1lia \u2013 Eckhardt Oszk\u00e1rn\u00e9; U. \u00c1kos. Feles\u00e9ge: zar\u00e1ndi Kn\u00f6pfler M\u00e1ria. Gyermekeik: U. G\u00e1bor (1880\u20131960), politikus, feles\u00e9ge Szalay L\u00edvia; Vilma (a mv.-i palot\u00e1jukban \u00e9lt, a Transsylvania sz\u00e1ll\u00f3ban, az \u00e1llamos\u00edt\u00e1s ut\u00e1n a Tr\u00e9bely sz\u0151l\u0151 egy kis h\u00e1z\u00e1ban t\u00f6lt\u00f6tte \u00e9lete utols\u00f3 \u00e9veit) \u00e9s Andr\u00e1s (1885\u20131938). Unok\u00e1ja U. Istv\u00e1n. R\u00e9gi sz\u00e9kely prim\u0151r csal\u00e1db\u00f3l sz\u00e1rmazott. \u2013 A sz\u00e9kelyudvarhelyi katolikus f\u0151gimn.-ban \u00e9retts\u00e9gizett. Di\u00e1kk\u00e9nt az \u00d6rd\u00f6g borda c. szatirikus lapot szerkesztette. Kv.-on Bartha Mikl\u00f3ssal az Ellenz\u00e9k \u00e9s a N\u00e9psz\u00f6vets\u00e9g c. hetilapot szerkesztett\u00e9k. A pesti, a b\u00e9csi egyetemen (1866\u201367) jogot tanult (1866\u201367), a pesti egy.-en jogtudom\u00e1nyi, doktori oklevelet szerzett, majd Pesten b\u00edr\u00f3i vizsg\u00e1t tett. Pesten \u00e9s Szombatfalv\u00e1n lakott (1870\u201371) ahol tanulm\u00e1nyainak \u00e1s az irodalomnak szentelte idej\u00e9t. A porosz\u2013francia h\u00e1bor\u00fak (1871) idej\u00e9n P\u00e1rizsba ment, hogy f\u00f6laj\u00e1nlja szolg\u00e1latait a francia k\u00f6zt\u00e1rsas\u00e1gnak, majd Olaszo.-ban be\u00e1llt Garibaldi l\u00e9gi\u00f3j\u00e1ba, t\u00f6bb \u00fctk\u00f6zetben vett r\u00e9szt. B\u00e1tors\u00e1g\u00e1\u00e9rt f\u0151hadnagyi rangot kapott \u00e9s becs\u00fcletrenddel t\u00fcntett\u00e9k ki. A b\u00e9ke megk\u00f6t\u00e9se ut\u00e1n visszat\u00e9rt P\u00e1rizsba, a p\u00e1rizsi komm\u00fcn idej\u00e9n figyelte az esem\u00e9nyeket \u00e9s a bp.-i Ellen\u0151r, Polg\u00e1r, Gyorsposta, Politikai \u00dajdons\u00e1gok, Magyar Polg\u00e1r, F\u0151v\u00e1rosi Lapok c. lapokat tud\u00f3s\u00edtotta. Nagy-Britanni\u00e1ban tart\u00f3zkodott (1871\u201372). Hazat\u00e9rt \u00e9s Udvarhelysz\u00e9k ogy.-i ellenz\u00e9ki k\u00e9pvisel\u0151je (1872\u201396; 1901\u2013). Sz\u00e9kelyudvarhelyen Baloldal c.-en ellenz\u00e9ki lapot adott ki (1874), a szerkeszt\u00e9sben Orb\u00e1n Bal\u00e1zs \u00e9s Bartha Mikl\u00f3s seg\u00edtette. \u00c9rtelmi szerz\u0151je \u00e9s szervez\u0151je a \u201esz\u00e9kely puccsnak\u201d (1877\u201378) \u00e9s a sz\u00e9kelyl\u00e9gi\u00f3 szervez\u00e9s\u00e9nek. A felfedezett szervezked\u00e9s \u00fcgye a Kir\u00e1lyi T\u00e1bla el\u00e9 ker\u00fclt, a pernek Ferenc J\u00f3zsef pert\u00f6rl\u00e9ssel vetett v\u00e9get (1878. m\u00e1j. 14.). Az ogy.-en a Balk\u00f6z\u00e9p P\u00e1rthoz tartozott (1874\u2013), majd kiv\u00e1lt \u00e9s a f\u00fcggetlens\u00e9gi \u00e9s 48-as p\u00e1rtb\u00f3l megalak\u00edtotta a 48-as p\u00e1rtot (1887). K\u00e9pvisel\u0151 a mv.-i II. (1882\u201384), a mv.-i I. (1884\u201387), a kecskem\u00e9ti I. (1887\u2013), a szatm\u00e1rn\u00e9meti v\u00e1laszt\u00f3ker\u00fcletben (1892\u2013). Az orsz\u00e1ggy\u0171l\u00e9sben sz\u00e1mos t\u00f6rv\u00e9nyjavaslatot, felirati javaslatot, t\u00f6rv\u00e9nym\u00f3dos\u00edt\u00e1si javaslatot terjesztett el\u0151., a parlamenti \u00e9let egyik vez\u00e9ralakja. Az 1896. \u00e9vi ogy. k\u00e9pvisel\u0151v\u00e1laszt\u00e1sokon megbukott, a szil\u00e1gysomly\u00f3i v\u00e1laszt\u00f3-ker. ogy. k\u00e9pvisel\u0151je (1901-t\u0151l hal\u00e1l\u00e1ig). A m. parlament hat\u00e1sos sz\u00f3noka, h\u00edres volt a parlamenti vit\u00e1ir\u00f3l, p\u00e1rbajair\u00f3l, a \u201esz\u00e9kely rabonb\u00e1n\u201d n\u00e9vvel illett\u00e9k kort\u00e1rsai. A Vas\u00e1rnapi \u00dajs\u00e1g munkat\u00e1rsa (1870\u201372). Bp.-en az \u00d6rd\u00f6gborda c. szatirikus k\u00e9pes foly\u00f3irat szerkeszt\u0151je, kiad\u00f3ja (S\u00e1nta \u00d6rd\u00f6g n\u00e9ven, 1869 [csak egy sz\u00e1m]), a N\u00e9psz\u00f6v. c. politikai hetilap t\u00e1rsalap\u00edt\u00f3ja \u00e9s szerk. (1897\u201399). Bankot \u00e9s takar\u00e9ksz\u00f6vetkezetet alap\u00edtott, megk\u00eds\u00e9relve a Sz\u00e9kelyf\u00f6ld gazdas\u00e1gi fellend\u00edt\u00e9s\u00e9t. K\u00f6r\u00f6sf\u0151i-Kriesch Alad\u00e1r a Sz\u00e9kely mesemond\u00e1s c. fresk\u00f3j\u00e1n \u00f6r\u00f6k\u00edtette meg, mint az angyalok el\u0151tt \u00e1ll\u00f3 bajuszos f\u00e9rfi. \u2013  <strong>F. m..:<\/strong> Besz\u00e9dei az 1878\u201381. orsz\u00e1ggy\u0171l\u00e9sen. (Bpest, 1881.); Besz\u00e9dei az 1881\u201384. orsz\u00e1ggy\u0171l\u00e9sen. (Bp., 1884.); Besz\u00e9dei az 1884\u201387. orsz\u00e1ggy\u0171l\u00e9sen. (Bp., 1887);  <strong>t\u00e1rssz.:<\/strong> Erd\u00e9lyr\u00e9szi vas\u00fati politik\u00e1nk (Mv., 1914). <br \/><strong>\u2013 Irod.:<\/strong> Bern\u00e1dy; Bicsok Zolt\u00e1n: Fondok \u00e9s gy\u0171jtem\u00e9nyek a Rom\u00e1n Orsz\u00e1gos Lev\u00e9lt\u00e1r Cs\u00edkszeredai Igazgat\u00f3s\u00e1g\u00e1nak kezel\u00e9s\u00e9ben 4. (\u00d6r\u00f6ks\u00e9g\u00fcnk, 2009, 4. sz.); Clair Vilmos: Magyar p\u00e1rbajok (Bp., 1930); Fodor Ferenc: Vil\u00e1gost\u00f3l Trianonog (Bp., 1925); Gratz Guszt\u00e1v: A dualizmus kora (Bp., 1934); Homan; Gy\u00e1szjelent\u0151; Id\u0151t\u00e1r 2; Id\u0151t\u00e1r 3; Kornis; K\u00f6peczi De\u00e1k Albert: Parlamenti korm\u00e1nyrendszer Magyaro.-on (Bp., 1912); Marosi Barna 1974; Marosi-KZST; MNL; Peth\u0151 S\u00e1ndor: Politikai arck\u00e9pek (Bp., 1911); Peth\u0151 S\u00e1ndor: Viharos ember\u00f6lt\u0151 Bp., \u00e9.n.); Politikai Magyarorsz\u00e1g (Bp., 1912\u201314); RNL; Rugonfalvi Kiss; Sikl\u00f3ssy L\u00e1szl\u00f3: Az orsz\u00e1ggy\u0171l\u00e9si besz\u00e9d \u00fatja (Bp., 1939); Szab\u00f3\u2013Simon\u2013Sz\u00f6gi; Szinnyei; Szinnyei J; A T. H\u00e1z humora (Szeged, 1943); Transilvania; \u00daM\u00c9L.<\/br><\/p>\n","protected":false},"excerpt":{"rendered":"<p>Szombatfalva, ma Sz\u00e9kelyudvarhely, 1847. \u00e1pr. 15., \u2020 Bp., 1911. jan. 22. Temet\u00e9s: Szombatfalv\u00e1n az Ugron k\u00e1poln\u00e1ba (jan. 26.): politikus, ogy.-i k\u00e9pvisel\u0151, k\u00f6z\u00edr\u00f3. \u2013 U. L\u00e1z\u00e1r (1811\u20131884) \u00e9s s\u00e1rdi Sim\u00e9n Roz\u00e1lia fia. Testv\u00e9rei: U. Roz\u00e1lia \u2013 Eckhardt Oszk\u00e1rn\u00e9; U. \u00c1kos. Feles\u00e9ge: zar\u00e1ndi Kn\u00f6pfler M\u00e1ria. Gyermekeik: U. G\u00e1bor (1880\u20131960), politikus, feles\u00e9ge Szalay L\u00edvia; Vilma (a mv.-i palot\u00e1jukban [&hellip;]<\/p>\n","protected":false},"featured_media":0,"comment_status":"open","ping_status":"closed","template":"","meta":[],"product_brand":[],"product_cat":[137],"product_tag":[],"class_list":{"0":"post-23768","1":"product","2":"type-product","3":"status-publish","5":"product_cat-maros-megyei-eletrajzi-lexikon","7":"first","8":"instock","9":"shipping-taxable","10":"product-type-simple"},"_links":{"self":[{"href":"https:\/\/uj.adatbank.ro\/lexikon\/wp-json\/wp\/v2\/product\/23768","targetHints":{"allow":["GET"]}}],"collection":[{"href":"https:\/\/uj.adatbank.ro\/lexikon\/wp-json\/wp\/v2\/product"}],"about":[{"href":"https:\/\/uj.adatbank.ro\/lexikon\/wp-json\/wp\/v2\/types\/product"}],"replies":[{"embeddable":true,"href":"https:\/\/uj.adatbank.ro\/lexikon\/wp-json\/wp\/v2\/comments?post=23768"}],"wp:attachment":[{"href":"https:\/\/uj.adatbank.ro\/lexikon\/wp-json\/wp\/v2\/media?parent=23768"}],"wp:term":[{"taxonomy":"product_brand","embeddable":true,"href":"https:\/\/uj.adatbank.ro\/lexikon\/wp-json\/wp\/v2\/product_brand?post=23768"},{"taxonomy":"product_cat","embeddable":true,"href":"https:\/\/uj.adatbank.ro\/lexikon\/wp-json\/wp\/v2\/product_cat?post=23768"},{"taxonomy":"product_tag","embeddable":true,"href":"https:\/\/uj.adatbank.ro\/lexikon\/wp-json\/wp\/v2\/product_tag?post=23768"}],"curies":[{"name":"wp","href":"https:\/\/api.w.org\/{rel}","templated":true}]}}

UGRON Gábor, § ábránfalvi

<p>Szombatfalva, ma Székelyudvarhely, 1847. ápr. 15., † Bp., 1911. jan. 22. Temetés: Szombatfalván az Ugron kápolnába (jan. 26.): politikus, ogy.-i képviselő, közíró. – U. Lázár (1811–1884) és sárdi Simén Rozália fia. Testvérei: U. Rozália – Eckhardt Oszkárné; U. Ákos. Felesége: zarándi Knöpfler Mária. Gyermekeik: U. Gábor (1880–1960), politikus, felesége Szalay Lívia; Vilma (a mv.-i palotájukban élt, a Transsylvania szállóban, az államosítás után a Trébely szőlő egy kis házában töltötte élete utolsó éveit) és András (1885–1938). Unokája U. István. Régi székely primőr családból származott. – A székelyudvarhelyi katolikus főgimn.-ban érettségizett. Diákként az Ördög borda c. szatirikus lapot szerkesztette. Kv.-on Bartha Miklóssal az Ellenzék és a Népszövetség c. hetilapot szerkesztették. A pesti, a bécsi egyetemen (1866–67) jogot tanult (1866–67), a pesti egy.-en jogtudományi, doktori oklevelet szerzett, majd Pesten bírói vizsgát tett. Pesten és Szombatfalván lakott (1870–71) ahol tanulmányainak ás az irodalomnak szentelte idejét. A porosz–francia háborúk (1871) idején Párizsba ment, hogy fölajánlja szolgálatait a francia köztársaságnak, majd Olaszo.-ban beállt Garibaldi légiójába, több ütközetben vett részt. Bátorságáért főhadnagyi rangot kapott és becsületrenddel tüntették ki. A béke megkötése után visszatért Párizsba, a párizsi kommün idején figyelte az eseményeket és a bp.-i Ellenőr, Polgár, Gyorsposta, Politikai Újdonságok, Magyar Polgár, Fővárosi Lapok c. lapokat tudósította. Nagy-Britanniában tartózkodott (1871–72). Hazatért és Udvarhelyszék ogy.-i ellenzéki képviselője (1872–96; 1901–). Székelyudvarhelyen Baloldal c.-en ellenzéki lapot adott ki (1874), a szerkesztésben Orbán Balázs és Bartha Miklós segítette. Értelmi szerzője és szervezője a „székely puccsnak” (1877–78) és a székelylégió szervezésének. A felfedezett szervezkedés ügye a Királyi Tábla elé került, a pernek Ferenc József pertörléssel vetett véget (1878. máj. 14.). Az ogy.-en a Balközép Párthoz tartozott (1874–), majd kivált és a függetlenségi és 48-as pártból megalakította a 48-as pártot (1887). Képviselő a mv.-i II. (1882–84), a mv.-i I. (1884–87), a kecskeméti I. (1887–), a szatmárnémeti választókerületben (1892–). Az országgyűlésben számos törvényjavaslatot, felirati javaslatot, törvénymódosítási javaslatot terjesztett elő., a parlamenti élet egyik vezéralakja. Az 1896. évi ogy. képviselőválasztásokon megbukott, a szilágysomlyói választó-ker. ogy. képviselője (1901-től haláláig). A m. parlament hatásos szónoka, híres volt a parlamenti vitáiról, párbajairól, a „székely rabonbán” névvel illették kortársai. A Vasárnapi Újság munkatársa (1870–72). Bp.-en az Ördögborda c. szatirikus képes folyóirat szerkesztője, kiadója (Sánta Ördög néven, 1869 [csak egy szám]), a Népszöv. c. politikai hetilap társalapítója és szerk. (1897–99). Bankot és takarékszövetkezetet alapított, megkísérelve a Székelyföld gazdasági fellendítését. Körösfői-Kriesch Aladár a Székely mesemondás c. freskóján örökítette meg, mint az angyalok előtt álló bajuszos férfi. –  <strong>F. m..:</strong> Beszédei az 1878–81. országgyűlésen. (Bpest, 1881.); Beszédei az 1881–84. országgyűlésen. (Bp., 1884.); Beszédei az 1884–87. országgyűlésen. (Bp., 1887);  <strong>társsz.:</strong> Erdélyrészi vasúti politikánk (Mv., 1914). <br /><strong>– Irod.:</strong> Bernády; Bicsok Zoltán: Fondok és gyűjtemények a Román Országos Levéltár Csíkszeredai Igazgatóságának kezelésében 4. (Örökségünk, 2009, 4. sz.); Clair Vilmos: Magyar párbajok (Bp., 1930); Fodor Ferenc: Világostól Trianonog (Bp., 1925); Gratz Gusztáv: A dualizmus kora (Bp., 1934); Homan; Gyászjelentő; Időtár 2; Időtár 3; Kornis; Köpeczi Deák Albert: Parlamenti kormányrendszer Magyaro.-on (Bp., 1912); Marosi Barna 1974; Marosi-KZST; MNL; Pethő Sándor: Politikai arcképek (Bp., 1911); Pethő Sándor: Viharos emberöltő Bp., é.n.); Politikai Magyarország (Bp., 1912–14); RNL; Rugonfalvi Kiss; Siklóssy László: Az országgyűlési beszéd útja (Bp., 1939); Szabó–Simon–Szögi; Szinnyei; Szinnyei J; A T. Ház humora (Szeged, 1943); Transilvania; ÚMÉL.</br></p>

<p>Szombatfalva, ma Székelyudvarhely, 1847. ápr. 15., † Bp., 1911. jan. 22. Temetés: Szombatfalván az Ugron kápolnába (jan. 26.): politikus, ogy.-i képviselő, közíró. – U. Lázár (1811–1884) és sárdi Simén Rozália fia. Testvérei: U. Rozália – Eckhardt Oszkárné; U. Ákos. Felesége: zarándi Knöpfler Mária. Gyermekeik: U. Gábor (1880–1960), politikus, felesége Szalay Lívia; Vilma (a mv.-i palotájukban [&hellip;]</p>
