{"id":23769,"date":"2025-08-01T17:40:51","date_gmt":"2025-08-01T15:40:51","guid":{"rendered":"https:\/\/uj.adatbank.ro\/lexikon\/termek\/ugron-gabor-%c2%a7-abranfalvi-ifj\/"},"modified":"2025-08-01T17:40:51","modified_gmt":"2025-08-01T15:40:51","slug":"ugron-gabor-%c2%a7-abranfalvi-ifj","status":"publish","type":"product","link":"https:\/\/uj.adatbank.ro\/lexikon\/termek\/ugron-gabor-%c2%a7-abranfalvi-ifj\/","title":{"rendered":"UGRON G\u00e1bor, \u00a7 \u00e1br\u00e1nfalvi, ifj."},"content":{"rendered":"<p>Mv., 1880. jan. 8., \u2020 Bakonyb\u00e9l, 1960. okt. 27. \u00dajratemett\u00e9k Sz\u00e9kelyudvarhelyen a csal\u00e1di k\u00e1poln\u00e1ba (2015. m\u00e1j. 25): politikus, f\u0151isp\u00e1n, parlamenti k\u00e9pvisel\u0151, bel\u00fcgyminiszter. \u2013 U. G\u00e1bor (1847\u20131911) politikus \u00e9s Kn\u00f6pfler M\u00e1ria fia. Feles\u00e9ge: br. Szalay Lili. \u2013 A bp.-i piarista gimn-ban. Egyetemi tanulm\u00e1nyait a jogtud. karon Lipcs\u00e9ben (1897), Genfben \u00e9s Bp.-en v\u00e9gezte. A bp.-i egy.-en \u00e1llamtud. doktori oklevelet szerzett (1901), ezut\u00e1n Maros-Torda vm.-ben szolgab\u00edr\u00f3, majd f\u0151szolgab\u00edr\u00f3. Bekapcsol\u00f3dott a v\u00e1ros k\u00f6z\u00e9let\u00e9be. R\u00e9szt vett a m\u0171vel\u0151d\u00e9si rendezv\u00e9nyeken, t\u00f6bb gazdas\u00e1gi-p\u00e9nz\u00fcgyi int\u00e9zm\u00e9ny Ugocsa vm.(1906\u201310), egy\u00fattal Maros-Torda vm. \u00e9s Mv. f\u0151isp\u00e1nja (1907. m\u00e1rc. 18.\u20131910. febr.19, amikor lemondott), a mv.-i r. k. egyh\u00e1zk\u00f6zs\u00e9g gondnoka (1911\u201322), az MSE ir\u00e1ny\u00edt\u00f3ja (1912), az Alkotm\u00e1nyp\u00e1rt tagja, majd p\u00e1rtigazgat\u00f3 (1913\u2013), a mv-i II. v\u00e1laszt\u00f3ker. ogy.-i k\u00e9pvisel\u0151 (1915\u201318), legink\u00e1bb p\u00e9nz\u00fcgyi k\u00e9rd\u00e9sekkel foglalkozott. Virilista (1913). Gr. Esterh\u00e1zy M\u00f3ric, majd Wekerle S\u00e1ndor korm\u00e1ny\u00e1ban bel\u00fcgyminiszter (1917. j\u00fan. 15.\u20131918. jan. 25.). Erd\u00e9lyr\u00e9szi kir. biztos (1918. jan.\u2013j\u00fan.). A K\u00e1rolyi-korm\u00e1nyzat idej\u00e9n megszervezte a Sz\u00e9kely Nemzeti Tan\u00e1csot, de a bevonul\u00f3 rom\u00e1n csapatok el\u0151l Bp.-re menek\u00fclt. A Tan\u00e1csk\u00f6zt\u00e1rsas\u00e1g idej\u00e9n (1919) a Bakonyban bujk\u00e1lt. Az \u00e1ltala \u00e9letre h\u00edvott Nemzeti Szabadelv\u0171 P\u00e1rt (1919. aug.\u2013okt.), a Nemzeti Demokrata P\u00e1rt egyik vezet\u0151je (1919. okt. \u2013 1922). Csatlakozott az Egys\u00e9ges P\u00e1rthoz (1926\u2013). Bp., 14. v\u00e1laszt\u00f3ker. (1920\u201322), a Bp.-i list\u00e1s v\u00e1laszt\u00f3ker. ngy. k\u00e9pvisel\u0151je (1922\u201326), Kaposv\u00e1r ogy. k\u00e9pvisel\u0151je (1927\u201335), az ogy. 33-as bizotts\u00e1g\u00e1nak eln\u00f6ke (1931\u201334). Bp.-en kezdetben a Szabadelv\u0171 V\u00e1rosi P\u00e1rthoz, k\u00e9s\u0151bb a K\u00f6zs\u00e9gi Egys\u00e9ges P\u00e1rthoz tartozott. Az Orsz. Irod. \u00e9s M\u0171v. Tan\u00e1cs eln\u00f6ke (1935-t\u0151l). A M. K\u00e9pz\u0151m\u0171v\u00e9szek Orsz. Sz\u00f6v. d\u00edszeln\u00f6ke \u00e9s t. tagja (1944-ig). Az \u00cdr\u00f3k Gazdas\u00e1gi Egyes\u00fclete (IGE) \u00e9rdekv\u00e9delmi szervezet eln\u00f6ke (1934\u201344). Bp. sz\u00e9kesf\u0151v\u00e1rosi t\u00f6rv\u00e9nyhat\u00f3s\u00e1gi bizotts\u00e1g\u00e1nak \u00f6r\u00f6k\u00f6s tagja (1925\u201344). A megyei \u00e9s Mv. v\u00e1rosi t\u00f6rv\u00e9nyhat\u00f3s\u00e1gi bizotts\u00e1g tagja (1941. m\u00e1rc. 20.). A Dun\u00e1nt\u00fali K\u00f6zm\u0171vel\u0151d\u00e9si Egyes. t. t\u00e1rseln\u00f6ke. A mv.-i r. k. egyh\u00e1zk\u00f6zs\u00e9g f\u0151gondnoka, az Erd\u00e9lyi Kat. St\u00e1tus igazgat\u00f3tan\u00e1cs\u00e1nak tagja. Az Orsz. Takar\u00e9koss\u00e1gi Bizotts\u00e1g s az Orsz. Stef\u00e1nia Sz\u00f6v. eln\u00f6ke. A M. Operabar\u00e1tok Egyes\u00fclet\u00e9nek megalap\u00edt\u00f3ja. A MSE eln\u00f6ke (1913), d\u00edszeln\u00f6ke (1919). V.b.t.t. (1918). Kitelep\u00edtett\u00e9k Bp.-r\u0151l (1951). Mv.-en teret neveztek el r\u00f3la, Ugron G\u00e1bor t\u00e9r (1918\u20131941). \u2013  <strong>F. m..:<\/strong> Kult\u00farvaluta \u00e9s gazdas\u00e1gi valuta (Numerus clausus. Bp., 1925); Az orvos \u00e9s a szoci\u00e1lis eg\u00e9szs\u00e9g\u00fcgyi prevenci\u00f3 (Kalocsa, 1936); Zsolnay Vilmos \u00e9s Zsolnay-Mattyasovszky L\u00e1szl\u00f3 eml\u00e9kezete (M\u0171v. hetek. Ungv\u00e1r, 1941. m\u00e1j. 17. \u2013 j\u00fan. 8. Bp., 1941);  <strong>t\u00e1rssz.:<\/strong> Szigy\u00e1rt\u00f3 G\u00e1bor: Erd\u00e9lyr\u00e9szi vas\u00fati politik\u00e1nk: Vitat\u00e1rgy (Mv., 1914); Mv. \u00e9s a h\u00e1bor\u00fa 1. <br \/><strong>\u2013 Irod.:<\/strong> \u00c1ll\u00f3- \u00e9s mozg\u00f3k\u00e9pek; B\u00e1rdi 2013; Bern\u00e1dy; Bicsok Zolt\u00e1n: Fondok \u00e9s gy\u0171jtem\u00e9nyek a Rom\u00e1n Orsz\u00e1gos Lev\u00e9lt\u00e1r Cs\u00edkszeredai Igazgat\u00f3s\u00e1g\u00e1nak kezel\u00e9s\u00e9ben 4. (\u00d6r\u00f6ks\u00e9g\u00fcnk, 2009, 4. sz.); Czirj\u00e1k; Der\u00e9k magyar embernek \u00e9s kereszt\u00e9nynek maradni, Ol\u00e1h-G\u00e1l Elvira besz\u00e9lget\u00e9se Ugron Istv\u00e1nn\u00e9 b\u00e1r\u00f3 B\u00e1nffy M\u00e1ri\u00e1val (Sz\u00e9kelyf\u00f6ld, 2012, 1. sz.); Gottfried\u2013Nagy; Id\u0151t\u00e1r 2; Id\u0151t\u00e1r 3, Kornis; Koszta Istv\u00e1n: F\u00f6ldindul\u00e1s \u20131916 = P\u00e1l-Antal \u2013 Simon; Maros-k\u00fck\u00fcll\u0151i f\u0151esp.; M\u00c9L; MNL; Molter 3.; Mv. \u00e9s a h\u00e1bor\u00fa 2.; Mv.-i kult\u00farpalota 2013; Mv.-i labdar\u00fag\u00e1s; Ol\u00e1h-G\u00e1l Elvira; P\u00e1l-Antal S\u00e1ndor: Ifj. Ugron G\u00e1bor \u00e9s Marosv\u00e1s\u00e1rhely = Sebesty\u00e9n-Spielmann; RNL; Szab\u00f3\u2013Simon\u2013Sz\u00f6gi; \u00daM\u00c9L; Vigh.<\/br><\/p>\n","protected":false},"excerpt":{"rendered":"<p>Mv., 1880. jan. 8., \u2020 Bakonyb\u00e9l, 1960. okt. 27. \u00dajratemett\u00e9k Sz\u00e9kelyudvarhelyen a csal\u00e1di k\u00e1poln\u00e1ba (2015. m\u00e1j. 25): politikus, f\u0151isp\u00e1n, parlamenti k\u00e9pvisel\u0151, bel\u00fcgyminiszter. \u2013 U. G\u00e1bor (1847\u20131911) politikus \u00e9s Kn\u00f6pfler M\u00e1ria fia. Feles\u00e9ge: br. Szalay Lili. \u2013 A bp.-i piarista gimn-ban. Egyetemi tanulm\u00e1nyait a jogtud. karon Lipcs\u00e9ben (1897), Genfben \u00e9s Bp.-en v\u00e9gezte. A bp.-i egy.-en \u00e1llamtud. [&hellip;]<\/p>\n","protected":false},"featured_media":0,"comment_status":"open","ping_status":"closed","template":"","meta":[],"product_brand":[],"product_cat":[137],"product_tag":[],"class_list":{"0":"post-23769","1":"product","2":"type-product","3":"status-publish","5":"product_cat-maros-megyei-eletrajzi-lexikon","7":"first","8":"instock","9":"shipping-taxable","10":"product-type-simple"},"_links":{"self":[{"href":"https:\/\/uj.adatbank.ro\/lexikon\/wp-json\/wp\/v2\/product\/23769","targetHints":{"allow":["GET"]}}],"collection":[{"href":"https:\/\/uj.adatbank.ro\/lexikon\/wp-json\/wp\/v2\/product"}],"about":[{"href":"https:\/\/uj.adatbank.ro\/lexikon\/wp-json\/wp\/v2\/types\/product"}],"replies":[{"embeddable":true,"href":"https:\/\/uj.adatbank.ro\/lexikon\/wp-json\/wp\/v2\/comments?post=23769"}],"wp:attachment":[{"href":"https:\/\/uj.adatbank.ro\/lexikon\/wp-json\/wp\/v2\/media?parent=23769"}],"wp:term":[{"taxonomy":"product_brand","embeddable":true,"href":"https:\/\/uj.adatbank.ro\/lexikon\/wp-json\/wp\/v2\/product_brand?post=23769"},{"taxonomy":"product_cat","embeddable":true,"href":"https:\/\/uj.adatbank.ro\/lexikon\/wp-json\/wp\/v2\/product_cat?post=23769"},{"taxonomy":"product_tag","embeddable":true,"href":"https:\/\/uj.adatbank.ro\/lexikon\/wp-json\/wp\/v2\/product_tag?post=23769"}],"curies":[{"name":"wp","href":"https:\/\/api.w.org\/{rel}","templated":true}]}}

UGRON Gábor, § ábránfalvi, ifj.

<p>Mv., 1880. jan. 8., † Bakonybél, 1960. okt. 27. Újratemették Székelyudvarhelyen a családi kápolnába (2015. máj. 25): politikus, főispán, parlamenti képviselő, belügyminiszter. – U. Gábor (1847–1911) politikus és Knöpfler Mária fia. Felesége: br. Szalay Lili. – A bp.-i piarista gimn-ban. Egyetemi tanulmányait a jogtud. karon Lipcsében (1897), Genfben és Bp.-en végezte. A bp.-i egy.-en államtud. doktori oklevelet szerzett (1901), ezután Maros-Torda vm.-ben szolgabíró, majd főszolgabíró. Bekapcsolódott a város közéletébe. Részt vett a művelődési rendezvényeken, több gazdasági-pénzügyi intézmény Ugocsa vm.(1906–10), egyúttal Maros-Torda vm. és Mv. főispánja (1907. márc. 18.–1910. febr.19, amikor lemondott), a mv.-i r. k. egyházközség gondnoka (1911–22), az MSE irányítója (1912), az Alkotmánypárt tagja, majd pártigazgató (1913–), a mv-i II. választóker. ogy.-i képviselő (1915–18), leginkább pénzügyi kérdésekkel foglalkozott. Virilista (1913). Gr. Esterházy Móric, majd Wekerle Sándor kormányában belügyminiszter (1917. jún. 15.–1918. jan. 25.). Erdélyrészi kir. biztos (1918. jan.–jún.). A Károlyi-kormányzat idején megszervezte a Székely Nemzeti Tanácsot, de a bevonuló román csapatok elől Bp.-re menekült. A Tanácsköztársaság idején (1919) a Bakonyban bujkált. Az általa életre hívott Nemzeti Szabadelvű Párt (1919. aug.–okt.), a Nemzeti Demokrata Párt egyik vezetője (1919. okt. – 1922). Csatlakozott az Egységes Párthoz (1926–). Bp., 14. választóker. (1920–22), a Bp.-i listás választóker. ngy. képviselője (1922–26), Kaposvár ogy. képviselője (1927–35), az ogy. 33-as bizottságának elnöke (1931–34). Bp.-en kezdetben a Szabadelvű Városi Párthoz, később a Községi Egységes Párthoz tartozott. Az Orsz. Irod. és Műv. Tanács elnöke (1935-től). A M. Képzőművészek Orsz. Szöv. díszelnöke és t. tagja (1944-ig). Az Írók Gazdasági Egyesülete (IGE) érdekvédelmi szervezet elnöke (1934–44). Bp. székesfővárosi törvényhatósági bizottságának örökös tagja (1925–44). A megyei és Mv. városi törvényhatósági bizottság tagja (1941. márc. 20.). A Dunántúli Közművelődési Egyes. t. társelnöke. A mv.-i r. k. egyházközség főgondnoka, az Erdélyi Kat. Státus igazgatótanácsának tagja. Az Orsz. Takarékossági Bizottság s az Orsz. Stefánia Szöv. elnöke. A M. Operabarátok Egyesületének megalapítója. A MSE elnöke (1913), díszelnöke (1919). V.b.t.t. (1918). Kitelepítették Bp.-ről (1951). Mv.-en teret neveztek el róla, Ugron Gábor tér (1918–1941). –  <strong>F. m..:</strong> Kultúrvaluta és gazdasági valuta (Numerus clausus. Bp., 1925); Az orvos és a szociális egészségügyi prevenció (Kalocsa, 1936); Zsolnay Vilmos és Zsolnay-Mattyasovszky László emlékezete (Műv. hetek. Ungvár, 1941. máj. 17. – jún. 8. Bp., 1941);  <strong>társsz.:</strong> Szigyártó Gábor: Erdélyrészi vasúti politikánk: Vitatárgy (Mv., 1914); Mv. és a háború 1. <br /><strong>– Irod.:</strong> Álló- és mozgóképek; Bárdi 2013; Bernády; Bicsok Zoltán: Fondok és gyűjtemények a Román Országos Levéltár Csíkszeredai Igazgatóságának kezelésében 4. (Örökségünk, 2009, 4. sz.); Czirják; Derék magyar embernek és kereszténynek maradni, Oláh-Gál Elvira beszélgetése Ugron Istvánné báró Bánffy Máriával (Székelyföld, 2012, 1. sz.); Gottfried–Nagy; Időtár 2; Időtár 3, Kornis; Koszta István: Földindulás –1916 = Pál-Antal – Simon; Maros-küküllői főesp.; MÉL; MNL; Molter 3.; Mv. és a háború 2.; Mv.-i kultúrpalota 2013; Mv.-i labdarúgás; Oláh-Gál Elvira; Pál-Antal Sándor: Ifj. Ugron Gábor és Marosvásárhely = Sebestyén-Spielmann; RNL; Szabó–Simon–Szögi; ÚMÉL; Vigh.</br></p>

<p>Mv., 1880. jan. 8., † Bakonybél, 1960. okt. 27. Újratemették Székelyudvarhelyen a családi kápolnába (2015. máj. 25): politikus, főispán, parlamenti képviselő, belügyminiszter. – U. Gábor (1847–1911) politikus és Knöpfler Mária fia. Felesége: br. Szalay Lili. – A bp.-i piarista gimn-ban. Egyetemi tanulmányait a jogtud. karon Lipcsében (1897), Genfben és Bp.-en végezte. A bp.-i egy.-en államtud. [&hellip;]</p>
