{"id":23772,"date":"2025-08-01T17:40:57","date_gmt":"2025-08-01T15:40:57","guid":{"rendered":"https:\/\/uj.adatbank.ro\/lexikon\/termek\/ugron-ilona-abranfalvi-zagoni-br-szentkereszty-palne\/"},"modified":"2025-08-01T17:40:57","modified_gmt":"2025-08-01T15:40:57","slug":"ugron-ilona-abranfalvi-zagoni-br-szentkereszty-palne","status":"publish","type":"product","link":"https:\/\/uj.adatbank.ro\/lexikon\/termek\/ugron-ilona-abranfalvi-zagoni-br-szentkereszty-palne\/","title":{"rendered":"UGRON Ilona, \u00e1br\u00e1nfalvi, z\u00e1goni br. Szentkereszty P\u00e1ln\u00e9"},"content":{"rendered":"<p>Kv., 1860. aug. 8., \u2020 Kisb\u00fan, 1893. m\u00e1j. 25.: f\u00f6ldbirtokos Mez\u0151z\u00e1hon. \u2013 U. S\u00e1ndor \u00e9s Kendeffy Roz\u00e1lia le\u00e1nya. F\u00e9rje: z\u00e1goni br. Szentkereszty P\u00e1l. \u2013 F\u00e9rje sz\u00fcleit\u0151l \u00f6r\u00f6k\u00f6lte a kisb\u00fani birtokokt \u00e9s kast\u00e9lyt, amelyet Szenkereszty Zsigmond \u00e9s hallerk\u0151i gr. Haller Anna v\u00e1s\u00e1roltak bethleni Bethlen S\u00e1ndor (1777\u20131863) \u00f6r\u00f6k\u00f6seit\u0151l. F\u00e9rje hal\u00e1la ut\u00e1n Kisb\u00fan a magyar \u00e1llam, Trianon ut\u00e1n a rom\u00e1n \u00e1llam tulajdona lett. Nagylelk\u0171 adakoz\u00e1s\u00e1val hozz\u00e1j\u00e1rult a mez\u0151z\u00e1hi ref. templom \u00e9p\u00edt\u00e9s\u00e9hez (1888). Halotti c\u00edmere a kv.-i Farkas utcai templomban. <br \/><strong>\u2013 Irod.:<\/strong> Bord\u00e1s Be\u00e1ta: A mez\u0151z\u00e1hi Ugron-kast\u00e9ly \u00e9p\u00edt\u00e9st\u00f6rt\u00e9nete = Liber discipulorum; Entz\u2013Kov\u00e1cs; Az Erd\u00e9lyi Ref. Egyh\u00e1zker\u00fclet k\u00f6zgy\u0171l\u00e9s\u00e9nek jegyz\u0151k\u00f6nyve (Kv., 1888).<\/br><\/p>\n","protected":false},"excerpt":{"rendered":"<p>Kv., 1860. aug. 8., \u2020 Kisb\u00fan, 1893. m\u00e1j. 25.: f\u00f6ldbirtokos Mez\u0151z\u00e1hon. \u2013 U. S\u00e1ndor \u00e9s Kendeffy Roz\u00e1lia le\u00e1nya. F\u00e9rje: z\u00e1goni br. Szentkereszty P\u00e1l. \u2013 F\u00e9rje sz\u00fcleit\u0151l \u00f6r\u00f6k\u00f6lte a kisb\u00fani birtokokt \u00e9s kast\u00e9lyt, amelyet Szenkereszty Zsigmond \u00e9s hallerk\u0151i gr. Haller Anna v\u00e1s\u00e1roltak bethleni Bethlen S\u00e1ndor (1777\u20131863) \u00f6r\u00f6k\u00f6seit\u0151l. F\u00e9rje hal\u00e1la ut\u00e1n Kisb\u00fan a magyar \u00e1llam, Trianon ut\u00e1n [&hellip;]<\/p>\n","protected":false},"featured_media":0,"comment_status":"open","ping_status":"closed","template":"","meta":[],"product_brand":[],"product_cat":[137],"product_tag":[],"class_list":{"0":"post-23772","1":"product","2":"type-product","3":"status-publish","5":"product_cat-maros-megyei-eletrajzi-lexikon","7":"first","8":"instock","9":"shipping-taxable","10":"product-type-simple"},"_links":{"self":[{"href":"https:\/\/uj.adatbank.ro\/lexikon\/wp-json\/wp\/v2\/product\/23772","targetHints":{"allow":["GET"]}}],"collection":[{"href":"https:\/\/uj.adatbank.ro\/lexikon\/wp-json\/wp\/v2\/product"}],"about":[{"href":"https:\/\/uj.adatbank.ro\/lexikon\/wp-json\/wp\/v2\/types\/product"}],"replies":[{"embeddable":true,"href":"https:\/\/uj.adatbank.ro\/lexikon\/wp-json\/wp\/v2\/comments?post=23772"}],"wp:attachment":[{"href":"https:\/\/uj.adatbank.ro\/lexikon\/wp-json\/wp\/v2\/media?parent=23772"}],"wp:term":[{"taxonomy":"product_brand","embeddable":true,"href":"https:\/\/uj.adatbank.ro\/lexikon\/wp-json\/wp\/v2\/product_brand?post=23772"},{"taxonomy":"product_cat","embeddable":true,"href":"https:\/\/uj.adatbank.ro\/lexikon\/wp-json\/wp\/v2\/product_cat?post=23772"},{"taxonomy":"product_tag","embeddable":true,"href":"https:\/\/uj.adatbank.ro\/lexikon\/wp-json\/wp\/v2\/product_tag?post=23772"}],"curies":[{"name":"wp","href":"https:\/\/api.w.org\/{rel}","templated":true}]}}

UGRON Ilona, ábránfalvi, zágoni br. Szentkereszty Pálné

<p>Kv., 1860. aug. 8., † Kisbún, 1893. máj. 25.: földbirtokos Mezőzáhon. – U. Sándor és Kendeffy Rozália leánya. Férje: zágoni br. Szentkereszty Pál. – Férje szüleitől örökölte a kisbúni birtokokt és kastélyt, amelyet Szenkereszty Zsigmond és hallerkői gr. Haller Anna vásároltak bethleni Bethlen Sándor (1777–1863) örököseitől. Férje halála után Kisbún a magyar állam, Trianon után a román állam tulajdona lett. Nagylelkű adakozásával hozzájárult a mezőzáhi ref. templom építéséhez (1888). Halotti címere a kv.-i Farkas utcai templomban. <br /><strong>– Irod.:</strong> Bordás Beáta: A mezőzáhi Ugron-kastély építéstörténete = Liber discipulorum; Entz–Kovács; Az Erdélyi Ref. Egyházkerület közgyűlésének jegyzőkönyve (Kv., 1888).</br></p>

<p>Kv., 1860. aug. 8., † Kisbún, 1893. máj. 25.: földbirtokos Mezőzáhon. – U. Sándor és Kendeffy Rozália leánya. Férje: zágoni br. Szentkereszty Pál. – Férje szüleitől örökölte a kisbúni birtokokt és kastélyt, amelyet Szenkereszty Zsigmond és hallerkői gr. Haller Anna vásároltak bethleni Bethlen Sándor (1777–1863) örököseitől. Férje halála után Kisbún a magyar állam, Trianon után [&hellip;]</p>
