{"id":23776,"date":"2025-08-01T17:41:07","date_gmt":"2025-08-01T15:41:07","guid":{"rendered":"https:\/\/uj.adatbank.ro\/lexikon\/termek\/ugron-istvan-%c2%a7-abrahamfalvi-abranfalvi-zahi-ag-br\/"},"modified":"2025-08-01T17:41:07","modified_gmt":"2025-08-01T15:41:07","slug":"ugron-istvan-%c2%a7-abrahamfalvi-abranfalvi-zahi-ag-br","status":"publish","type":"product","link":"https:\/\/uj.adatbank.ro\/lexikon\/termek\/ugron-istvan-%c2%a7-abrahamfalvi-abranfalvi-zahi-ag-br\/","title":{"rendered":"UGRON Istv\u00e1n, \u00a7 \u00e1brah\u00e1mfalvi, \u00e1br\u00e1nfalvi, z\u00e1hi \u00e1g, br."},"content":{"rendered":"<p>Mez\u0151z\u00e1h, 1862. szept. 24., \u2020 Kv., 1948. szept.10., a mez\u0151z\u00e1hi kript\u00e1ba temett\u00e9k, de elt\u0171nt, sz\u00e9thordt\u00e1k: politikus, diplomata, nagyk\u00f6vet, meghatalmazott miniszter, a csal\u00e1d ezen \u00e1g\u00e1nak utols\u00f3 f\u00e9rfitagja. \u2013 U. S\u00e1ndor \u00e9s malomv\u00edzi Kendeffy R\u00f3za fia. H\u00faga: Roz\u00e1lia. \u00d6r\u00f6kbe fogadta h\u00faga, Rosalie\/R\u00f3za br. B\u00e1nffy J\u00e1nosn\u00e9 unok\u00e1j\u00e1t, Istv\u00e1nt a szerzetest, \u00e1br\u00e1nfalvi Ugron-B\u00e1nffy Istv\u00e1n n\u00e9ven (Kv., 1928. okt. 31. \u2013 Panonhalma, 2005. jan. 1.). \u2013 Tanult Nagyenyeden a Bethlen koll.-ban, a segesv\u00e1ri ev. gimn.-ban, a b\u00e9csi konzuli Keleti Akad.-n (1881\u201386). Osztr\u00e1k\u2013m. diplom\u00e1ciai szolg\u00e1latba l\u00e9pett (1887-t\u0151l), 32 \u00e9vig m\u0171k\u00f6d\u00f6tt f\u0151tisztvisel\u0151k\u00e9nt, munkahelyei Br\u00fcsszel, Szmirna, Velence, New York, Vars\u00f3, a konzul\u00e1tus ideiglenes vezet\u0151je Kijevben (1886\u2013), konzul\u00e1tus vezet\u0151 Tibiliszben; f\u0151konzul az egyiptomi Alexandri\u00e1ban (1900\u2013), mez\u0151z\u00e1hi uradalmat haszonb\u00e9rbe adta (1900), Vars\u00f3ban konzul (1903\u20131909), innen kezdte el a mez\u0151z\u00e1hi kast\u00e9ly \u00e9p\u00edt\u00e9s\u00e9nek ir\u00e1ny\u00edt\u00e1s\u00e1t. A buk.-i nagyk\u00f6vets\u00e9g tan\u00e1csosa (1909), meghatalmazott miniszter \u00e9s rendk\u00edv\u00fcli nagyk\u00f6vet Belgr\u00e1dban (1911\u201313), a k\u00fcl\u00fcgyminiszt\u00e9rium k\u00f6vetkezett (1913\u2013), majd Vars\u00f3ban teljes\u00edtett szolg\u00e1latot lemond\u00e1s\u00e1ig (1917\u20131918. dec.). Nyugd\u00edjba vonult, visszat\u00e1rt erd\u00e9lyi birtokaira. Mez\u0151t\u00f3h\u00e1tban is voltak birtokai, a mez\u0151z\u00e1hi kast\u00e9ly\u00e1ba t\u00e9rt, amit mag\u00e1nak \u00e9p\u00edttetett, B\u00e1nffy J\u00e1nos s\u00f3gora tervei alapj\u00e1n \u00e9s a kv.-i \u00e9p\u00edt\u00e9sz, P\u00e1kei Lajos v\u00e9gleges tervei alapj\u00e1n (1909\u201311). Csal\u00e1dja nem volt, \u00edgy p\u00e9nz\u00e9t a kast\u00e9ly \u00e9p\u00edt\u00e9s\u00e9be fektethette, volt a kast\u00e9lyban t\u00f6r\u00f6k, indiai szoba, ma az \u201eA\u201d kateg\u00f3ri\u00e1ba tartoz\u00f3 m\u0171eml\u00e9k (Park u. 10.), ami a tulajdon\u00e1ba volt az \u00e1llamos\u00edt\u00e1sig (1947). Parkj\u00e1ban a t\u00e1voli orsz\u00e1gokb\u00f3l hozott n\u00f6v\u00e9nyek d\u00edszelegtek. Az \u00e1llamos\u00edt\u00e1s ut\u00e1n a kast\u00e9ly gabonarakt\u00e1r, gyermekotthon volt. T\u00f6bb fontos k\u00f6z\u00e9leti funkci\u00f3t t\u00f6lt\u00f6tt be. El\u0151bb br. J\u00f3sika Samu mellett, k\u00e9s\u0151bb, mint ennek ut\u00f3dja, az Orsz\u00e1gos M. P\u00e1rt eln\u00f6ke (1923\u201326), visszavonul a politikai \u00e9lett\u0151l. Ezut\u00e1n ink\u00e1bb egyh\u00e1zi \u00e9s k\u00f6zgazdas\u00e1gi ter\u00fcleten m\u0171k\u00f6d\u00f6tt. Az \u00fajraalakult EME eln\u00f6ke lemond\u00e1s\u00e1ig (1921. dec. \u2013 1925. febr.), mindent megtett az egyes\u00fclet \u00e1llami elismertet\u00e9s\u00e9\u00e9rt, de a rom\u00e1n Vall\u00e1s- \u00e9s M\u0171v\u00e9szeti Miniszt\u00e9rium nem ismerte el. A Ref. Teol\u00f3giai Fakult\u00e1s (1921\u2013), az Erd\u00e9lyi Ref. Egyh\u00e1zker\u00fclet f\u0151gondnoka (1923\u201335), majd. tb. f\u0151gondnoka, az egyh\u00e1zi m\u0171eml\u00e9kbizotts\u00e1g tagja, a Hangya Sz\u00f6vetkezeti K\u00f6zpont eln\u00f6ke, a Rom\u00e1niai M. N\u00e9pliga d\u00edszeln\u00f6ke. Az \u00e1llamtudom\u00e1nyok doktora, cs. kir. kamar\u00e1s (1890), v. b. t. t., m. kir. rendk\u00edv\u00fcli k\u00f6vet \u00e9s meghatalmazott miniszter. Ferenc J\u00f3zsef-rend nagykeresztje, a Rom\u00e1n Koronarend nagykeresztje, a t\u00f6r\u00f6k Medsidje \u2013 \u00e9s az orosz Anna-rend, a M. \u00c9rdemrend Nagykeresztj\u00e9nek kit\u00fcntetettje, a Johannita-rend M. Csoportj\u00e1nak tiszteleti lovagja (1896), jogi lovag (1904), rangid\u0151se (1945\u201348). A kv.-i szeg\u00e9nyh\u00e1zban halt meg. <br \/><strong>\u2013 Irod.:<\/strong> B\u00e1rdi 2013; Bern\u00e1dy; Bicsok Zolt\u00e1n: Fondok \u00e9s gy\u0171jtem\u00e9nyek a Rom\u00e1n Orsz\u00e1gos Lev\u00e9lt\u00e1r Cs\u00edkszeredai Igazgat\u00f3s\u00e1g\u00e1nak kezel\u00e9s\u00e9ben 4. (\u00d6r\u00f6ks\u00e9g\u00fcnk, 2009, 4. sz.); Bord\u00e1s Be\u00e1ta: Mez\u0151z\u00e1h, Ugron Istv\u00e1n kast\u00e9lya = Fund\u00e1l\u00f3k, pall\u00e9rok; Bord\u00e1s Be\u00e1ta: A mez\u0151z\u00e1hi Ugron-kast\u00e9ly \u00e9p\u00edt\u00e9st\u00f6rt\u00e9nete = Liber discipulorum; Der\u00e9k magyar embernek \u00e9s kereszt\u00e9nynek maradni \/ Ol\u00e1h-G\u00e1l Elvira besz\u00e9lget\u00e9se Ugron Istv\u00e1nn\u00e9 b\u00e1r\u00f3 B\u00e1nffy M\u00e1ri\u00e1val (Sz\u00e9kelyf\u00f6ld, 2012, 1. sz.); EM; Gudenus; H\u0151ke Lajos: Mo. \u00fajabbkori t\u00f6rt\u00e9nelme (Nagybecskerek, 1893); Id\u0151t\u00e1r 3; Keresztes; Keresztes Gyula: Kast\u00e9lyaink 14.: A mez\u0151z\u00e1hi kast\u00e9ly (N\u00fa., 1994. j\u00fal. 11.); Keresztes Gyula: \u00d6r\u00f6ks\u00e9g\u00fcnk 59.: A Mez\u0151s\u00e9g udvarh\u00e1zai (N\u00fa., 1994. j\u00fal. 15.); Kornis; (Kr\u00f3nika, 2005. okt. 19.); M. Johannita csal\u00e1dt\u00f6rt.; MMA; Molter 1., 3.; Mure\u015f, jude\u0163; Osv\u00e1th; P\u00e1lmay; Pan\u0103; Politics and political parties in Roumania (London, 1936); RNL; Nem gondoskodnak az \u00f6r\u00f6ks\u00e9gr\u0151l, de visszaadni sem akarj\u00e1k = Szucher 2015; T\u0103ureni; Valori mure\u015fene de patrimoniu.<\/br><\/p>\n","protected":false},"excerpt":{"rendered":"<p>Mez\u0151z\u00e1h, 1862. szept. 24., \u2020 Kv., 1948. szept.10., a mez\u0151z\u00e1hi kript\u00e1ba temett\u00e9k, de elt\u0171nt, sz\u00e9thordt\u00e1k: politikus, diplomata, nagyk\u00f6vet, meghatalmazott miniszter, a csal\u00e1d ezen \u00e1g\u00e1nak utols\u00f3 f\u00e9rfitagja. \u2013 U. S\u00e1ndor \u00e9s malomv\u00edzi Kendeffy R\u00f3za fia. H\u00faga: Roz\u00e1lia. \u00d6r\u00f6kbe fogadta h\u00faga, Rosalie\/R\u00f3za br. B\u00e1nffy J\u00e1nosn\u00e9 unok\u00e1j\u00e1t, Istv\u00e1nt a szerzetest, \u00e1br\u00e1nfalvi Ugron-B\u00e1nffy Istv\u00e1n n\u00e9ven (Kv., 1928. okt. 31. [&hellip;]<\/p>\n","protected":false},"featured_media":0,"comment_status":"open","ping_status":"closed","template":"","meta":[],"product_brand":[],"product_cat":[137],"product_tag":[],"class_list":{"0":"post-23776","1":"product","2":"type-product","3":"status-publish","5":"product_cat-maros-megyei-eletrajzi-lexikon","7":"first","8":"instock","9":"shipping-taxable","10":"product-type-simple"},"_links":{"self":[{"href":"https:\/\/uj.adatbank.ro\/lexikon\/wp-json\/wp\/v2\/product\/23776","targetHints":{"allow":["GET"]}}],"collection":[{"href":"https:\/\/uj.adatbank.ro\/lexikon\/wp-json\/wp\/v2\/product"}],"about":[{"href":"https:\/\/uj.adatbank.ro\/lexikon\/wp-json\/wp\/v2\/types\/product"}],"replies":[{"embeddable":true,"href":"https:\/\/uj.adatbank.ro\/lexikon\/wp-json\/wp\/v2\/comments?post=23776"}],"wp:attachment":[{"href":"https:\/\/uj.adatbank.ro\/lexikon\/wp-json\/wp\/v2\/media?parent=23776"}],"wp:term":[{"taxonomy":"product_brand","embeddable":true,"href":"https:\/\/uj.adatbank.ro\/lexikon\/wp-json\/wp\/v2\/product_brand?post=23776"},{"taxonomy":"product_cat","embeddable":true,"href":"https:\/\/uj.adatbank.ro\/lexikon\/wp-json\/wp\/v2\/product_cat?post=23776"},{"taxonomy":"product_tag","embeddable":true,"href":"https:\/\/uj.adatbank.ro\/lexikon\/wp-json\/wp\/v2\/product_tag?post=23776"}],"curies":[{"name":"wp","href":"https:\/\/api.w.org\/{rel}","templated":true}]}}

UGRON István, § ábrahámfalvi, ábránfalvi, záhi ág, br.

<p>Mezőzáh, 1862. szept. 24., † Kv., 1948. szept.10., a mezőzáhi kriptába temették, de eltűnt, széthordták: politikus, diplomata, nagykövet, meghatalmazott miniszter, a család ezen ágának utolsó férfitagja. – U. Sándor és malomvízi Kendeffy Róza fia. Húga: Rozália. Örökbe fogadta húga, Rosalie/Róza br. Bánffy Jánosné unokáját, Istvánt a szerzetest, ábránfalvi Ugron-Bánffy István néven (Kv., 1928. okt. 31. – Panonhalma, 2005. jan. 1.). – Tanult Nagyenyeden a Bethlen koll.-ban, a segesvári ev. gimn.-ban, a bécsi konzuli Keleti Akad.-n (1881–86). Osztrák–m. diplomáciai szolgálatba lépett (1887-től), 32 évig működött főtisztviselőként, munkahelyei Brüsszel, Szmirna, Velence, New York, Varsó, a konzulátus ideiglenes vezetője Kijevben (1886–), konzulátus vezető Tibiliszben; főkonzul az egyiptomi Alexandriában (1900–), mezőzáhi uradalmat haszonbérbe adta (1900), Varsóban konzul (1903–1909), innen kezdte el a mezőzáhi kastély építésének irányítását. A buk.-i nagykövetség tanácsosa (1909), meghatalmazott miniszter és rendkívüli nagykövet Belgrádban (1911–13), a külügyminisztérium következett (1913–), majd Varsóban teljesített szolgálatot lemondásáig (1917–1918. dec.). Nyugdíjba vonult, visszatárt erdélyi birtokaira. Mezőtóhátban is voltak birtokai, a mezőzáhi kastélyába tért, amit magának építtetett, Bánffy János sógora tervei alapján és a kv.-i építész, Pákei Lajos végleges tervei alapján (1909–11). Családja nem volt, így pénzét a kastély építésébe fektethette, volt a kastélyban török, indiai szoba, ma az „A” kategóriába tartozó műemlék (Park u. 10.), ami a tulajdonába volt az államosításig (1947). Parkjában a távoli országokból hozott növények díszelegtek. Az államosítás után a kastély gabonaraktár, gyermekotthon volt. Több fontos közéleti funkciót töltött be. Előbb br. Jósika Samu mellett, később, mint ennek utódja, az Országos M. Párt elnöke (1923–26), visszavonul a politikai élettől. Ezután inkább egyházi és közgazdasági területen működött. Az újraalakult EME elnöke lemondásáig (1921. dec. – 1925. febr.), mindent megtett az egyesület állami elismertetéséért, de a román Vallás- és Művészeti Minisztérium nem ismerte el. A Ref. Teológiai Fakultás (1921–), az Erdélyi Ref. Egyházkerület főgondnoka (1923–35), majd. tb. főgondnoka, az egyházi műemlékbizottság tagja, a Hangya Szövetkezeti Központ elnöke, a Romániai M. Népliga díszelnöke. Az államtudományok doktora, cs. kir. kamarás (1890), v. b. t. t., m. kir. rendkívüli követ és meghatalmazott miniszter. Ferenc József-rend nagykeresztje, a Román Koronarend nagykeresztje, a török Medsidje – és az orosz Anna-rend, a M. Érdemrend Nagykeresztjének kitüntetettje, a Johannita-rend M. Csoportjának tiszteleti lovagja (1896), jogi lovag (1904), rangidőse (1945–48). A kv.-i szegényházban halt meg. <br /><strong>– Irod.:</strong> Bárdi 2013; Bernády; Bicsok Zoltán: Fondok és gyűjtemények a Román Országos Levéltár Csíkszeredai Igazgatóságának kezelésében 4. (Örökségünk, 2009, 4. sz.); Bordás Beáta: Mezőzáh, Ugron István kastélya = Fundálók, pallérok; Bordás Beáta: A mezőzáhi Ugron-kastély építéstörténete = Liber discipulorum; Derék magyar embernek és kereszténynek maradni / Oláh-Gál Elvira beszélgetése Ugron Istvánné báró Bánffy Máriával (Székelyföld, 2012, 1. sz.); EM; Gudenus; Hőke Lajos: Mo. újabbkori történelme (Nagybecskerek, 1893); Időtár 3; Keresztes; Keresztes Gyula: Kastélyaink 14.: A mezőzáhi kastély (Nú., 1994. júl. 11.); Keresztes Gyula: Örökségünk 59.: A Mezőség udvarházai (Nú., 1994. júl. 15.); Kornis; (Krónika, 2005. okt. 19.); M. Johannita családtört.; MMA; Molter 1., 3.; Mureş, judeţ; Osváth; Pálmay; Pană; Politics and political parties in Roumania (London, 1936); RNL; Nem gondoskodnak az örökségről, de visszaadni sem akarják = Szucher 2015; Tăureni; Valori mureşene de patrimoniu.</br></p>

<p>Mezőzáh, 1862. szept. 24., † Kv., 1948. szept.10., a mezőzáhi kriptába temették, de eltűnt, széthordták: politikus, diplomata, nagykövet, meghatalmazott miniszter, a család ezen ágának utolsó férfitagja. – U. Sándor és malomvízi Kendeffy Róza fia. Húga: Rozália. Örökbe fogadta húga, Rosalie/Róza br. Bánffy Jánosné unokáját, Istvánt a szerzetest, ábránfalvi Ugron-Bánffy István néven (Kv., 1928. okt. 31. [&hellip;]</p>
