{"id":23777,"date":"2025-08-01T17:41:11","date_gmt":"2025-08-01T15:41:11","guid":{"rendered":"https:\/\/uj.adatbank.ro\/lexikon\/termek\/ugron-istvan-abranfalvi\/"},"modified":"2025-08-01T17:41:11","modified_gmt":"2025-08-01T15:41:11","slug":"ugron-istvan-abranfalvi","status":"publish","type":"product","link":"https:\/\/uj.adatbank.ro\/lexikon\/termek\/ugron-istvan-abranfalvi\/","title":{"rendered":"UGRON Istv\u00e1n, \u00e1br\u00e1nfalvi"},"content":{"rendered":"<p>Bp., 1917. febr. 24, \u2020 1997. febr. 27. Hamvai Szombatfalv\u00e1n (ami m\u00e1r \u00f6sszen\u0151tt Udvarhellyel) az Ugron kript\u00e1ban nyugszanak. \u2013 U. G\u00e1bor \u00e9s Szalay Lili fia. Feles\u00e9ge: losonczi br. B\u00e1nffy M\u00e1ria. \u00d6t gyermek\u00fck: B\u00e9la (1945\u2013), Andr\u00e1s (1947\u2013), M\u00e1ria \u2013 B\u00e1nffy Mikl\u00f3sn\u00e9 (1950\u2013), Anik\u00f3 \u2013 K\u00e1rp\u00e1ty Zolt\u00e1nn\u00e9 (1952\u2013) \u00e9s Zolt\u00e1n (1964\u2013), h\u00fasz unok\u00e1juk \u00e9s negyven d\u00e9dunok\u00e1juk van. \u2013 A bp.-i Ludovika Akad.-\u00e1n h\u00edrad\u00f3sk\u00e9nt v\u00e9gzett (1938). Szegeden, P\u00e1p\u00e1n \u00e9s Kv.-on szolg\u00e1lt, z\u00e1szl\u00f3aljparancsnokk\u00e9nt \u00e9rt a h\u00e1bor\u00fa v\u00e9g\u00e9re. T\u00f6bb helyen dolgozott, t\u00f6bb mint t\u00edz \u00e9vet t\u00f6lt\u00f6tt b\u00f6rt\u00f6nben. <br \/><strong>\u2013 Irod.:<\/strong> Der\u00e9k magyar embernek \u00e9s kereszt\u00e9nynek maradni \/ Ol\u00e1h-G\u00e1l Elvira besz\u00e9lget\u00e9se Ugron Istv\u00e1nn\u00e9 b\u00e1r\u00f3 B\u00e1nffy M\u00e1ri\u00e1val (Sz\u00e9kelyf\u00f6ld, 2012, 1. sz.); Gudenus; Kornis; Ol\u00e1h-G\u00e1l Elvira besz\u00e9lget\u00e9se Ugron Istv\u00e1nn\u00e9 b\u00e1r\u00f3 B\u00e1nffy M\u00e1ri\u00e1val = Ol\u00e1h-G\u00e1l Elvira: Nobile officium.<\/br><\/p>\n","protected":false},"excerpt":{"rendered":"<p>Bp., 1917. febr. 24, \u2020 1997. febr. 27. Hamvai Szombatfalv\u00e1n (ami m\u00e1r \u00f6sszen\u0151tt Udvarhellyel) az Ugron kript\u00e1ban nyugszanak. \u2013 U. G\u00e1bor \u00e9s Szalay Lili fia. Feles\u00e9ge: losonczi br. B\u00e1nffy M\u00e1ria. \u00d6t gyermek\u00fck: B\u00e9la (1945\u2013), Andr\u00e1s (1947\u2013), M\u00e1ria \u2013 B\u00e1nffy Mikl\u00f3sn\u00e9 (1950\u2013), Anik\u00f3 \u2013 K\u00e1rp\u00e1ty Zolt\u00e1nn\u00e9 (1952\u2013) \u00e9s Zolt\u00e1n (1964\u2013), h\u00fasz unok\u00e1juk \u00e9s negyven d\u00e9dunok\u00e1juk van. [&hellip;]<\/p>\n","protected":false},"featured_media":0,"comment_status":"open","ping_status":"closed","template":"","meta":[],"product_brand":[],"product_cat":[137],"product_tag":[],"class_list":{"0":"post-23777","1":"product","2":"type-product","3":"status-publish","5":"product_cat-maros-megyei-eletrajzi-lexikon","7":"first","8":"instock","9":"shipping-taxable","10":"product-type-simple"},"_links":{"self":[{"href":"https:\/\/uj.adatbank.ro\/lexikon\/wp-json\/wp\/v2\/product\/23777","targetHints":{"allow":["GET"]}}],"collection":[{"href":"https:\/\/uj.adatbank.ro\/lexikon\/wp-json\/wp\/v2\/product"}],"about":[{"href":"https:\/\/uj.adatbank.ro\/lexikon\/wp-json\/wp\/v2\/types\/product"}],"replies":[{"embeddable":true,"href":"https:\/\/uj.adatbank.ro\/lexikon\/wp-json\/wp\/v2\/comments?post=23777"}],"wp:attachment":[{"href":"https:\/\/uj.adatbank.ro\/lexikon\/wp-json\/wp\/v2\/media?parent=23777"}],"wp:term":[{"taxonomy":"product_brand","embeddable":true,"href":"https:\/\/uj.adatbank.ro\/lexikon\/wp-json\/wp\/v2\/product_brand?post=23777"},{"taxonomy":"product_cat","embeddable":true,"href":"https:\/\/uj.adatbank.ro\/lexikon\/wp-json\/wp\/v2\/product_cat?post=23777"},{"taxonomy":"product_tag","embeddable":true,"href":"https:\/\/uj.adatbank.ro\/lexikon\/wp-json\/wp\/v2\/product_tag?post=23777"}],"curies":[{"name":"wp","href":"https:\/\/api.w.org\/{rel}","templated":true}]}}

UGRON István, ábránfalvi

<p>Bp., 1917. febr. 24, † 1997. febr. 27. Hamvai Szombatfalván (ami már összenőtt Udvarhellyel) az Ugron kriptában nyugszanak. – U. Gábor és Szalay Lili fia. Felesége: losonczi br. Bánffy Mária. Öt gyermekük: Béla (1945–), András (1947–), Mária – Bánffy Miklósné (1950–), Anikó – Kárpáty Zoltánné (1952–) és Zoltán (1964–), húsz unokájuk és negyven dédunokájuk van. – A bp.-i Ludovika Akad.-án híradósként végzett (1938). Szegeden, Pápán és Kv.-on szolgált, zászlóaljparancsnokként ért a háború végére. Több helyen dolgozott, több mint tíz évet töltött börtönben. <br /><strong>– Irod.:</strong> Derék magyar embernek és kereszténynek maradni / Oláh-Gál Elvira beszélgetése Ugron Istvánné báró Bánffy Máriával (Székelyföld, 2012, 1. sz.); Gudenus; Kornis; Oláh-Gál Elvira beszélgetése Ugron Istvánné báró Bánffy Máriával = Oláh-Gál Elvira: Nobile officium.</br></p>

<p>Bp., 1917. febr. 24, † 1997. febr. 27. Hamvai Szombatfalván (ami már összenőtt Udvarhellyel) az Ugron kriptában nyugszanak. – U. Gábor és Szalay Lili fia. Felesége: losonczi br. Bánffy Mária. Öt gyermekük: Béla (1945–), András (1947–), Mária – Bánffy Miklósné (1950–), Anikó – Kárpáty Zoltánné (1952–) és Zoltán (1964–), húsz unokájuk és negyven dédunokájuk van. [&hellip;]</p>
