{"id":23778,"date":"2025-08-01T17:41:14","date_gmt":"2025-08-01T15:41:14","guid":{"rendered":"https:\/\/uj.adatbank.ro\/lexikon\/termek\/ugron-janos-abrahamfalvi\/"},"modified":"2025-08-01T17:41:14","modified_gmt":"2025-08-01T15:41:14","slug":"ugron-janos-abrahamfalvi","status":"publish","type":"product","link":"https:\/\/uj.adatbank.ro\/lexikon\/termek\/ugron-janos-abrahamfalvi\/","title":{"rendered":"UGRON J\u00e1nos, \u00e1brah\u00e1mfalvi"},"content":{"rendered":"<p>17. sz. v\u00e9ge, \u2020\u00a018. sz. eleje: udvarhelysz\u00e9ki f\u0151kapit\u00e1ny, ogy. k\u00f6vet (1704). \u2013 Ferenc, udvarhelysz\u00e9ki f\u0151kir\u00e1lyb\u00edr\u00f3 (1668\u201383) \u00e9s borosny\u00f3i Tompa Ilona fia. Feles\u00e9ge: nagyercsei Tholdalagi Krisztina. Fiai: U. Istv\u00e1n (a mez\u0151z\u00e1hi \u00e1g alap\u00edt\u00f3ja), J\u00f3zsef (fiatfalvi \u00e1g alap\u00edt\u00f3ja) \u00e9s J\u00e1nos (szombatfalvi \u00e1g alap\u00edt\u00f3ja). <br \/><strong>\u2013 Irod.:<\/strong> Bicsok Zolt\u00e1n: Fondok \u00e9s gy\u0171jtem\u00e9nyek a Rom\u00e1n Orsz\u00e1gos Lev\u00e9lt\u00e1r Cs\u00edkszeredai Igazgat\u00f3s\u00e1g\u00e1nak kezel\u00e9s\u00e9ben 4. (\u00d6r\u00f6ks\u00e9g\u00fcnk, 2009, 4. sz.); P\u00e1lmay.<\/br><\/p>\n","protected":false},"excerpt":{"rendered":"<p>17. sz. v\u00e9ge, \u2020\u00a018. sz. eleje: udvarhelysz\u00e9ki f\u0151kapit\u00e1ny, ogy. k\u00f6vet (1704). \u2013 Ferenc, udvarhelysz\u00e9ki f\u0151kir\u00e1lyb\u00edr\u00f3 (1668\u201383) \u00e9s borosny\u00f3i Tompa Ilona fia. Feles\u00e9ge: nagyercsei Tholdalagi Krisztina. Fiai: U. Istv\u00e1n (a mez\u0151z\u00e1hi \u00e1g alap\u00edt\u00f3ja), J\u00f3zsef (fiatfalvi \u00e1g alap\u00edt\u00f3ja) \u00e9s J\u00e1nos (szombatfalvi \u00e1g alap\u00edt\u00f3ja). \u2013 Irod.: Bicsok Zolt\u00e1n: Fondok \u00e9s gy\u0171jtem\u00e9nyek a Rom\u00e1n Orsz\u00e1gos Lev\u00e9lt\u00e1r Cs\u00edkszeredai Igazgat\u00f3s\u00e1g\u00e1nak kezel\u00e9s\u00e9ben [&hellip;]<\/p>\n","protected":false},"featured_media":0,"comment_status":"open","ping_status":"closed","template":"","meta":[],"product_brand":[],"product_cat":[137],"product_tag":[],"class_list":{"0":"post-23778","1":"product","2":"type-product","3":"status-publish","5":"product_cat-maros-megyei-eletrajzi-lexikon","7":"first","8":"instock","9":"shipping-taxable","10":"product-type-simple"},"_links":{"self":[{"href":"https:\/\/uj.adatbank.ro\/lexikon\/wp-json\/wp\/v2\/product\/23778","targetHints":{"allow":["GET"]}}],"collection":[{"href":"https:\/\/uj.adatbank.ro\/lexikon\/wp-json\/wp\/v2\/product"}],"about":[{"href":"https:\/\/uj.adatbank.ro\/lexikon\/wp-json\/wp\/v2\/types\/product"}],"replies":[{"embeddable":true,"href":"https:\/\/uj.adatbank.ro\/lexikon\/wp-json\/wp\/v2\/comments?post=23778"}],"wp:attachment":[{"href":"https:\/\/uj.adatbank.ro\/lexikon\/wp-json\/wp\/v2\/media?parent=23778"}],"wp:term":[{"taxonomy":"product_brand","embeddable":true,"href":"https:\/\/uj.adatbank.ro\/lexikon\/wp-json\/wp\/v2\/product_brand?post=23778"},{"taxonomy":"product_cat","embeddable":true,"href":"https:\/\/uj.adatbank.ro\/lexikon\/wp-json\/wp\/v2\/product_cat?post=23778"},{"taxonomy":"product_tag","embeddable":true,"href":"https:\/\/uj.adatbank.ro\/lexikon\/wp-json\/wp\/v2\/product_tag?post=23778"}],"curies":[{"name":"wp","href":"https:\/\/api.w.org\/{rel}","templated":true}]}}

UGRON János, ábrahámfalvi

<p>17. sz. vége, † 18. sz. eleje: udvarhelyszéki főkapitány, ogy. követ (1704). – Ferenc, udvarhelyszéki főkirálybíró (1668–83) és borosnyói Tompa Ilona fia. Felesége: nagyercsei Tholdalagi Krisztina. Fiai: U. István (a mezőzáhi ág alapítója), József (fiatfalvi ág alapítója) és János (szombatfalvi ág alapítója). <br /><strong>– Irod.:</strong> Bicsok Zoltán: Fondok és gyűjtemények a Román Országos Levéltár Csíkszeredai Igazgatóságának kezelésében 4. (Örökségünk, 2009, 4. sz.); Pálmay.</br></p>

<p>17. sz. vége, † 18. sz. eleje: udvarhelyszéki főkapitány, ogy. követ (1704). – Ferenc, udvarhelyszéki főkirálybíró (1668–83) és borosnyói Tompa Ilona fia. Felesége: nagyercsei Tholdalagi Krisztina. Fiai: U. István (a mezőzáhi ág alapítója), József (fiatfalvi ág alapítója) és János (szombatfalvi ág alapítója). – Irod.: Bicsok Zoltán: Fondok és gyűjtemények a Román Országos Levéltár Csíkszeredai Igazgatóságának kezelésében [&hellip;]</p>
