{"id":23780,"date":"2025-08-01T17:41:18","date_gmt":"2025-08-01T15:41:18","guid":{"rendered":"https:\/\/uj.adatbank.ro\/lexikon\/termek\/ugron-miklos\/"},"modified":"2025-08-01T17:41:18","modified_gmt":"2025-08-01T15:41:18","slug":"ugron-miklos","status":"publish","type":"product","link":"https:\/\/uj.adatbank.ro\/lexikon\/termek\/ugron-miklos\/","title":{"rendered":"UGRON Mikl\u00f3s"},"content":{"rendered":"<p>Kv., 1858., \u2020\u00a01899. dec. 17.: mez\u0151z\u00e1hi f\u00f6ldbirtokos. \u2013 U. S\u00e1ndor (1826\u20131901) \u00e9s malomv\u00edzi gr. Kendeffy R\u00f3za fia. \u2013 A mez\u0151z\u00e1hi birtokon termesztett kit\u0171n\u0151 feh\u00e9r pecsenyebor\u00e1\u00e9rt Bp.-i Orsz\u00e1gos \u00c1ltal\u00e1nos Ki\u00e1ll.-on nagy \u00e9rmet kapott (1885). Korai hal\u00e1la miatt a birtokot \u00f6ccse, Istv\u00e1n \u00f6r\u00f6k\u00f6lte. Az EMKE alap\u00edt\u00f3 \u00e9s v\u00e1lasztott v\u00e1lasztm\u00e1nyi tagja (1885\u2013). <br \/><strong>\u2013 Irod.:<\/strong> 1885. \u00e9vi ki\u00e1ll.; Bord\u00e1s Be\u00e1ta: A mez\u0151z\u00e1hi Ugron-kast\u00e9ly \u00e9p\u00edt\u00e9st\u00f6rt\u00e9nete = Liber discipulorum; P\u00e1lmay; S\u00e1ndor.<\/br><\/p>\n","protected":false},"excerpt":{"rendered":"<p>Kv., 1858., \u2020\u00a01899. dec. 17.: mez\u0151z\u00e1hi f\u00f6ldbirtokos. \u2013 U. S\u00e1ndor (1826\u20131901) \u00e9s malomv\u00edzi gr. Kendeffy R\u00f3za fia. \u2013 A mez\u0151z\u00e1hi birtokon termesztett kit\u0171n\u0151 feh\u00e9r pecsenyebor\u00e1\u00e9rt Bp.-i Orsz\u00e1gos \u00c1ltal\u00e1nos Ki\u00e1ll.-on nagy \u00e9rmet kapott (1885). Korai hal\u00e1la miatt a birtokot \u00f6ccse, Istv\u00e1n \u00f6r\u00f6k\u00f6lte. Az EMKE alap\u00edt\u00f3 \u00e9s v\u00e1lasztott v\u00e1lasztm\u00e1nyi tagja (1885\u2013). \u2013 Irod.: 1885. \u00e9vi ki\u00e1ll.; Bord\u00e1s [&hellip;]<\/p>\n","protected":false},"featured_media":0,"comment_status":"open","ping_status":"closed","template":"","meta":[],"product_brand":[],"product_cat":[137],"product_tag":[],"class_list":{"0":"post-23780","1":"product","2":"type-product","3":"status-publish","5":"product_cat-maros-megyei-eletrajzi-lexikon","7":"first","8":"instock","9":"shipping-taxable","10":"product-type-simple"},"_links":{"self":[{"href":"https:\/\/uj.adatbank.ro\/lexikon\/wp-json\/wp\/v2\/product\/23780","targetHints":{"allow":["GET"]}}],"collection":[{"href":"https:\/\/uj.adatbank.ro\/lexikon\/wp-json\/wp\/v2\/product"}],"about":[{"href":"https:\/\/uj.adatbank.ro\/lexikon\/wp-json\/wp\/v2\/types\/product"}],"replies":[{"embeddable":true,"href":"https:\/\/uj.adatbank.ro\/lexikon\/wp-json\/wp\/v2\/comments?post=23780"}],"wp:attachment":[{"href":"https:\/\/uj.adatbank.ro\/lexikon\/wp-json\/wp\/v2\/media?parent=23780"}],"wp:term":[{"taxonomy":"product_brand","embeddable":true,"href":"https:\/\/uj.adatbank.ro\/lexikon\/wp-json\/wp\/v2\/product_brand?post=23780"},{"taxonomy":"product_cat","embeddable":true,"href":"https:\/\/uj.adatbank.ro\/lexikon\/wp-json\/wp\/v2\/product_cat?post=23780"},{"taxonomy":"product_tag","embeddable":true,"href":"https:\/\/uj.adatbank.ro\/lexikon\/wp-json\/wp\/v2\/product_tag?post=23780"}],"curies":[{"name":"wp","href":"https:\/\/api.w.org\/{rel}","templated":true}]}}