{"id":23783,"date":"2025-08-01T17:41:27","date_gmt":"2025-08-01T15:41:27","guid":{"rendered":"https:\/\/uj.adatbank.ro\/lexikon\/termek\/ugron-sandor\/"},"modified":"2025-08-01T17:41:27","modified_gmt":"2025-08-01T15:41:27","slug":"ugron-sandor","status":"publish","type":"product","link":"https:\/\/uj.adatbank.ro\/lexikon\/termek\/ugron-sandor\/","title":{"rendered":"UGRON S\u00e1ndor"},"content":{"rendered":"<p>1826., \u2020 1901: f\u00f6ldbirtokos. \u2013 Feles\u00e9ge: malomv\u00edzi Kendeffy Roz\u00e1lia. Gyermekeik: Mikl\u00f3s, Ilona, Istv\u00e1n, Roz\u00e1lia. \u2013 A mez\u0151z\u00e1hi birtok \u00f6r\u00f6k\u00f6se volt. <br \/><strong>\u2013 Irod.:<\/strong> Bord\u00e1s Be\u00e1ta: A mez\u0151z\u00e1hi Ugron-kast\u00e9ly \u00e9p\u00edt\u00e9st\u00f6rt\u00e9nete = Liber discipulorum.<\/br><\/p>\n","protected":false},"excerpt":{"rendered":"<p>1826., \u2020 1901: f\u00f6ldbirtokos. \u2013 Feles\u00e9ge: malomv\u00edzi Kendeffy Roz\u00e1lia. Gyermekeik: Mikl\u00f3s, Ilona, Istv\u00e1n, Roz\u00e1lia. \u2013 A mez\u0151z\u00e1hi birtok \u00f6r\u00f6k\u00f6se volt. \u2013 Irod.: Bord\u00e1s Be\u00e1ta: A mez\u0151z\u00e1hi Ugron-kast\u00e9ly \u00e9p\u00edt\u00e9st\u00f6rt\u00e9nete = Liber discipulorum.<\/p>\n","protected":false},"featured_media":0,"comment_status":"open","ping_status":"closed","template":"","meta":[],"product_brand":[],"product_cat":[137],"product_tag":[],"class_list":{"0":"post-23783","1":"product","2":"type-product","3":"status-publish","5":"product_cat-maros-megyei-eletrajzi-lexikon","7":"first","8":"instock","9":"shipping-taxable","10":"product-type-simple"},"_links":{"self":[{"href":"https:\/\/uj.adatbank.ro\/lexikon\/wp-json\/wp\/v2\/product\/23783","targetHints":{"allow":["GET"]}}],"collection":[{"href":"https:\/\/uj.adatbank.ro\/lexikon\/wp-json\/wp\/v2\/product"}],"about":[{"href":"https:\/\/uj.adatbank.ro\/lexikon\/wp-json\/wp\/v2\/types\/product"}],"replies":[{"embeddable":true,"href":"https:\/\/uj.adatbank.ro\/lexikon\/wp-json\/wp\/v2\/comments?post=23783"}],"wp:attachment":[{"href":"https:\/\/uj.adatbank.ro\/lexikon\/wp-json\/wp\/v2\/media?parent=23783"}],"wp:term":[{"taxonomy":"product_brand","embeddable":true,"href":"https:\/\/uj.adatbank.ro\/lexikon\/wp-json\/wp\/v2\/product_brand?post=23783"},{"taxonomy":"product_cat","embeddable":true,"href":"https:\/\/uj.adatbank.ro\/lexikon\/wp-json\/wp\/v2\/product_cat?post=23783"},{"taxonomy":"product_tag","embeddable":true,"href":"https:\/\/uj.adatbank.ro\/lexikon\/wp-json\/wp\/v2\/product_tag?post=23783"}],"curies":[{"name":"wp","href":"https:\/\/api.w.org\/{rel}","templated":true}]}}