{"id":23786,"date":"2025-08-01T17:41:35","date_gmt":"2025-08-01T15:41:35","guid":{"rendered":"https:\/\/uj.adatbank.ro\/lexikon\/termek\/uilacan-alexandru\/"},"modified":"2025-08-01T17:41:35","modified_gmt":"2025-08-01T15:41:35","slug":"uilacan-alexandru","status":"publish","type":"product","link":"https:\/\/uj.adatbank.ro\/lexikon\/termek\/uilacan-alexandru\/","title":{"rendered":"UIL\u0102CAN, Alexandru"},"content":{"rendered":"<p>Harc\u00f3, 1846. j\u00fan. 17. \u2020 Bal\u00e1zsfalva, 1927.: g. kat. pap, tan\u00e1r, tank\u00f6nyv\u00edr\u00f3. \u2013 Elemi isk.-t Tek\u00e9ben a sz\u00e1sz isk.-ban, r. kat. l\u00edc.-t Mv.-en \u00e9s Bal\u00e1zsfalv\u00e1n v\u00e9gezte (\u00e9retts\u00e9gizett 1872). P\u00e1rhuzamosan teol\u00f3gi\u00e1t is v\u00e9gzett. Kv.-on az akkor l\u00e9tes\u00fclt egyetemen term\u00e9szetrajz szakot hallgatott (1878\u201391). Bal\u00e1zsfalv\u00e1n a l\u00edc.-ban m. nyelvet \u00e9s term\u00e9szetrajzot tan\u00edtott, a bal\u00e1zsfalvi Botanikus Kert l\u00e9trehoz\u00f3ja. K\u00e9s\u0151bb a teol\u00f3gi\u00e1n is tan\u00edtott k\u00f6zgazdas\u00e1gtant. Victor Mihalyi mitropolita kinevezte Bal\u00e1zsfalva kanonokj\u00e1v\u00e1 (1906\u2013). az esperesi isk.-i bizotts\u00e1g tagja \u00e9s \u00fcln\u00f6k volt a t\u00f6rv\u00e9nysz\u00e9ken. \u00c9lete utols\u00f3 t\u00edz \u00e9v\u00e9ben betegeskedett. Sokat tett a rom\u00e1n tannyelv\u0171 n\u00e9poktat\u00e1s fejleszt\u00e9s\u00e9\u00e9rt, \u00faj tan\u00edt\u00e1si \u00e9s nevel\u00e9si m\u00f3dszerek bevezet\u00e9s\u00e9\u00e9rt. A tanul\u00f3k elm\u00e9leti ismereteinek a gyakorlattal val\u00f3 \u00f6sszek\u00f6t\u00e9se \u00e9rdek\u00e9ben l\u00e9tes\u00edtette a l\u00edc. mellett, Eur\u00f3pa \u00e9s az orsz\u00e1g, els\u0151 isk.-i botanikus kertj\u00e9t, ahol a k\u00f6rny\u00e9k fl\u00f3r\u00e1j\u00e1t mutatta be. T\u00f6bb katal\u00f3gust is k\u00e9sz\u00edtett az erd\u00e9lyi n\u00f6v\u00e9nyvil\u00e1gr\u00f3l. \u00c9rdemei\u00e9rt a Bp.-i Term\u00e9szettudom\u00e1nyi T\u00e1rs.; a M\u00e9h\u00e9sz T\u00e1rs. \u00e9s a K\u00f6z\u00e9piskol\u00e1s Tan\u00e1rok Egyes\u00fclet\u00e9nek tagj\u00e1v\u00e1 v\u00e1lasztott\u00e1k. Nagy gonddal rendezte a term\u00e9szettudom\u00e1nyi m\u00fazeumot, amelyet Simion Mihalyi l\u00e9tes\u00edtett az erd\u00e9lyi \u00e9rtelmis\u00e9g anyagi t\u00e1mogat\u00e1s\u00e1val (1858\u201359). A tank\u00f6nyvhi\u00e1ny arra k\u00e9sztette, hogy meg\u00edrja, az egyes oszt.-ok tananyaga alapj\u00e1n, a megfelel\u0151 tank\u00f6nyvet: term\u00e9szetrajz, \u00e1llattan, botanika, \u00e1sv\u00e1nytan tank\u00f6nyveket. Szerkeszt\u0151je volt az \u00fajonnan megjelent Foaia bisericeasc\u0103 \u015fi \u015fcolastic\u0103 c. \u00fajs\u00e1g iskol\u00e1val foglalkoz\u00f3 r\u00e9sz\u00e9nek (1887\u201391). Cikkei a Foaia \u015fcolastica-ban jelentek meg melynek szerkeszt\u0151je is volt (1887\u201390). \u2013  <strong>F. m..:<\/strong> Geografia pentru clasa I. (Blaj, s.a.); Geografia pentru clasa II. (Blaj, s.a.); Istoria natural\u0103 pentru \u015fcolile poporale (Blaj, s.a); Mineralogia, pentru clasa IV. (Blaj, s.a.); Zoologia pentru clasa VI. (Blaj, s.a.). <br \/><strong>\u2013 Irod.:<\/strong> Chiorean 2008; Com\u015fa; \u015eerban 2006; Todea.<\/br><\/p>\n","protected":false},"excerpt":{"rendered":"<p>Harc\u00f3, 1846. j\u00fan. 17. \u2020 Bal\u00e1zsfalva, 1927.: g. kat. pap, tan\u00e1r, tank\u00f6nyv\u00edr\u00f3. \u2013 Elemi isk.-t Tek\u00e9ben a sz\u00e1sz isk.-ban, r. kat. l\u00edc.-t Mv.-en \u00e9s Bal\u00e1zsfalv\u00e1n v\u00e9gezte (\u00e9retts\u00e9gizett 1872). P\u00e1rhuzamosan teol\u00f3gi\u00e1t is v\u00e9gzett. Kv.-on az akkor l\u00e9tes\u00fclt egyetemen term\u00e9szetrajz szakot hallgatott (1878\u201391). Bal\u00e1zsfalv\u00e1n a l\u00edc.-ban m. nyelvet \u00e9s term\u00e9szetrajzot tan\u00edtott, a bal\u00e1zsfalvi Botanikus Kert l\u00e9trehoz\u00f3ja. K\u00e9s\u0151bb [&hellip;]<\/p>\n","protected":false},"featured_media":0,"comment_status":"open","ping_status":"closed","template":"","meta":[],"product_brand":[],"product_cat":[137],"product_tag":[],"class_list":{"0":"post-23786","1":"product","2":"type-product","3":"status-publish","5":"product_cat-maros-megyei-eletrajzi-lexikon","7":"first","8":"instock","9":"shipping-taxable","10":"product-type-simple"},"_links":{"self":[{"href":"https:\/\/uj.adatbank.ro\/lexikon\/wp-json\/wp\/v2\/product\/23786","targetHints":{"allow":["GET"]}}],"collection":[{"href":"https:\/\/uj.adatbank.ro\/lexikon\/wp-json\/wp\/v2\/product"}],"about":[{"href":"https:\/\/uj.adatbank.ro\/lexikon\/wp-json\/wp\/v2\/types\/product"}],"replies":[{"embeddable":true,"href":"https:\/\/uj.adatbank.ro\/lexikon\/wp-json\/wp\/v2\/comments?post=23786"}],"wp:attachment":[{"href":"https:\/\/uj.adatbank.ro\/lexikon\/wp-json\/wp\/v2\/media?parent=23786"}],"wp:term":[{"taxonomy":"product_brand","embeddable":true,"href":"https:\/\/uj.adatbank.ro\/lexikon\/wp-json\/wp\/v2\/product_brand?post=23786"},{"taxonomy":"product_cat","embeddable":true,"href":"https:\/\/uj.adatbank.ro\/lexikon\/wp-json\/wp\/v2\/product_cat?post=23786"},{"taxonomy":"product_tag","embeddable":true,"href":"https:\/\/uj.adatbank.ro\/lexikon\/wp-json\/wp\/v2\/product_tag?post=23786"}],"curies":[{"name":"wp","href":"https:\/\/api.w.org\/{rel}","templated":true}]}}

UILĂCAN, Alexandru

<p>Harcó, 1846. jún. 17. † Balázsfalva, 1927.: g. kat. pap, tanár, tankönyvíró. – Elemi isk.-t Tekében a szász isk.-ban, r. kat. líc.-t Mv.-en és Balázsfalván végezte (érettségizett 1872). Párhuzamosan teológiát is végzett. Kv.-on az akkor létesült egyetemen természetrajz szakot hallgatott (1878–91). Balázsfalván a líc.-ban m. nyelvet és természetrajzot tanított, a balázsfalvi Botanikus Kert létrehozója. Később a teológián is tanított közgazdaságtant. Victor Mihalyi mitropolita kinevezte Balázsfalva kanonokjává (1906–). az esperesi isk.-i bizottság tagja és ülnök volt a törvényszéken. Élete utolsó tíz évében betegeskedett. Sokat tett a román tannyelvű népoktatás fejlesztéséért, új tanítási és nevelési módszerek bevezetéséért. A tanulók elméleti ismereteinek a gyakorlattal való összekötése érdekében létesítette a líc. mellett, Európa és az ország, első isk.-i botanikus kertjét, ahol a környék flóráját mutatta be. Több katalógust is készített az erdélyi növényvilágról. Érdemeiért a Bp.-i Természettudományi Társ.; a Méhész Társ. és a Középiskolás Tanárok Egyesületének tagjává választották. Nagy gonddal rendezte a természettudományi múzeumot, amelyet Simion Mihalyi létesített az erdélyi értelmiség anyagi támogatásával (1858–59). A tankönyvhiány arra késztette, hogy megírja, az egyes oszt.-ok tananyaga alapján, a megfelelő tankönyvet: természetrajz, állattan, botanika, ásványtan tankönyveket. Szerkesztője volt az újonnan megjelent Foaia bisericească şi şcolastică c. újság iskolával foglalkozó részének (1887–91). Cikkei a Foaia şcolastica-ban jelentek meg melynek szerkesztője is volt (1887–90). –  <strong>F. m..:</strong> Geografia pentru clasa I. (Blaj, s.a.); Geografia pentru clasa II. (Blaj, s.a.); Istoria naturală pentru şcolile poporale (Blaj, s.a); Mineralogia, pentru clasa IV. (Blaj, s.a.); Zoologia pentru clasa VI. (Blaj, s.a.). <br /><strong>– Irod.:</strong> Chiorean 2008; Comşa; Şerban 2006; Todea.</br></p>

<p>Harcó, 1846. jún. 17. † Balázsfalva, 1927.: g. kat. pap, tanár, tankönyvíró. – Elemi isk.-t Tekében a szász isk.-ban, r. kat. líc.-t Mv.-en és Balázsfalván végezte (érettségizett 1872). Párhuzamosan teológiát is végzett. Kv.-on az akkor létesült egyetemen természetrajz szakot hallgatott (1878–91). Balázsfalván a líc.-ban m. nyelvet és természetrajzot tanított, a balázsfalvi Botanikus Kert létrehozója. Később [&hellip;]</p>
