{"id":23788,"date":"2025-08-01T17:41:39","date_gmt":"2025-08-01T15:41:39","guid":{"rendered":"https:\/\/uj.adatbank.ro\/lexikon\/termek\/uilacan-gheorghe-%c2%a7\/"},"modified":"2025-08-01T17:41:39","modified_gmt":"2025-08-01T15:41:39","slug":"uilacan-gheorghe-%c2%a7","status":"publish","type":"product","link":"https:\/\/uj.adatbank.ro\/lexikon\/termek\/uilacan-gheorghe-%c2%a7\/","title":{"rendered":"UIL\u0102CAN, Gheorghe, \u00a7"},"content":{"rendered":"<p>Mez\u0151szentp\u00e9ter \/ Uzdiszentp\u00e9ter, 1888., \u2020 Dics\u0151szentm\u00e1rton, 1941.: tan\u00edt\u00f3. \u2013 Tan\u00edt\u00f3k\u00e9pz\u0151t Nasz\u00f3don v\u00e9gzett, Hod\u00e1kra nevezt\u00e9k ki igazgat\u00f3tan\u00edt\u00f3nak. A II. vh.-ban Olaszorsz\u00e1gig jutott a katonai egys\u00e9g\u00e9vel. Megsz\u00f6k\u00f6tt az osztr\u00e1k\u2013m. hadseregb\u0151l, \u00e9s hazament Hod\u00e1kra, ahol Toka \u00e9s \u00c1rsica faluban is megszervezte a Rom\u00e1n Nemzeti Bizotts\u00e1got \u00e9s Nemzeti G\u00e1rd\u00e1t. M\u00e9g \u00f6t hod\u00e1ki polg\u00e1rral egy\u00fctt r\u00e9szt vett Gyulafeh\u00e9rv\u00e1ron az Egyes\u00fcl\u00e9si Nagygy\u0171l\u00e9sen (1918. dec. 1). N\u00e9h\u00e1ny \u00e9vig iskolai revizor G\u00f6rg\u00e9ny k\u00f6rzetben. Maros megyei liber\u00e1lis tan\u00e1csos (1937). Megszervezte a hod\u00e1ki ifj\u00fas\u00e1g sport\u00e9let\u00e9t, sportegyletet hozott l\u00e9tre. Az \u201eAlbina\u201d Hitelsz\u00f6vetkezet eln\u00f6ke (1940-ig). Ekkor Dics\u0151szentm\u00e1rtonba menek\u00fclt, ahol a \u201eZorile\u201d F\u00f6der\u00e1ci\u00f3 vezet\u0151s\u00e9gi tagja volt. <br \/><strong>\u2013 Irod.:<\/strong> Abaf\u00e1ja; Dasc\u0103li mure\u015feni, 4.<\/br><\/p>\n","protected":false},"excerpt":{"rendered":"<p>Mez\u0151szentp\u00e9ter \/ Uzdiszentp\u00e9ter, 1888., \u2020 Dics\u0151szentm\u00e1rton, 1941.: tan\u00edt\u00f3. \u2013 Tan\u00edt\u00f3k\u00e9pz\u0151t Nasz\u00f3don v\u00e9gzett, Hod\u00e1kra nevezt\u00e9k ki igazgat\u00f3tan\u00edt\u00f3nak. A II. vh.-ban Olaszorsz\u00e1gig jutott a katonai egys\u00e9g\u00e9vel. Megsz\u00f6k\u00f6tt az osztr\u00e1k\u2013m. hadseregb\u0151l, \u00e9s hazament Hod\u00e1kra, ahol Toka \u00e9s \u00c1rsica faluban is megszervezte a Rom\u00e1n Nemzeti Bizotts\u00e1got \u00e9s Nemzeti G\u00e1rd\u00e1t. M\u00e9g \u00f6t hod\u00e1ki polg\u00e1rral egy\u00fctt r\u00e9szt vett Gyulafeh\u00e9rv\u00e1ron az Egyes\u00fcl\u00e9si [&hellip;]<\/p>\n","protected":false},"featured_media":0,"comment_status":"open","ping_status":"closed","template":"","meta":[],"product_brand":[],"product_cat":[137],"product_tag":[],"class_list":{"0":"post-23788","1":"product","2":"type-product","3":"status-publish","5":"product_cat-maros-megyei-eletrajzi-lexikon","7":"first","8":"instock","9":"shipping-taxable","10":"product-type-simple"},"_links":{"self":[{"href":"https:\/\/uj.adatbank.ro\/lexikon\/wp-json\/wp\/v2\/product\/23788","targetHints":{"allow":["GET"]}}],"collection":[{"href":"https:\/\/uj.adatbank.ro\/lexikon\/wp-json\/wp\/v2\/product"}],"about":[{"href":"https:\/\/uj.adatbank.ro\/lexikon\/wp-json\/wp\/v2\/types\/product"}],"replies":[{"embeddable":true,"href":"https:\/\/uj.adatbank.ro\/lexikon\/wp-json\/wp\/v2\/comments?post=23788"}],"wp:attachment":[{"href":"https:\/\/uj.adatbank.ro\/lexikon\/wp-json\/wp\/v2\/media?parent=23788"}],"wp:term":[{"taxonomy":"product_brand","embeddable":true,"href":"https:\/\/uj.adatbank.ro\/lexikon\/wp-json\/wp\/v2\/product_brand?post=23788"},{"taxonomy":"product_cat","embeddable":true,"href":"https:\/\/uj.adatbank.ro\/lexikon\/wp-json\/wp\/v2\/product_cat?post=23788"},{"taxonomy":"product_tag","embeddable":true,"href":"https:\/\/uj.adatbank.ro\/lexikon\/wp-json\/wp\/v2\/product_tag?post=23788"}],"curies":[{"name":"wp","href":"https:\/\/api.w.org\/{rel}","templated":true}]}}

UILĂCAN, Gheorghe, §

<p>Mezőszentpéter / Uzdiszentpéter, 1888., † Dicsőszentmárton, 1941.: tanító. – Tanítóképzőt Naszódon végzett, Hodákra nevezték ki igazgatótanítónak. A II. vh.-ban Olaszországig jutott a katonai egységével. Megszökött az osztrák–m. hadseregből, és hazament Hodákra, ahol Toka és Ársica faluban is megszervezte a Román Nemzeti Bizottságot és Nemzeti Gárdát. Még öt hodáki polgárral együtt részt vett Gyulafehérváron az Egyesülési Nagygyűlésen (1918. dec. 1). Néhány évig iskolai revizor Görgény körzetben. Maros megyei liberális tanácsos (1937). Megszervezte a hodáki ifjúság sportéletét, sportegyletet hozott létre. Az „Albina” Hitelszövetkezet elnöke (1940-ig). Ekkor Dicsőszentmártonba menekült, ahol a „Zorile” Föderáció vezetőségi tagja volt. <br /><strong>– Irod.:</strong> Abafája; Dascăli mureşeni, 4.</br></p>

<p>Mezőszentpéter / Uzdiszentpéter, 1888., † Dicsőszentmárton, 1941.: tanító. – Tanítóképzőt Naszódon végzett, Hodákra nevezték ki igazgatótanítónak. A II. vh.-ban Olaszországig jutott a katonai egységével. Megszökött az osztrák–m. hadseregből, és hazament Hodákra, ahol Toka és Ársica faluban is megszervezte a Román Nemzeti Bizottságot és Nemzeti Gárdát. Még öt hodáki polgárral együtt részt vett Gyulafehérváron az Egyesülési [&hellip;]</p>
