{"id":23789,"date":"2025-08-01T17:41:42","date_gmt":"2025-08-01T15:41:42","guid":{"rendered":"https:\/\/uj.adatbank.ro\/lexikon\/termek\/uilacan-petru\/"},"modified":"2025-08-01T17:41:42","modified_gmt":"2025-08-01T15:41:42","slug":"uilacan-petru","status":"publish","type":"product","link":"https:\/\/uj.adatbank.ro\/lexikon\/termek\/uilacan-petru\/","title":{"rendered":"UIL\u0102CAN, Petru"},"content":{"rendered":"<p>Harc\u00f3, 1848. okt. 14., \u2020 Sz\u00e1szr\u00e9gen, 1905. nov. 11.: g. kat. pap. \u2013 Apja: U. Gheorghe, g. kat. lelk\u00e9sz Uzdiszentp\u00e9terben. \u2013 Tanulm\u00e1nyait Mv.-en kezdte, Bal\u00e1zsfalv\u00e1n folytatta, B\u00e9csben az Augustineumban (1874) teol\u00f3gi\u00e1t, a b\u00e9csi Egy. B\u00f6lcs kar\u00e1n (1874\u201375) a Szt. Borb\u00e1la Int\u00e9zetben tanult, majd Bal\u00e1zsfalv\u00e1n szentelt\u00e9k papp\u00e1 (1873. nov.2.), \u00e9s az \u00e9rseks\u00e9gen kapott \u00e1ll\u00e1st, azut\u00e1n az \u00e9rseki t\u00f6rv\u00e9nysz\u00e9k jegyz\u0151je, \u00fcln\u00f6ke. K\u00e1pl\u00e1n Kv.-on (1875\u201378), ezalatt filoz\u00f3fi\u00e1t, matematik\u00e1t \u00e9s term\u00e9szetrajzot tanult az FJTE (1874\u201378). Bal\u00e1zsfalv\u00e1n esperes \u00e9s a hittudom\u00e1ny tan\u00e1ra a szemin\u00e1riumban (1878\u201388); Sz\u00e1szr\u00e9genben pl\u00e9b\u00e1nos \u00e9s esperes (1888. \u00e1pr. 22.\u20131905). Megv\u00e1lasztott\u00e1k a kl\u00e9rus konferenci\u00e1j\u00e1nak jegyz\u0151j\u00e9v\u00e9, amely a mitropolita-v\u00e1laszt\u00e1st k\u00e9sz\u00edtette el\u0151 (1893. \u00e1pr. 15.\u2013). N\u0151tlen pap volt. ASTRA tagja (1888), p\u00e9nzt\u00e1rosa, eln\u00f6ke (1896\u2013). A Sz\u00e1szr\u00e9geni V\u00e1laszt\u00e1si Klub tagja, r\u00e9szt vett a szebeni kongresszuson (1892). Sokat tett a rom\u00e1n oktat\u00e1s\u00e9rt, taner\u0151k\u00e9rt. A Rom\u00e1n Nemzeti P\u00e1rt tagjak\u00e9nt megszavazta a Memorandumot (1892). Egyh\u00e1zmegyei \u00fcln\u00f6k. Az Albina Bank fel\u00fcgyel\u0151bizotts\u00e1g\u00e1nak tagja. A Familia-ban k\u00f6z\u00f6lte Amintiri despre Eminescu c. visszaeml\u00e9kez\u00e9s\u00e9t (1902). <br \/><strong>\u2013 Irod.:<\/strong> Com\u015fa; Dobozi; Nistor, Ioan Silviu: Cultura rom\u00e2n\u0103 modern\u0103 \u015fi idealurile na\u0163ionale (Buc., 1997); Regh. cult. 2.; S\u00e2npetru de C\u00e2mpie; Szab\u00f3\u2013Simon\u2013Sz\u00f6gi; Todea 2013.<\/br><\/p>\n","protected":false},"excerpt":{"rendered":"<p>Harc\u00f3, 1848. okt. 14., \u2020 Sz\u00e1szr\u00e9gen, 1905. nov. 11.: g. kat. pap. \u2013 Apja: U. Gheorghe, g. kat. lelk\u00e9sz Uzdiszentp\u00e9terben. \u2013 Tanulm\u00e1nyait Mv.-en kezdte, Bal\u00e1zsfalv\u00e1n folytatta, B\u00e9csben az Augustineumban (1874) teol\u00f3gi\u00e1t, a b\u00e9csi Egy. B\u00f6lcs kar\u00e1n (1874\u201375) a Szt. Borb\u00e1la Int\u00e9zetben tanult, majd Bal\u00e1zsfalv\u00e1n szentelt\u00e9k papp\u00e1 (1873. nov.2.), \u00e9s az \u00e9rseks\u00e9gen kapott \u00e1ll\u00e1st, azut\u00e1n az [&hellip;]<\/p>\n","protected":false},"featured_media":0,"comment_status":"open","ping_status":"closed","template":"","meta":[],"product_brand":[],"product_cat":[137],"product_tag":[],"class_list":{"0":"post-23789","1":"product","2":"type-product","3":"status-publish","5":"product_cat-maros-megyei-eletrajzi-lexikon","7":"first","8":"instock","9":"shipping-taxable","10":"product-type-simple"},"_links":{"self":[{"href":"https:\/\/uj.adatbank.ro\/lexikon\/wp-json\/wp\/v2\/product\/23789","targetHints":{"allow":["GET"]}}],"collection":[{"href":"https:\/\/uj.adatbank.ro\/lexikon\/wp-json\/wp\/v2\/product"}],"about":[{"href":"https:\/\/uj.adatbank.ro\/lexikon\/wp-json\/wp\/v2\/types\/product"}],"replies":[{"embeddable":true,"href":"https:\/\/uj.adatbank.ro\/lexikon\/wp-json\/wp\/v2\/comments?post=23789"}],"wp:attachment":[{"href":"https:\/\/uj.adatbank.ro\/lexikon\/wp-json\/wp\/v2\/media?parent=23789"}],"wp:term":[{"taxonomy":"product_brand","embeddable":true,"href":"https:\/\/uj.adatbank.ro\/lexikon\/wp-json\/wp\/v2\/product_brand?post=23789"},{"taxonomy":"product_cat","embeddable":true,"href":"https:\/\/uj.adatbank.ro\/lexikon\/wp-json\/wp\/v2\/product_cat?post=23789"},{"taxonomy":"product_tag","embeddable":true,"href":"https:\/\/uj.adatbank.ro\/lexikon\/wp-json\/wp\/v2\/product_tag?post=23789"}],"curies":[{"name":"wp","href":"https:\/\/api.w.org\/{rel}","templated":true}]}}

UILĂCAN, Petru

<p>Harcó, 1848. okt. 14., † Szászrégen, 1905. nov. 11.: g. kat. pap. – Apja: U. Gheorghe, g. kat. lelkész Uzdiszentpéterben. – Tanulmányait Mv.-en kezdte, Balázsfalván folytatta, Bécsben az Augustineumban (1874) teológiát, a bécsi Egy. Bölcs karán (1874–75) a Szt. Borbála Intézetben tanult, majd Balázsfalván szentelték pappá (1873. nov.2.), és az érsekségen kapott állást, azután az érseki törvényszék jegyzője, ülnöke. Káplán Kv.-on (1875–78), ezalatt filozófiát, matematikát és természetrajzot tanult az FJTE (1874–78). Balázsfalván esperes és a hittudomány tanára a szemináriumban (1878–88); Szászrégenben plébános és esperes (1888. ápr. 22.–1905). Megválasztották a klérus konferenciájának jegyzőjévé, amely a mitropolita-választást készítette elő (1893. ápr. 15.–). Nőtlen pap volt. ASTRA tagja (1888), pénztárosa, elnöke (1896–). A Szászrégeni Választási Klub tagja, részt vett a szebeni kongresszuson (1892). Sokat tett a román oktatásért, tanerőkért. A Román Nemzeti Párt tagjaként megszavazta a Memorandumot (1892). Egyházmegyei ülnök. Az Albina Bank felügyelőbizottságának tagja. A Familia-ban közölte Amintiri despre Eminescu c. visszaemlékezését (1902). <br /><strong>– Irod.:</strong> Comşa; Dobozi; Nistor, Ioan Silviu: Cultura română modernă şi idealurile naţionale (Buc., 1997); Regh. cult. 2.; Sânpetru de Câmpie; Szabó–Simon–Szögi; Todea 2013.</br></p>

<p>Harcó, 1848. okt. 14., † Szászrégen, 1905. nov. 11.: g. kat. pap. – Apja: U. Gheorghe, g. kat. lelkész Uzdiszentpéterben. – Tanulmányait Mv.-en kezdte, Balázsfalván folytatta, Bécsben az Augustineumban (1874) teológiát, a bécsi Egy. Bölcs karán (1874–75) a Szt. Borbála Intézetben tanult, majd Balázsfalván szentelték pappá (1873. nov.2.), és az érsekségen kapott állást, azután az [&hellip;]</p>
