{"id":23817,"date":"2025-08-01T17:42:52","date_gmt":"2025-08-01T15:42:52","guid":{"rendered":"https:\/\/uj.adatbank.ro\/lexikon\/termek\/ujlaki-janos\/"},"modified":"2025-08-01T17:42:52","modified_gmt":"2025-08-01T15:42:52","slug":"ujlaki-janos","status":"publish","type":"product","link":"https:\/\/uj.adatbank.ro\/lexikon\/termek\/ujlaki-janos\/","title":{"rendered":"\u00daJLAKI J\u00e1nos"},"content":{"rendered":"<p>Beresztelke, 1891., \u2020\u00a0?: kov\u00e1cs, gazd\u00e1lkod\u00f3. \u2013 A kov\u00e1csipart tanulta \u00e9s felszabadul\u00e1sa ut\u00e1n mint \u00f6n\u00e1ll\u00f3 mester m\u0171k\u00f6d\u00f6tt (\u20131922), a nagy ad\u00f3 miatt abba hagyta ipar\u00e1t \u00e9s azut\u00e1n gazd\u00e1lkodott. Az els\u0151 vh.-ban a 12. hegyi t\u00fcz\u00e9r ezredben a szerb, orosz, rom\u00e1n fronton harcolt, a bronz vit. \u00e9rem, a K\u00e1roly Csapatkereszt, valamint a koron\u00e1s vaskereszt kit\u00fcntetettje volt, mint t\u0171zmester szerelt le. A MP tagja, \u00fcld\u00f6ztet\u00e9sben volt r\u00e9sze, hadb\u00edr\u00f3s\u00e1g el\u0151tt is \u00e1llt. <br \/><strong>\u2013 Irod.:<\/strong> Sz\u00e9kelyf\u00f6ld \u00ed. k.<\/br><\/p>\n","protected":false},"excerpt":{"rendered":"<p>Beresztelke, 1891., \u2020\u00a0?: kov\u00e1cs, gazd\u00e1lkod\u00f3. \u2013 A kov\u00e1csipart tanulta \u00e9s felszabadul\u00e1sa ut\u00e1n mint \u00f6n\u00e1ll\u00f3 mester m\u0171k\u00f6d\u00f6tt (\u20131922), a nagy ad\u00f3 miatt abba hagyta ipar\u00e1t \u00e9s azut\u00e1n gazd\u00e1lkodott. Az els\u0151 vh.-ban a 12. hegyi t\u00fcz\u00e9r ezredben a szerb, orosz, rom\u00e1n fronton harcolt, a bronz vit. \u00e9rem, a K\u00e1roly Csapatkereszt, valamint a koron\u00e1s vaskereszt kit\u00fcntetettje volt, mint [&hellip;]<\/p>\n","protected":false},"featured_media":0,"comment_status":"open","ping_status":"closed","template":"","meta":[],"product_brand":[],"product_cat":[137],"product_tag":[],"class_list":{"0":"post-23817","1":"product","2":"type-product","3":"status-publish","5":"product_cat-maros-megyei-eletrajzi-lexikon","7":"first","8":"instock","9":"shipping-taxable","10":"product-type-simple"},"_links":{"self":[{"href":"https:\/\/uj.adatbank.ro\/lexikon\/wp-json\/wp\/v2\/product\/23817","targetHints":{"allow":["GET"]}}],"collection":[{"href":"https:\/\/uj.adatbank.ro\/lexikon\/wp-json\/wp\/v2\/product"}],"about":[{"href":"https:\/\/uj.adatbank.ro\/lexikon\/wp-json\/wp\/v2\/types\/product"}],"replies":[{"embeddable":true,"href":"https:\/\/uj.adatbank.ro\/lexikon\/wp-json\/wp\/v2\/comments?post=23817"}],"wp:attachment":[{"href":"https:\/\/uj.adatbank.ro\/lexikon\/wp-json\/wp\/v2\/media?parent=23817"}],"wp:term":[{"taxonomy":"product_brand","embeddable":true,"href":"https:\/\/uj.adatbank.ro\/lexikon\/wp-json\/wp\/v2\/product_brand?post=23817"},{"taxonomy":"product_cat","embeddable":true,"href":"https:\/\/uj.adatbank.ro\/lexikon\/wp-json\/wp\/v2\/product_cat?post=23817"},{"taxonomy":"product_tag","embeddable":true,"href":"https:\/\/uj.adatbank.ro\/lexikon\/wp-json\/wp\/v2\/product_tag?post=23817"}],"curies":[{"name":"wp","href":"https:\/\/api.w.org\/{rel}","templated":true}]}}

ÚJLAKI János

<p>Beresztelke, 1891., † ?: kovács, gazdálkodó. – A kovácsipart tanulta és felszabadulása után mint önálló mester működött (–1922), a nagy adó miatt abba hagyta iparát és azután gazdálkodott. Az első vh.-ban a 12. hegyi tüzér ezredben a szerb, orosz, román fronton harcolt, a bronz vit. érem, a Károly Csapatkereszt, valamint a koronás vaskereszt kitüntetettje volt, mint tűzmester szerelt le. A MP tagja, üldöztetésben volt része, hadbíróság előtt is állt. <br /><strong>– Irod.:</strong> Székelyföld í. k.</br></p>

<p>Beresztelke, 1891., † ?: kovács, gazdálkodó. – A kovácsipart tanulta és felszabadulása után mint önálló mester működött (–1922), a nagy adó miatt abba hagyta iparát és azután gazdálkodott. Az első vh.-ban a 12. hegyi tüzér ezredben a szerb, orosz, román fronton harcolt, a bronz vit. érem, a Károly Csapatkereszt, valamint a koronás vaskereszt kitüntetettje volt, mint [&hellip;]</p>
