{"id":23819,"date":"2025-08-01T17:42:57","date_gmt":"2025-08-01T15:42:57","guid":{"rendered":"https:\/\/uj.adatbank.ro\/lexikon\/termek\/ujlaky-janos-%c2%a7\/"},"modified":"2025-08-01T17:42:57","modified_gmt":"2025-08-01T15:42:57","slug":"ujlaky-janos-%c2%a7","status":"publish","type":"product","link":"https:\/\/uj.adatbank.ro\/lexikon\/termek\/ujlaky-janos-%c2%a7\/","title":{"rendered":"\u00daJLAKY J\u00e1nos, \u00a7"},"content":{"rendered":"<p>Halmi, 1888. szept. 8., \u2020\u00a0Erzs\u00e9betv\u00e1ros, 1971. j\u00fan. 19.: r. k. lelk\u00e9sz. \u2013 Szatm\u00e1ron \u00e9s Gyulafeh\u00e9rv\u00e1ron tanult \u00e9s papp\u00e1 szentelt\u00e9k (1911. j\u00fan. 24.). K\u00e1pl\u00e1n Mv.-en (1911\u201315). Az I. vh. idej\u00e9n t\u00e1bori pap volt (1915\u201319). Lelkip\u00e1sztor: Cs\u00edkboldogasszony, Imecsfalv\u00e1n, Zabol\u00e1n, Sepsiszentgy\u00f6rgy\u00f6n, Erzs\u00e9betv\u00e1ros. \u2013  <strong>F. m..:<\/strong>  <strong>t\u00e1rssz.:<\/strong> Mv. \u00e9s a h\u00e1bor\u00fa (Mv., 1915). <br \/><strong>\u2013 Irod.:<\/strong> F\u00fcl\u00f6p\u2013Ferencz; Mv. \u00e9s a h\u00e1bor\u00fa 1.<\/br><\/p>\n","protected":false},"excerpt":{"rendered":"<p>Halmi, 1888. szept. 8., \u2020\u00a0Erzs\u00e9betv\u00e1ros, 1971. j\u00fan. 19.: r. k. lelk\u00e9sz. \u2013 Szatm\u00e1ron \u00e9s Gyulafeh\u00e9rv\u00e1ron tanult \u00e9s papp\u00e1 szentelt\u00e9k (1911. j\u00fan. 24.). K\u00e1pl\u00e1n Mv.-en (1911\u201315). Az I. vh. idej\u00e9n t\u00e1bori pap volt (1915\u201319). Lelkip\u00e1sztor: Cs\u00edkboldogasszony, Imecsfalv\u00e1n, Zabol\u00e1n, Sepsiszentgy\u00f6rgy\u00f6n, Erzs\u00e9betv\u00e1ros. \u2013 F. m..: t\u00e1rssz.: Mv. \u00e9s a h\u00e1bor\u00fa (Mv., 1915). \u2013 Irod.: F\u00fcl\u00f6p\u2013Ferencz; Mv. \u00e9s a [&hellip;]<\/p>\n","protected":false},"featured_media":0,"comment_status":"open","ping_status":"closed","template":"","meta":[],"product_brand":[],"product_cat":[137],"product_tag":[],"class_list":{"0":"post-23819","1":"product","2":"type-product","3":"status-publish","5":"product_cat-maros-megyei-eletrajzi-lexikon","7":"first","8":"instock","9":"shipping-taxable","10":"product-type-simple"},"_links":{"self":[{"href":"https:\/\/uj.adatbank.ro\/lexikon\/wp-json\/wp\/v2\/product\/23819","targetHints":{"allow":["GET"]}}],"collection":[{"href":"https:\/\/uj.adatbank.ro\/lexikon\/wp-json\/wp\/v2\/product"}],"about":[{"href":"https:\/\/uj.adatbank.ro\/lexikon\/wp-json\/wp\/v2\/types\/product"}],"replies":[{"embeddable":true,"href":"https:\/\/uj.adatbank.ro\/lexikon\/wp-json\/wp\/v2\/comments?post=23819"}],"wp:attachment":[{"href":"https:\/\/uj.adatbank.ro\/lexikon\/wp-json\/wp\/v2\/media?parent=23819"}],"wp:term":[{"taxonomy":"product_brand","embeddable":true,"href":"https:\/\/uj.adatbank.ro\/lexikon\/wp-json\/wp\/v2\/product_brand?post=23819"},{"taxonomy":"product_cat","embeddable":true,"href":"https:\/\/uj.adatbank.ro\/lexikon\/wp-json\/wp\/v2\/product_cat?post=23819"},{"taxonomy":"product_tag","embeddable":true,"href":"https:\/\/uj.adatbank.ro\/lexikon\/wp-json\/wp\/v2\/product_tag?post=23819"}],"curies":[{"name":"wp","href":"https:\/\/api.w.org\/{rel}","templated":true}]}}

ÚJLAKY János, §

<p>Halmi, 1888. szept. 8., † Erzsébetváros, 1971. jún. 19.: r. k. lelkész. – Szatmáron és Gyulafehérváron tanult és pappá szentelték (1911. jún. 24.). Káplán Mv.-en (1911–15). Az I. vh. idején tábori pap volt (1915–19). Lelkipásztor: Csíkboldogasszony, Imecsfalván, Zabolán, Sepsiszentgyörgyön, Erzsébetváros. –  <strong>F. m..:</strong>  <strong>társsz.:</strong> Mv. és a háború (Mv., 1915). <br /><strong>– Irod.:</strong> Fülöp–Ferencz; Mv. és a háború 1.</br></p>

<p>Halmi, 1888. szept. 8., † Erzsébetváros, 1971. jún. 19.: r. k. lelkész. – Szatmáron és Gyulafehérváron tanult és pappá szentelték (1911. jún. 24.). Káplán Mv.-en (1911–15). Az I. vh. idején tábori pap volt (1915–19). Lelkipásztor: Csíkboldogasszony, Imecsfalván, Zabolán, Sepsiszentgyörgyön, Erzsébetváros. – F. m..: társsz.: Mv. és a háború (Mv., 1915). – Irod.: Fülöp–Ferencz; Mv. és a [&hellip;]</p>
