{"id":23822,"date":"2025-08-01T17:43:08","date_gmt":"2025-08-01T15:43:08","guid":{"rendered":"https:\/\/uj.adatbank.ro\/lexikon\/termek\/ujvarosi-andras\/"},"modified":"2025-08-01T17:43:08","modified_gmt":"2025-08-01T15:43:08","slug":"ujvarosi-andras","status":"publish","type":"product","link":"https:\/\/uj.adatbank.ro\/lexikon\/termek\/ujvarosi-andras\/","title":{"rendered":"\u00daJV\u00c1ROSI Andr\u00e1s"},"content":{"rendered":"<p>17? \u2020 18. sz. ?: ref. lelk\u00e9sz. \u2013 Fiatal kor\u00e1ban Szentgeric\u00e9n pr\u00e9dik\u00e1tor (1709\u20131749), ahol n\u00f3t\u00e1rius is volt. Egy \u00e9vig Ny\u00e1r\u00e1dsely\u00e9ben szolg\u00e1lt (1737). Somosdra h\u00edvt\u00e1k meg lp.-nak, amely val\u00f3sz\u00edn\u0171leg utols\u00f3 szolg\u00e1lati helye volt (1750\u201361). Az utols\u00f3 vizit\u00e1ci\u00f3s jegyz\u0151k\u00f6nyvb\u0151l tudjuk meg, h. az egyh\u00e1zi \u00e9p\u00fcletek, a lp. el\u0151rehaladott kora miatt is, rossz \u00e1llapotban voltak (1760. jan.). <br \/><strong>\u2013 Irod.:<\/strong> Imreh Barna; Kelemen; Somosd; Szentgerice.<\/br><\/p>\n","protected":false},"excerpt":{"rendered":"<p>17? \u2020 18. sz. ?: ref. lelk\u00e9sz. \u2013 Fiatal kor\u00e1ban Szentgeric\u00e9n pr\u00e9dik\u00e1tor (1709\u20131749), ahol n\u00f3t\u00e1rius is volt. Egy \u00e9vig Ny\u00e1r\u00e1dsely\u00e9ben szolg\u00e1lt (1737). Somosdra h\u00edvt\u00e1k meg lp.-nak, amely val\u00f3sz\u00edn\u0171leg utols\u00f3 szolg\u00e1lati helye volt (1750\u201361). Az utols\u00f3 vizit\u00e1ci\u00f3s jegyz\u0151k\u00f6nyvb\u0151l tudjuk meg, h. az egyh\u00e1zi \u00e9p\u00fcletek, a lp. el\u0151rehaladott kora miatt is, rossz \u00e1llapotban voltak (1760. jan.). \u2013 [&hellip;]<\/p>\n","protected":false},"featured_media":0,"comment_status":"open","ping_status":"closed","template":"","meta":[],"product_brand":[],"product_cat":[137],"product_tag":[],"class_list":{"0":"post-23822","1":"product","2":"type-product","3":"status-publish","5":"product_cat-maros-megyei-eletrajzi-lexikon","7":"first","8":"instock","9":"shipping-taxable","10":"product-type-simple"},"_links":{"self":[{"href":"https:\/\/uj.adatbank.ro\/lexikon\/wp-json\/wp\/v2\/product\/23822","targetHints":{"allow":["GET"]}}],"collection":[{"href":"https:\/\/uj.adatbank.ro\/lexikon\/wp-json\/wp\/v2\/product"}],"about":[{"href":"https:\/\/uj.adatbank.ro\/lexikon\/wp-json\/wp\/v2\/types\/product"}],"replies":[{"embeddable":true,"href":"https:\/\/uj.adatbank.ro\/lexikon\/wp-json\/wp\/v2\/comments?post=23822"}],"wp:attachment":[{"href":"https:\/\/uj.adatbank.ro\/lexikon\/wp-json\/wp\/v2\/media?parent=23822"}],"wp:term":[{"taxonomy":"product_brand","embeddable":true,"href":"https:\/\/uj.adatbank.ro\/lexikon\/wp-json\/wp\/v2\/product_brand?post=23822"},{"taxonomy":"product_cat","embeddable":true,"href":"https:\/\/uj.adatbank.ro\/lexikon\/wp-json\/wp\/v2\/product_cat?post=23822"},{"taxonomy":"product_tag","embeddable":true,"href":"https:\/\/uj.adatbank.ro\/lexikon\/wp-json\/wp\/v2\/product_tag?post=23822"}],"curies":[{"name":"wp","href":"https:\/\/api.w.org\/{rel}","templated":true}]}}

ÚJVÁROSI András

<p>17? † 18. sz. ?: ref. lelkész. – Fiatal korában Szentgericén prédikátor (1709–1749), ahol nótárius is volt. Egy évig Nyárádselyében szolgált (1737). Somosdra hívták meg lp.-nak, amely valószínűleg utolsó szolgálati helye volt (1750–61). Az utolsó vizitációs jegyzőkönyvből tudjuk meg, h. az egyházi épületek, a lp. előrehaladott kora miatt is, rossz állapotban voltak (1760. jan.). <br /><strong>– Irod.:</strong> Imreh Barna; Kelemen; Somosd; Szentgerice.</br></p>

<p>17? † 18. sz. ?: ref. lelkész. – Fiatal korában Szentgericén prédikátor (1709–1749), ahol nótárius is volt. Egy évig Nyárádselyében szolgált (1737). Somosdra hívták meg lp.-nak, amely valószínűleg utolsó szolgálati helye volt (1750–61). Az utolsó vizitációs jegyzőkönyvből tudjuk meg, h. az egyházi épületek, a lp. előrehaladott kora miatt is, rossz állapotban voltak (1760. jan.). – [&hellip;]</p>
