{"id":23829,"date":"2025-08-01T17:43:25","date_gmt":"2025-08-01T15:43:25","guid":{"rendered":"https:\/\/uj.adatbank.ro\/lexikon\/termek\/ujvarossy-bela-hegykozkovacsi\/"},"modified":"2025-08-01T17:43:25","modified_gmt":"2025-08-01T15:43:25","slug":"ujvarossy-bela-hegykozkovacsi","status":"publish","type":"product","link":"https:\/\/uj.adatbank.ro\/lexikon\/termek\/ujvarossy-bela-hegykozkovacsi\/","title":{"rendered":"\u00daJV\u00c1ROSSY B\u00e9la, hegyk\u00f6zkov\u00e1csi"},"content":{"rendered":"<p>Marosszentgy\u00f6rgy, 1902., \u2020\u00a0?: jegyz\u0151. \u2013 K\u00f6z\u00e9piskol\u00e1it Szegeden, a jegyz\u0151i tanfolyamot Fogarason v\u00e9gezte el (1924). Maross\u00e1rpatakon, Palotailv\u00e1n dolgozott, majd Marosh\u00e9v\u00edzen k\u00f6zs\u00e9gi f\u0151jegyz\u0151 volt (1840\u2013). A hazafias \u00e9s kult\u00farint\u00e9zm\u00e9nyeknek vezet\u0151s\u00e9gi tagja volt. <br \/><strong>\u2013 Irod.:<\/strong> Sz\u00e9kelyf\u00f6ld \u00ed. k.<\/br><\/p>\n","protected":false},"excerpt":{"rendered":"<p>Marosszentgy\u00f6rgy, 1902., \u2020\u00a0?: jegyz\u0151. \u2013 K\u00f6z\u00e9piskol\u00e1it Szegeden, a jegyz\u0151i tanfolyamot Fogarason v\u00e9gezte el (1924). Maross\u00e1rpatakon, Palotailv\u00e1n dolgozott, majd Marosh\u00e9v\u00edzen k\u00f6zs\u00e9gi f\u0151jegyz\u0151 volt (1840\u2013). A hazafias \u00e9s kult\u00farint\u00e9zm\u00e9nyeknek vezet\u0151s\u00e9gi tagja volt. \u2013 Irod.: Sz\u00e9kelyf\u00f6ld \u00ed. k.<\/p>\n","protected":false},"featured_media":0,"comment_status":"open","ping_status":"closed","template":"","meta":[],"product_brand":[],"product_cat":[137],"product_tag":[],"class_list":{"0":"post-23829","1":"product","2":"type-product","3":"status-publish","5":"product_cat-maros-megyei-eletrajzi-lexikon","7":"first","8":"instock","9":"shipping-taxable","10":"product-type-simple"},"_links":{"self":[{"href":"https:\/\/uj.adatbank.ro\/lexikon\/wp-json\/wp\/v2\/product\/23829","targetHints":{"allow":["GET"]}}],"collection":[{"href":"https:\/\/uj.adatbank.ro\/lexikon\/wp-json\/wp\/v2\/product"}],"about":[{"href":"https:\/\/uj.adatbank.ro\/lexikon\/wp-json\/wp\/v2\/types\/product"}],"replies":[{"embeddable":true,"href":"https:\/\/uj.adatbank.ro\/lexikon\/wp-json\/wp\/v2\/comments?post=23829"}],"wp:attachment":[{"href":"https:\/\/uj.adatbank.ro\/lexikon\/wp-json\/wp\/v2\/media?parent=23829"}],"wp:term":[{"taxonomy":"product_brand","embeddable":true,"href":"https:\/\/uj.adatbank.ro\/lexikon\/wp-json\/wp\/v2\/product_brand?post=23829"},{"taxonomy":"product_cat","embeddable":true,"href":"https:\/\/uj.adatbank.ro\/lexikon\/wp-json\/wp\/v2\/product_cat?post=23829"},{"taxonomy":"product_tag","embeddable":true,"href":"https:\/\/uj.adatbank.ro\/lexikon\/wp-json\/wp\/v2\/product_tag?post=23829"}],"curies":[{"name":"wp","href":"https:\/\/api.w.org\/{rel}","templated":true}]}}