{"id":23830,"date":"2025-08-01T17:43:26","date_gmt":"2025-08-01T15:43:26","guid":{"rendered":"https:\/\/uj.adatbank.ro\/lexikon\/termek\/ujvary-imre-ujvari-emeric\/"},"modified":"2025-08-01T17:43:26","modified_gmt":"2025-08-01T15:43:26","slug":"ujvary-imre-ujvari-emeric","status":"publish","type":"product","link":"https:\/\/uj.adatbank.ro\/lexikon\/termek\/ujvary-imre-ujvari-emeric\/","title":{"rendered":"\u00daJV\u00c1RY Imre, \u00dajv\u00e1ri Emeric"},"content":{"rendered":"<p>Nagyenyed, 1908. dec. 20., \u2020 Mv., 1988. aug. 12.: orvos, b\u0151rgy\u00f3gy\u00e1sz, egyetemi tan\u00e1r. \u2013K\u00f6z\u00e9piskolai tanulm\u00e1nyait a kv.-i Piarista Gimn\u00e1ziumban, majd a nagyenyedi Bethlen Koll.-ban v\u00e9gezte. (1926). A kv.-i I. Ferdin\u00e1nd TE.-en szerzett orvosi oklevelet (1933), majd a B\u0151r- \u00e9s Nemibetegs\u00e9gek Klinik\u00e1j\u00e1n szakorvosi k\u00e9pes\u00edt\u00e9st nyert (1936). A FJTE-en tan\u00e1rseg\u00e9d (1940\u2013), majd a mv.-i OGYI B\u0151rgy\u00f3gy\u00e1szati Klinik\u00e1j\u00e1n adjunktus (1945\u201348), el\u0151ad\u00f3tan\u00e1r (1948\u201356); klinikavezet\u0151 egyetemi tan\u00e1r (1956\u201374), konzult\u00e1ns prof. folytatta a doktorandusok ir\u00e1ny\u00edt\u00e1s\u00e1t. A mv.-i B\u0151r- \u00e9s Nemibetegs\u00e9gek Klinik\u00e1j\u00e1nak f\u0151n\u00f6ke (1952\u201375), d\u00e9k\u00e1n az OGYI Gyermekgy\u00f3gy\u00e1szati Kar\u00e1n (1955. aug. 1.\u20131956. aug. 31.); az \u00c1ltal\u00e1nos Orvosi Karon (1956. szept. 1.\u20131965. okt. 25.); a Fogorvosi Karon (1965. okt. 26.\u20131974). Kutat\u00e1si ter\u00fclete: a b\u0151rtuberkul\u00f3zis, a b\u0151r gomb\u00e1s megbeteged\u00e9sei, a b\u0151r rosszindulat\u00fa daganatai, a h\u00fagyutak fert\u0151z\u00e9sei, a b\u0151rgy\u00f3gy\u00e1szat szem\u00e9szeti, orr-f\u00fcl-g\u00e9g\u00e9szeti, fog\u00e1szati \u00f6sszef\u00fcgg\u00e9sei, a perif\u00e9ri\u00e1s \u00e9rrendszer zavaraival kapcsolatos b\u0151relv\u00e1ltoz\u00e1sok vizsg\u00e1latai. Az EME Orvostudom\u00e1nyi Szakoszt\u00e1ly\u00e1nak tagja (1934\u201346), jegyz\u0151je (1942\u201346); a Rom\u00e1n, a Magyar \u00e9s a Nemzetk\u00f6zi B\u0151rgy\u00f3gy\u00e1szati T\u00e1rsas\u00e1gok tagja. Szerkeszt\u0151bizotts\u00e1gi tagja az Orvosi Szemle \u00e9s a Dermato-Venerologia c. szaklapoknak. Dolgozatai jelentek meg a: Dermato-Venerologia, Medicina, Orvosi Szemle, Stomatologia, a berlini Studia Biophysica, Revista Medico-Chirurgicala, Microbiologia-Parazitologia-Epidemiologia, Orvosk\u00e9pz\u00e9s (Bp.), Dermatologisches Monatschrift c. foly\u00f3iratokban, \u00e9s hazai \u00e9s nemzetk\u00f6zi kongresszusok k\u00f6teteiben. \u2013  <strong>F. m..:<\/strong> B\u0151r- \u00e9s nemibetegs\u00e9gek. 1\u20132. k\u00f6t. (Mv., 1951\u20131952.; 1953\u20131955; 1956\u201357; 1959);  <strong>t\u00e1rssz.:<\/strong> B\u0151r- \u00e9s nemibetegs\u00e9gei. 1. k\u00f6t.(Veress Ferenccel, Mv., 1951); Dermatol\u00f3gia (Mv., 1961); Dermatovenerologie (Buc., 1964); k\u00e9zirat: Dermato-venerol\u00f3giai jegyzet orvostanhallgat\u00f3knak. <br \/><strong>\u2013 Irod.:<\/strong> Dezs\u0151 Istv\u00e1n; Genersich; IMF; Kiss\u2013P\u00e9terffy\u2013P\u00e9terffy; Kiss Cs. M 4.; MOGYE; Nagy Lajos: \u00c9let\u00fcnk k\u00f3rt\u00f6rt\u00e9nete (Cs\u00edkszereda, 2008); Nagy L; P\u00e9ter; P\u00e9ter 2006; [Nekrol\u00f3g] (V. Z., 1988. aug. 14.); RMIL; Tizenk\u00e9t \u00e9v; Todea; Viharban.<\/br><\/p>\n","protected":false},"excerpt":{"rendered":"<p>Nagyenyed, 1908. dec. 20., \u2020 Mv., 1988. aug. 12.: orvos, b\u0151rgy\u00f3gy\u00e1sz, egyetemi tan\u00e1r. \u2013K\u00f6z\u00e9piskolai tanulm\u00e1nyait a kv.-i Piarista Gimn\u00e1ziumban, majd a nagyenyedi Bethlen Koll.-ban v\u00e9gezte. (1926). A kv.-i I. Ferdin\u00e1nd TE.-en szerzett orvosi oklevelet (1933), majd a B\u0151r- \u00e9s Nemibetegs\u00e9gek Klinik\u00e1j\u00e1n szakorvosi k\u00e9pes\u00edt\u00e9st nyert (1936). A FJTE-en tan\u00e1rseg\u00e9d (1940\u2013), majd a mv.-i OGYI B\u0151rgy\u00f3gy\u00e1szati Klinik\u00e1j\u00e1n [&hellip;]<\/p>\n","protected":false},"featured_media":0,"comment_status":"open","ping_status":"closed","template":"","meta":[],"product_brand":[],"product_cat":[137],"product_tag":[],"class_list":{"0":"post-23830","1":"product","2":"type-product","3":"status-publish","5":"product_cat-maros-megyei-eletrajzi-lexikon","7":"first","8":"instock","9":"shipping-taxable","10":"product-type-simple"},"_links":{"self":[{"href":"https:\/\/uj.adatbank.ro\/lexikon\/wp-json\/wp\/v2\/product\/23830","targetHints":{"allow":["GET"]}}],"collection":[{"href":"https:\/\/uj.adatbank.ro\/lexikon\/wp-json\/wp\/v2\/product"}],"about":[{"href":"https:\/\/uj.adatbank.ro\/lexikon\/wp-json\/wp\/v2\/types\/product"}],"replies":[{"embeddable":true,"href":"https:\/\/uj.adatbank.ro\/lexikon\/wp-json\/wp\/v2\/comments?post=23830"}],"wp:attachment":[{"href":"https:\/\/uj.adatbank.ro\/lexikon\/wp-json\/wp\/v2\/media?parent=23830"}],"wp:term":[{"taxonomy":"product_brand","embeddable":true,"href":"https:\/\/uj.adatbank.ro\/lexikon\/wp-json\/wp\/v2\/product_brand?post=23830"},{"taxonomy":"product_cat","embeddable":true,"href":"https:\/\/uj.adatbank.ro\/lexikon\/wp-json\/wp\/v2\/product_cat?post=23830"},{"taxonomy":"product_tag","embeddable":true,"href":"https:\/\/uj.adatbank.ro\/lexikon\/wp-json\/wp\/v2\/product_tag?post=23830"}],"curies":[{"name":"wp","href":"https:\/\/api.w.org\/{rel}","templated":true}]}}

ÚJVÁRY Imre, Újvári Emeric

<p>Nagyenyed, 1908. dec. 20., † Mv., 1988. aug. 12.: orvos, bőrgyógyász, egyetemi tanár. –Középiskolai tanulmányait a kv.-i Piarista Gimnáziumban, majd a nagyenyedi Bethlen Koll.-ban végezte. (1926). A kv.-i I. Ferdinánd TE.-en szerzett orvosi oklevelet (1933), majd a Bőr- és Nemibetegségek Klinikáján szakorvosi képesítést nyert (1936). A FJTE-en tanársegéd (1940–), majd a mv.-i OGYI Bőrgyógyászati Klinikáján adjunktus (1945–48), előadótanár (1948–56); klinikavezető egyetemi tanár (1956–74), konzultáns prof. folytatta a doktorandusok irányítását. A mv.-i Bőr- és Nemibetegségek Klinikájának főnöke (1952–75), dékán az OGYI Gyermekgyógyászati Karán (1955. aug. 1.–1956. aug. 31.); az Általános Orvosi Karon (1956. szept. 1.–1965. okt. 25.); a Fogorvosi Karon (1965. okt. 26.–1974). Kutatási területe: a bőrtuberkulózis, a bőr gombás megbetegedései, a bőr rosszindulatú daganatai, a húgyutak fertőzései, a bőrgyógyászat szemészeti, orr-fül-gégészeti, fogászati összefüggései, a perifériás érrendszer zavaraival kapcsolatos bőrelváltozások vizsgálatai. Az EME Orvostudományi Szakosztályának tagja (1934–46), jegyzője (1942–46); a Román, a Magyar és a Nemzetközi Bőrgyógyászati Társaságok tagja. Szerkesztőbizottsági tagja az Orvosi Szemle és a Dermato-Venerologia c. szaklapoknak. Dolgozatai jelentek meg a: Dermato-Venerologia, Medicina, Orvosi Szemle, Stomatologia, a berlini Studia Biophysica, Revista Medico-Chirurgicala, Microbiologia-Parazitologia-Epidemiologia, Orvosképzés (Bp.), Dermatologisches Monatschrift c. folyóiratokban, és hazai és nemzetközi kongresszusok köteteiben. –  <strong>F. m..:</strong> Bőr- és nemibetegségek. 1–2. köt. (Mv., 1951–1952.; 1953–1955; 1956–57; 1959);  <strong>társsz.:</strong> Bőr- és nemibetegségei. 1. köt.(Veress Ferenccel, Mv., 1951); Dermatológia (Mv., 1961); Dermatovenerologie (Buc., 1964); kézirat: Dermato-venerológiai jegyzet orvostanhallgatóknak. <br /><strong>– Irod.:</strong> Dezső István; Genersich; IMF; Kiss–Péterffy–Péterffy; Kiss Cs. M 4.; MOGYE; Nagy Lajos: Életünk kórtörténete (Csíkszereda, 2008); Nagy L; Péter; Péter 2006; [Nekrológ] (V. Z., 1988. aug. 14.); RMIL; Tizenkét év; Todea; Viharban.</br></p>

<p>Nagyenyed, 1908. dec. 20., † Mv., 1988. aug. 12.: orvos, bőrgyógyász, egyetemi tanár. –Középiskolai tanulmányait a kv.-i Piarista Gimnáziumban, majd a nagyenyedi Bethlen Koll.-ban végezte. (1926). A kv.-i I. Ferdinánd TE.-en szerzett orvosi oklevelet (1933), majd a Bőr- és Nemibetegségek Klinikáján szakorvosi képesítést nyert (1936). A FJTE-en tanársegéd (1940–), majd a mv.-i OGYI Bőrgyógyászati Klinikáján [&hellip;]</p>
