{"id":23831,"date":"2025-08-01T17:43:29","date_gmt":"2025-08-01T15:43:29","guid":{"rendered":"https:\/\/uj.adatbank.ro\/lexikon\/termek\/ulesan-ioan\/"},"modified":"2025-08-01T17:43:29","modified_gmt":"2025-08-01T15:43:29","slug":"ulesan-ioan","status":"publish","type":"product","link":"https:\/\/uj.adatbank.ro\/lexikon\/termek\/ulesan-ioan\/","title":{"rendered":"ULE\u015eAN, Ioan"},"content":{"rendered":"<p>Uzdiszentp\u00e9ter, 1917., \u2020 Uzdiszentp\u00e9ter, ?: gazd\u00e1lkod\u00f3. \u2013 A Kir\u00e1lyi G\u00e1rda Ezred\u00e9ben Buk.-ben volt katona (1940). A h\u00e1bor\u00fa ideje alatt mozg\u00f3s\u00edtott\u00e1k a 7. G\u00e1rda Ezredhez, amellyel a keleti fronton harcolt Besszar\u00e1bia felszabad\u00edt\u00e1s\u00e1\u00e9rt, majd az ukrajnai harcokban Dalnicn\u00e1l \u00e9s Odessz\u00e1n\u00e1l. Ezut\u00e1n a bukaresti Kir\u00e1lyi Palota v\u00e9delm\u00e9re kirendelt katonai egys\u00e9gben szolg\u00e1lt (1942\u2013). Kit\u00fcntett\u00e9k \u201eB\u0103rb\u0103\u0163ie \u015fi Credin\u0163\u0103\u201d \u00e9remmel. A f\u00f6ldreform alkalm\u00e1val egy hold f\u00f6ldet kapott \u00e9s h\u00e1bor\u00fas veter\u00e1n nyugd\u00edjat (1945). <br \/><strong>\u2013 Irod.:<\/strong> S\u00e2npetru de C\u00e2mpie.<\/br><\/p>\n","protected":false},"excerpt":{"rendered":"<p>Uzdiszentp\u00e9ter, 1917., \u2020 Uzdiszentp\u00e9ter, ?: gazd\u00e1lkod\u00f3. \u2013 A Kir\u00e1lyi G\u00e1rda Ezred\u00e9ben Buk.-ben volt katona (1940). A h\u00e1bor\u00fa ideje alatt mozg\u00f3s\u00edtott\u00e1k a 7. G\u00e1rda Ezredhez, amellyel a keleti fronton harcolt Besszar\u00e1bia felszabad\u00edt\u00e1s\u00e1\u00e9rt, majd az ukrajnai harcokban Dalnicn\u00e1l \u00e9s Odessz\u00e1n\u00e1l. Ezut\u00e1n a bukaresti Kir\u00e1lyi Palota v\u00e9delm\u00e9re kirendelt katonai egys\u00e9gben szolg\u00e1lt (1942\u2013). Kit\u00fcntett\u00e9k \u201eB\u0103rb\u0103\u0163ie \u015fi Credin\u0163\u0103\u201d \u00e9remmel. A [&hellip;]<\/p>\n","protected":false},"featured_media":0,"comment_status":"open","ping_status":"closed","template":"","meta":[],"product_brand":[],"product_cat":[137],"product_tag":[],"class_list":{"0":"post-23831","1":"product","2":"type-product","3":"status-publish","5":"product_cat-maros-megyei-eletrajzi-lexikon","7":"first","8":"instock","9":"shipping-taxable","10":"product-type-simple"},"_links":{"self":[{"href":"https:\/\/uj.adatbank.ro\/lexikon\/wp-json\/wp\/v2\/product\/23831","targetHints":{"allow":["GET"]}}],"collection":[{"href":"https:\/\/uj.adatbank.ro\/lexikon\/wp-json\/wp\/v2\/product"}],"about":[{"href":"https:\/\/uj.adatbank.ro\/lexikon\/wp-json\/wp\/v2\/types\/product"}],"replies":[{"embeddable":true,"href":"https:\/\/uj.adatbank.ro\/lexikon\/wp-json\/wp\/v2\/comments?post=23831"}],"wp:attachment":[{"href":"https:\/\/uj.adatbank.ro\/lexikon\/wp-json\/wp\/v2\/media?parent=23831"}],"wp:term":[{"taxonomy":"product_brand","embeddable":true,"href":"https:\/\/uj.adatbank.ro\/lexikon\/wp-json\/wp\/v2\/product_brand?post=23831"},{"taxonomy":"product_cat","embeddable":true,"href":"https:\/\/uj.adatbank.ro\/lexikon\/wp-json\/wp\/v2\/product_cat?post=23831"},{"taxonomy":"product_tag","embeddable":true,"href":"https:\/\/uj.adatbank.ro\/lexikon\/wp-json\/wp\/v2\/product_tag?post=23831"}],"curies":[{"name":"wp","href":"https:\/\/api.w.org\/{rel}","templated":true}]}}

ULEŞAN, Ioan

<p>Uzdiszentpéter, 1917., † Uzdiszentpéter, ?: gazdálkodó. – A Királyi Gárda Ezredében Buk.-ben volt katona (1940). A háború ideje alatt mozgósították a 7. Gárda Ezredhez, amellyel a keleti fronton harcolt Besszarábia felszabadításáért, majd az ukrajnai harcokban Dalnicnál és Odesszánál. Ezután a bukaresti Királyi Palota védelmére kirendelt katonai egységben szolgált (1942–). Kitüntették „Bărbăţie şi Credinţă” éremmel. A földreform alkalmával egy hold földet kapott és háborús veterán nyugdíjat (1945). <br /><strong>– Irod.:</strong> Sânpetru de Câmpie.</br></p>

<p>Uzdiszentpéter, 1917., † Uzdiszentpéter, ?: gazdálkodó. – A Királyi Gárda Ezredében Buk.-ben volt katona (1940). A háború ideje alatt mozgósították a 7. Gárda Ezredhez, amellyel a keleti fronton harcolt Besszarábia felszabadításáért, majd az ukrajnai harcokban Dalnicnál és Odesszánál. Ezután a bukaresti Királyi Palota védelmére kirendelt katonai egységben szolgált (1942–). Kitüntették „Bărbăţie şi Credinţă” éremmel. A [&hellip;]</p>
