{"id":23832,"date":"2025-08-01T17:43:31","date_gmt":"2025-08-01T15:43:31","guid":{"rendered":"https:\/\/uj.adatbank.ro\/lexikon\/termek\/ulesan-teodor\/"},"modified":"2025-08-01T17:43:31","modified_gmt":"2025-08-01T15:43:31","slug":"ulesan-teodor","status":"publish","type":"product","link":"https:\/\/uj.adatbank.ro\/lexikon\/termek\/ulesan-teodor\/","title":{"rendered":"ULE\u015eAN, Teodor"},"content":{"rendered":"<p>Uzdiszentp\u00e9ter, 1920 \u2020 Uzdiszentp\u00e9ter, ?: t\u00fcz\u00e9r. \u2013 A 39. T\u00fcz\u00e9r Ezredn\u00e9l szolg\u00e1lt. R\u00e9szt vett a II. vil\u00e1gh\u00e1bor\u00fa harcaiban a keleti fronton, a Don kanyarn\u00e1l (1942 tel\u00e9n). Visszat\u00e9rt \u00e9s \u00fajb\u00f3l a frontra k\u00fcldt\u00e9k (1943 \u0151sz\u00e9n). Orosz fogs\u00e1gba esett (1944. aug.). Beiratkozott a Tudor Vladimirescu Hadoszt\u00e1lyba, \u00e9s Mo.-on a Tokaj vid\u00e9ki harcokban vett r\u00e9szt, majd harcolt Csehszlov\u00e1ki\u00e1ban Banskaja-Bistric\u00e1n\u00e1l \u00e9s a T\u00e1tra hegys\u00e9gben. Megsebes\u00fclt, leszerelt\u00e9k (1945. j\u00fan.), \u00e9s gyalog j\u00f6tt haza. <br \/><strong>\u2013 Irod.:<\/strong> S\u00e2npetru de C\u00e2mpie.<\/br><\/p>\n","protected":false},"excerpt":{"rendered":"<p>Uzdiszentp\u00e9ter, 1920 \u2020 Uzdiszentp\u00e9ter, ?: t\u00fcz\u00e9r. \u2013 A 39. T\u00fcz\u00e9r Ezredn\u00e9l szolg\u00e1lt. R\u00e9szt vett a II. vil\u00e1gh\u00e1bor\u00fa harcaiban a keleti fronton, a Don kanyarn\u00e1l (1942 tel\u00e9n). Visszat\u00e9rt \u00e9s \u00fajb\u00f3l a frontra k\u00fcldt\u00e9k (1943 \u0151sz\u00e9n). Orosz fogs\u00e1gba esett (1944. aug.). Beiratkozott a Tudor Vladimirescu Hadoszt\u00e1lyba, \u00e9s Mo.-on a Tokaj vid\u00e9ki harcokban vett r\u00e9szt, majd harcolt Csehszlov\u00e1ki\u00e1ban [&hellip;]<\/p>\n","protected":false},"featured_media":0,"comment_status":"open","ping_status":"closed","template":"","meta":[],"product_brand":[],"product_cat":[137],"product_tag":[],"class_list":{"0":"post-23832","1":"product","2":"type-product","3":"status-publish","5":"product_cat-maros-megyei-eletrajzi-lexikon","7":"first","8":"instock","9":"shipping-taxable","10":"product-type-simple"},"_links":{"self":[{"href":"https:\/\/uj.adatbank.ro\/lexikon\/wp-json\/wp\/v2\/product\/23832","targetHints":{"allow":["GET"]}}],"collection":[{"href":"https:\/\/uj.adatbank.ro\/lexikon\/wp-json\/wp\/v2\/product"}],"about":[{"href":"https:\/\/uj.adatbank.ro\/lexikon\/wp-json\/wp\/v2\/types\/product"}],"replies":[{"embeddable":true,"href":"https:\/\/uj.adatbank.ro\/lexikon\/wp-json\/wp\/v2\/comments?post=23832"}],"wp:attachment":[{"href":"https:\/\/uj.adatbank.ro\/lexikon\/wp-json\/wp\/v2\/media?parent=23832"}],"wp:term":[{"taxonomy":"product_brand","embeddable":true,"href":"https:\/\/uj.adatbank.ro\/lexikon\/wp-json\/wp\/v2\/product_brand?post=23832"},{"taxonomy":"product_cat","embeddable":true,"href":"https:\/\/uj.adatbank.ro\/lexikon\/wp-json\/wp\/v2\/product_cat?post=23832"},{"taxonomy":"product_tag","embeddable":true,"href":"https:\/\/uj.adatbank.ro\/lexikon\/wp-json\/wp\/v2\/product_tag?post=23832"}],"curies":[{"name":"wp","href":"https:\/\/api.w.org\/{rel}","templated":true}]}}

ULEŞAN, Teodor

<p>Uzdiszentpéter, 1920 † Uzdiszentpéter, ?: tüzér. – A 39. Tüzér Ezrednél szolgált. Részt vett a II. világháború harcaiban a keleti fronton, a Don kanyarnál (1942 telén). Visszatért és újból a frontra küldték (1943 őszén). Orosz fogságba esett (1944. aug.). Beiratkozott a Tudor Vladimirescu Hadosztályba, és Mo.-on a Tokaj vidéki harcokban vett részt, majd harcolt Csehszlovákiában Banskaja-Bistricánál és a Tátra hegységben. Megsebesült, leszerelték (1945. jún.), és gyalog jött haza. <br /><strong>– Irod.:</strong> Sânpetru de Câmpie.</br></p>

<p>Uzdiszentpéter, 1920 † Uzdiszentpéter, ?: tüzér. – A 39. Tüzér Ezrednél szolgált. Részt vett a II. világháború harcaiban a keleti fronton, a Don kanyarnál (1942 telén). Visszatért és újból a frontra küldték (1943 őszén). Orosz fogságba esett (1944. aug.). Beiratkozott a Tudor Vladimirescu Hadosztályba, és Mo.-on a Tokaj vidéki harcokban vett részt, majd harcolt Csehszlovákiában [&hellip;]</p>
