{"id":23838,"date":"2025-08-01T17:43:50","date_gmt":"2025-08-01T15:43:50","guid":{"rendered":"https:\/\/uj.adatbank.ro\/lexikon\/termek\/ungar-friedrich\/"},"modified":"2025-08-01T17:43:50","modified_gmt":"2025-08-01T15:43:50","slug":"ungar-friedrich","status":"publish","type":"product","link":"https:\/\/uj.adatbank.ro\/lexikon\/termek\/ungar-friedrich\/","title":{"rendered":"UNGAR, Friedrich"},"content":{"rendered":"<p>Segesv\u00e1r, 1860, \u2020\u00a0?: evang. pap, tan\u00e1r. \u2013Apja pap volt Pr\u00f3don. Tanulm\u00e1nyait sz\u00fcl\u0151v\u00e1ros\u00e1ban kezdte, majd a J\u00e9nai Egy. Hittud. Kar\u00e1n (1871\u2013). A Lipcsei Egy. Hittud. \u00e9s B\u00f6lcs. Kar\u00e1n (1872\u201373), a Berlini Egy. Hittud. Kar\u00e1n (1873\u201374), a Grazi Egy. B\u00f6lcs. Kar\u00e1n (1874\u201375) folytatta. Hazat\u00e9rve Segesv\u00e1ron volt polg\u00e1ri iskolai tan\u00e1r majd megv\u00e1lasztott\u00e1k Mv.-en papnak (1882. szept. 3.). \u0150 volt az els\u0151 akad\u00e9mikus lelk\u00e9sze a mv.-i ev. egyh\u00e1znak. Az \u0151 idej\u00e9ben alakult meg Spech Adolfn\u00e9 b\u00e1r\u00f3 Konradsheim Berta eln\u00f6klete alatt a luther\u00e1nus n\u0151egylet \u00e9s rendszeres\u00edtett\u00e9k a m\u00e1sodik tan\u00edt\u00f3i \u00e1ll\u00e1st. A n\u0151egylet a toronyba \u00faj harangot helyeztetett el, amelyet kar\u00e1csonykor szenteltek fel (1887). A magyar h\u00edvek sz\u00e1ma n\u00f6vekedett \u00e9s mivel U. F. nem tudott magyarul, nem tudta kiel\u00e9g\u00edteni az egyh\u00e1ztagok sz\u00fcks\u00e9gleteit. \u00c9vente h\u00e1romszor pr\u00f3b\u00e1lt magyar istentiszteletet tartani, de csak pr\u00f3b\u00e1lt, a j\u00f3akarat ellen\u00e9re, nagy volt az ellen\u00e1ll\u00e1s vele szemben, ez\u00e9rt m\u00e1s \u00e1ll\u00e1s ut\u00e1n volt k\u00e9nytelen n\u00e9zni, Pr\u00f3dra t\u00e1vozott 7 \u00e9vi mv.-i lelk\u00e9szked\u00e9s ut\u00e1n (1889). T\u00e1voz\u00e1sa ut\u00e1n a magyarok dr. Engel Imre vezet\u00e9s\u00e9vel k\u00f6zgy\u0171l\u00e9sen hat\u00e1rozt\u00e1k el, hogy az istentisztelet felv\u00e1ltva n\u00e9met \u00e9s magyar nyelven legyen. Szolg\u00e1lt m\u00e9g Felm\u00e9ren (1896\u20131901). S\u00f6v\u00e9nys\u00e9gen (1901\u201311). <br \/><strong>\u2013 Irod.:<\/strong> Beyer; Id\u0151t\u00e1r 2; Szab\u00f3\u2013Simon\u2013Sz\u00f6gi.<\/br><\/p>\n","protected":false},"excerpt":{"rendered":"<p>Segesv\u00e1r, 1860, \u2020\u00a0?: evang. pap, tan\u00e1r. \u2013Apja pap volt Pr\u00f3don. Tanulm\u00e1nyait sz\u00fcl\u0151v\u00e1ros\u00e1ban kezdte, majd a J\u00e9nai Egy. Hittud. Kar\u00e1n (1871\u2013). A Lipcsei Egy. Hittud. \u00e9s B\u00f6lcs. Kar\u00e1n (1872\u201373), a Berlini Egy. Hittud. Kar\u00e1n (1873\u201374), a Grazi Egy. B\u00f6lcs. Kar\u00e1n (1874\u201375) folytatta. Hazat\u00e9rve Segesv\u00e1ron volt polg\u00e1ri iskolai tan\u00e1r majd megv\u00e1lasztott\u00e1k Mv.-en papnak (1882. szept. 3.). \u0150 [&hellip;]<\/p>\n","protected":false},"featured_media":0,"comment_status":"open","ping_status":"closed","template":"","meta":[],"product_brand":[],"product_cat":[137],"product_tag":[],"class_list":{"0":"post-23838","1":"product","2":"type-product","3":"status-publish","5":"product_cat-maros-megyei-eletrajzi-lexikon","7":"first","8":"instock","9":"shipping-taxable","10":"product-type-simple"},"_links":{"self":[{"href":"https:\/\/uj.adatbank.ro\/lexikon\/wp-json\/wp\/v2\/product\/23838","targetHints":{"allow":["GET"]}}],"collection":[{"href":"https:\/\/uj.adatbank.ro\/lexikon\/wp-json\/wp\/v2\/product"}],"about":[{"href":"https:\/\/uj.adatbank.ro\/lexikon\/wp-json\/wp\/v2\/types\/product"}],"replies":[{"embeddable":true,"href":"https:\/\/uj.adatbank.ro\/lexikon\/wp-json\/wp\/v2\/comments?post=23838"}],"wp:attachment":[{"href":"https:\/\/uj.adatbank.ro\/lexikon\/wp-json\/wp\/v2\/media?parent=23838"}],"wp:term":[{"taxonomy":"product_brand","embeddable":true,"href":"https:\/\/uj.adatbank.ro\/lexikon\/wp-json\/wp\/v2\/product_brand?post=23838"},{"taxonomy":"product_cat","embeddable":true,"href":"https:\/\/uj.adatbank.ro\/lexikon\/wp-json\/wp\/v2\/product_cat?post=23838"},{"taxonomy":"product_tag","embeddable":true,"href":"https:\/\/uj.adatbank.ro\/lexikon\/wp-json\/wp\/v2\/product_tag?post=23838"}],"curies":[{"name":"wp","href":"https:\/\/api.w.org\/{rel}","templated":true}]}}

<p>Segesvár, 1860, † ?: evang. pap, tanár. –Apja pap volt Pródon. Tanulmányait szülővárosában kezdte, majd a Jénai Egy. Hittud. Karán (1871–). A Lipcsei Egy. Hittud. és Bölcs. Karán (1872–73), a Berlini Egy. Hittud. Karán (1873–74), a Grazi Egy. Bölcs. Karán (1874–75) folytatta. Hazatérve Segesváron volt polgári iskolai tanár majd megválasztották Mv.-en papnak (1882. szept. 3.). Ő volt az első akadémikus lelkésze a mv.-i ev. egyháznak. Az ő idejében alakult meg Spech Adolfné báró Konradsheim Berta elnöklete alatt a lutheránus nőegylet és rendszeresítették a második tanítói állást. A nőegylet a toronyba új harangot helyeztetett el, amelyet karácsonykor szenteltek fel (1887). A magyar hívek száma növekedett és mivel U. F. nem tudott magyarul, nem tudta kielégíteni az egyháztagok szükségleteit. Évente háromszor próbált magyar istentiszteletet tartani, de csak próbált, a jóakarat ellenére, nagy volt az ellenállás vele szemben, ezért más állás után volt kénytelen nézni, Pródra távozott 7 évi mv.-i lelkészkedés után (1889). Távozása után a magyarok dr. Engel Imre vezetésével közgyűlésen határozták el, hogy az istentisztelet felváltva német és magyar nyelven legyen. Szolgált még Felméren (1896–1901). Sövénységen (1901–11). <br /><strong>– Irod.:</strong> Beyer; Időtár 2; Szabó–Simon–Szögi.</br></p>

<p>Segesvár, 1860, † ?: evang. pap, tanár. –Apja pap volt Pródon. Tanulmányait szülővárosában kezdte, majd a Jénai Egy. Hittud. Karán (1871–). A Lipcsei Egy. Hittud. és Bölcs. Karán (1872–73), a Berlini Egy. Hittud. Karán (1873–74), a Grazi Egy. Bölcs. Karán (1874–75) folytatta. Hazatérve Segesváron volt polgári iskolai tanár majd megválasztották Mv.-en papnak (1882. szept. 3.). Ő [&hellip;]</p>
