{"id":23841,"date":"2025-08-01T17:43:57","date_gmt":"2025-08-01T15:43:57","guid":{"rendered":"https:\/\/uj.adatbank.ro\/lexikon\/termek\/ungar-johann\/"},"modified":"2025-08-01T17:43:57","modified_gmt":"2025-08-01T15:43:57","slug":"ungar-johann","status":"publish","type":"product","link":"https:\/\/uj.adatbank.ro\/lexikon\/termek\/ungar-johann\/","title":{"rendered":"UNGAR, Johann"},"content":{"rendered":"<p>Segesv\u00e1r, ? \u2020 Brulya, 1834. m\u00e1j. 31.: lelk\u00e9sz, pr\u00e9dik\u00e1tor. \u2013 Tanult Erlagenben teol\u00f3gi\u00e1t (1777). Pr\u00e9dik\u00e1tor Nagysinken, lelk\u00e9sz Vessz\u0151d\u00f6n (1789); Bruly\u00e1n (1807\u201334). <br \/><strong>\u2013 Irod.:<\/strong> Szab\u00f3\u2013Sz\u00f6gi.<\/br><\/p>\n","protected":false},"excerpt":{"rendered":"<p>Segesv\u00e1r, ? \u2020 Brulya, 1834. m\u00e1j. 31.: lelk\u00e9sz, pr\u00e9dik\u00e1tor. \u2013 Tanult Erlagenben teol\u00f3gi\u00e1t (1777). Pr\u00e9dik\u00e1tor Nagysinken, lelk\u00e9sz Vessz\u0151d\u00f6n (1789); Bruly\u00e1n (1807\u201334). \u2013 Irod.: Szab\u00f3\u2013Sz\u00f6gi.<\/p>\n","protected":false},"featured_media":0,"comment_status":"open","ping_status":"closed","template":"","meta":[],"product_brand":[],"product_cat":[137],"product_tag":[],"class_list":{"0":"post-23841","1":"product","2":"type-product","3":"status-publish","5":"product_cat-maros-megyei-eletrajzi-lexikon","7":"first","8":"instock","9":"shipping-taxable","10":"product-type-simple"},"_links":{"self":[{"href":"https:\/\/uj.adatbank.ro\/lexikon\/wp-json\/wp\/v2\/product\/23841","targetHints":{"allow":["GET"]}}],"collection":[{"href":"https:\/\/uj.adatbank.ro\/lexikon\/wp-json\/wp\/v2\/product"}],"about":[{"href":"https:\/\/uj.adatbank.ro\/lexikon\/wp-json\/wp\/v2\/types\/product"}],"replies":[{"embeddable":true,"href":"https:\/\/uj.adatbank.ro\/lexikon\/wp-json\/wp\/v2\/comments?post=23841"}],"wp:attachment":[{"href":"https:\/\/uj.adatbank.ro\/lexikon\/wp-json\/wp\/v2\/media?parent=23841"}],"wp:term":[{"taxonomy":"product_brand","embeddable":true,"href":"https:\/\/uj.adatbank.ro\/lexikon\/wp-json\/wp\/v2\/product_brand?post=23841"},{"taxonomy":"product_cat","embeddable":true,"href":"https:\/\/uj.adatbank.ro\/lexikon\/wp-json\/wp\/v2\/product_cat?post=23841"},{"taxonomy":"product_tag","embeddable":true,"href":"https:\/\/uj.adatbank.ro\/lexikon\/wp-json\/wp\/v2\/product_tag?post=23841"}],"curies":[{"name":"wp","href":"https:\/\/api.w.org\/{rel}","templated":true}]}}