{"id":23842,"date":"2025-08-01T17:44:00","date_gmt":"2025-08-01T15:44:00","guid":{"rendered":"https:\/\/uj.adatbank.ro\/lexikon\/termek\/ungar-michael\/"},"modified":"2025-08-01T17:44:00","modified_gmt":"2025-08-01T15:44:00","slug":"ungar-michael","status":"publish","type":"product","link":"https:\/\/uj.adatbank.ro\/lexikon\/termek\/ungar-michael\/","title":{"rendered":"UNGAR, Michael"},"content":{"rendered":"<p>Sz\u00e9naver\u0151s\u00a0? \u2020 Z\u00e1gor, 1832. jan. 24.: lelk\u00e9sz. \u2013 Tanult J\u00e9n\u00e1ban (1782). Lelk\u00e9sz Dom\u00e1ldon (1784), Holdvil\u00e1gon (1794), Z\u00e1gorban (1798\u20131832). <br \/><strong>\u2013 Irod.:<\/strong> Szab\u00f3\u2013Sz\u00f6gi.<\/br><\/p>\n","protected":false},"excerpt":{"rendered":"<p>Sz\u00e9naver\u0151s\u00a0? \u2020 Z\u00e1gor, 1832. jan. 24.: lelk\u00e9sz. \u2013 Tanult J\u00e9n\u00e1ban (1782). Lelk\u00e9sz Dom\u00e1ldon (1784), Holdvil\u00e1gon (1794), Z\u00e1gorban (1798\u20131832). \u2013 Irod.: Szab\u00f3\u2013Sz\u00f6gi.<\/p>\n","protected":false},"featured_media":0,"comment_status":"open","ping_status":"closed","template":"","meta":[],"product_brand":[],"product_cat":[137],"product_tag":[],"class_list":{"0":"post-23842","1":"product","2":"type-product","3":"status-publish","5":"product_cat-maros-megyei-eletrajzi-lexikon","7":"first","8":"instock","9":"shipping-taxable","10":"product-type-simple"},"_links":{"self":[{"href":"https:\/\/uj.adatbank.ro\/lexikon\/wp-json\/wp\/v2\/product\/23842","targetHints":{"allow":["GET"]}}],"collection":[{"href":"https:\/\/uj.adatbank.ro\/lexikon\/wp-json\/wp\/v2\/product"}],"about":[{"href":"https:\/\/uj.adatbank.ro\/lexikon\/wp-json\/wp\/v2\/types\/product"}],"replies":[{"embeddable":true,"href":"https:\/\/uj.adatbank.ro\/lexikon\/wp-json\/wp\/v2\/comments?post=23842"}],"wp:attachment":[{"href":"https:\/\/uj.adatbank.ro\/lexikon\/wp-json\/wp\/v2\/media?parent=23842"}],"wp:term":[{"taxonomy":"product_brand","embeddable":true,"href":"https:\/\/uj.adatbank.ro\/lexikon\/wp-json\/wp\/v2\/product_brand?post=23842"},{"taxonomy":"product_cat","embeddable":true,"href":"https:\/\/uj.adatbank.ro\/lexikon\/wp-json\/wp\/v2\/product_cat?post=23842"},{"taxonomy":"product_tag","embeddable":true,"href":"https:\/\/uj.adatbank.ro\/lexikon\/wp-json\/wp\/v2\/product_tag?post=23842"}],"curies":[{"name":"wp","href":"https:\/\/api.w.org\/{rel}","templated":true}]}}