{"id":23846,"date":"2025-08-01T17:44:08","date_gmt":"2025-08-01T15:44:08","guid":{"rendered":"https:\/\/uj.adatbank.ro\/lexikon\/termek\/unglerus-lucas\/"},"modified":"2025-08-01T17:44:08","modified_gmt":"2025-08-01T15:44:08","slug":"unglerus-lucas","status":"publish","type":"product","link":"https:\/\/uj.adatbank.ro\/lexikon\/termek\/unglerus-lucas\/","title":{"rendered":"UNGLERUS, Lucas"},"content":{"rendered":"<p>? \u2020 ?: ev. lelk\u00e9sz Sz\u00e1szd\u00e1ny\u00e1nban (1572\u20131600). <br \/><strong>\u2013 Irod.:<\/strong> Apold.<\/br><\/p>\n","protected":false},"excerpt":{"rendered":"<p>? \u2020 ?: ev. lelk\u00e9sz Sz\u00e1szd\u00e1ny\u00e1nban (1572\u20131600). \u2013 Irod.: Apold.<\/p>\n","protected":false},"featured_media":0,"comment_status":"open","ping_status":"closed","template":"","meta":[],"product_brand":[],"product_cat":[137],"product_tag":[],"class_list":{"0":"post-23846","1":"product","2":"type-product","3":"status-publish","5":"product_cat-maros-megyei-eletrajzi-lexikon","7":"first","8":"instock","9":"shipping-taxable","10":"product-type-simple"},"_links":{"self":[{"href":"https:\/\/uj.adatbank.ro\/lexikon\/wp-json\/wp\/v2\/product\/23846","targetHints":{"allow":["GET"]}}],"collection":[{"href":"https:\/\/uj.adatbank.ro\/lexikon\/wp-json\/wp\/v2\/product"}],"about":[{"href":"https:\/\/uj.adatbank.ro\/lexikon\/wp-json\/wp\/v2\/types\/product"}],"replies":[{"embeddable":true,"href":"https:\/\/uj.adatbank.ro\/lexikon\/wp-json\/wp\/v2\/comments?post=23846"}],"wp:attachment":[{"href":"https:\/\/uj.adatbank.ro\/lexikon\/wp-json\/wp\/v2\/media?parent=23846"}],"wp:term":[{"taxonomy":"product_brand","embeddable":true,"href":"https:\/\/uj.adatbank.ro\/lexikon\/wp-json\/wp\/v2\/product_brand?post=23846"},{"taxonomy":"product_cat","embeddable":true,"href":"https:\/\/uj.adatbank.ro\/lexikon\/wp-json\/wp\/v2\/product_cat?post=23846"},{"taxonomy":"product_tag","embeddable":true,"href":"https:\/\/uj.adatbank.ro\/lexikon\/wp-json\/wp\/v2\/product_tag?post=23846"}],"curies":[{"name":"wp","href":"https:\/\/api.w.org\/{rel}","templated":true}]}}