{"id":23847,"date":"2025-08-01T17:44:10","date_gmt":"2025-08-01T15:44:10","guid":{"rendered":"https:\/\/uj.adatbank.ro\/lexikon\/termek\/ungur-grigore\/"},"modified":"2025-08-01T17:44:10","modified_gmt":"2025-08-01T15:44:10","slug":"ungur-grigore","status":"publish","type":"product","link":"https:\/\/uj.adatbank.ro\/lexikon\/termek\/ungur-grigore\/","title":{"rendered":"UNGUR, Grigore"},"content":{"rendered":"<p>Kisnyulas, 1907., \u2020\u00a0?: g. kat. pap, tan\u00edt\u00f3; ort. pap. \u2013 Iskol\u00e1it Bal\u00e1zsfalv\u00e1n v\u00e9gezte, ahol el\u0151bb tan\u00edt\u00f3i oklevelet szerzett (1927), majd teol\u00f3gi\u00e1t v\u00e9gzett (1932). G\u00f6rg\u00e9ny\u00fcvegcs\u0171r\u00f6n volt mint ig. tan\u00edt\u00f3 \u00e9s lelk\u00e9sz, majd Lib\u00e1nfalv\u00e1ra ker\u00fclt (1940). Ort. pap G\u00f6rg\u00e9nyn\u00e1dasban, a ma is haszn\u00e1lt ort. templomot renov\u00e1ltatta (\u00e9p\u00fclt 1894). Fel\u00faj\u00edttatta a fresk\u00f3kat is (1956). <br \/><strong>\u2013 Irod.:<\/strong> Reghin, Protopopiat; Sz\u00e9kelyf\u00f6ld \u00ed. k.<\/br><\/p>\n","protected":false},"excerpt":{"rendered":"<p>Kisnyulas, 1907., \u2020\u00a0?: g. kat. pap, tan\u00edt\u00f3; ort. pap. \u2013 Iskol\u00e1it Bal\u00e1zsfalv\u00e1n v\u00e9gezte, ahol el\u0151bb tan\u00edt\u00f3i oklevelet szerzett (1927), majd teol\u00f3gi\u00e1t v\u00e9gzett (1932). G\u00f6rg\u00e9ny\u00fcvegcs\u0171r\u00f6n volt mint ig. tan\u00edt\u00f3 \u00e9s lelk\u00e9sz, majd Lib\u00e1nfalv\u00e1ra ker\u00fclt (1940). Ort. pap G\u00f6rg\u00e9nyn\u00e1dasban, a ma is haszn\u00e1lt ort. templomot renov\u00e1ltatta (\u00e9p\u00fclt 1894). Fel\u00faj\u00edttatta a fresk\u00f3kat is (1956). \u2013 Irod.: Reghin, Protopopiat; [&hellip;]<\/p>\n","protected":false},"featured_media":0,"comment_status":"open","ping_status":"closed","template":"","meta":[],"product_brand":[],"product_cat":[137],"product_tag":[],"class_list":{"0":"post-23847","1":"product","2":"type-product","3":"status-publish","5":"product_cat-maros-megyei-eletrajzi-lexikon","7":"first","8":"instock","9":"shipping-taxable","10":"product-type-simple"},"_links":{"self":[{"href":"https:\/\/uj.adatbank.ro\/lexikon\/wp-json\/wp\/v2\/product\/23847","targetHints":{"allow":["GET"]}}],"collection":[{"href":"https:\/\/uj.adatbank.ro\/lexikon\/wp-json\/wp\/v2\/product"}],"about":[{"href":"https:\/\/uj.adatbank.ro\/lexikon\/wp-json\/wp\/v2\/types\/product"}],"replies":[{"embeddable":true,"href":"https:\/\/uj.adatbank.ro\/lexikon\/wp-json\/wp\/v2\/comments?post=23847"}],"wp:attachment":[{"href":"https:\/\/uj.adatbank.ro\/lexikon\/wp-json\/wp\/v2\/media?parent=23847"}],"wp:term":[{"taxonomy":"product_brand","embeddable":true,"href":"https:\/\/uj.adatbank.ro\/lexikon\/wp-json\/wp\/v2\/product_brand?post=23847"},{"taxonomy":"product_cat","embeddable":true,"href":"https:\/\/uj.adatbank.ro\/lexikon\/wp-json\/wp\/v2\/product_cat?post=23847"},{"taxonomy":"product_tag","embeddable":true,"href":"https:\/\/uj.adatbank.ro\/lexikon\/wp-json\/wp\/v2\/product_tag?post=23847"}],"curies":[{"name":"wp","href":"https:\/\/api.w.org\/{rel}","templated":true}]}}