{"id":23849,"date":"2025-08-01T17:44:15","date_gmt":"2025-08-01T15:44:15","guid":{"rendered":"https:\/\/uj.adatbank.ro\/lexikon\/termek\/ungur-ioan-%c2%a7\/"},"modified":"2025-08-01T17:44:15","modified_gmt":"2025-08-01T15:44:15","slug":"ungur-ioan-%c2%a7","status":"publish","type":"product","link":"https:\/\/uj.adatbank.ro\/lexikon\/termek\/ungur-ioan-%c2%a7\/","title":{"rendered":"UNGUR, Ioan, \u00a7"},"content":{"rendered":"<p>Nagysomk\u00fat, 1935. jan. 5. \u2020 2003. okt.: g\u00e9p\u00e9szm\u00e9rn\u00f6k, p\u00e1rtaktivista, RKP KB \u2013tagja; miniszter. \u2013 Tanulm\u00e1nyai: Kv.-on v\u00e9gezte a l\u00edc.-ot (1952), majd uo. a M\u0171egyetemen Mechanika szakot v\u00e9gzett (1952\u201357), Politika- \u00e9s Vezet\u00e9studom\u00e1nyi egyetemet, Marxizmus-Leninizmus esti egyetemet v\u00e9gzett \u00e9s doktor\u00e1lt a \u015etefan Gheorghiu Akad.-\u00e1n. Az egyetemi KISZ-bizotts\u00e1g tagja (1952\u201357). A szebeni Mechanikai \u00fczemben m\u0171vezet\u0151 (1957), tervez\u0151m\u00e9rn\u00f6k. P\u00e1rttag (1960. jan.). A szebeni V\u00e1rosgazd\u00e1lkod\u00e1si v\u00e1llalat igazgat\u00f3ja (1963. nov.\u2013); a Brass\u00f3 megyei P\u00e1rtbizotts\u00e1g tagja \u00e9s instruktora (1966. jan.\u2013), majd a gazdas\u00e1gi titk\u00e1ra (1968. febr.\u201369. m\u00e1rc. 5.). A Szeben megyei N\u00e9ptan\u00e1cs VB els\u0151 aleln\u00f6ke (1969. m\u00e1rc.- 79. j\u00fan.). Az RKP KB p\u00f3ttagja (1969. aug. 12.\u201374. nov. 28.), tagja (1974. nov. 28. \u2013 1979. nov. 23., 1984. nov. 22. \u2013 1989. dec. 22). A Brass\u00f3 megyei P\u00e1rtbizotts\u00e1g gazdas\u00e1gi titk\u00e1ra (1979. aug. \u20131984. j\u00fan. 1.) \u00e9s a megyei N\u00e9ptan\u00e1cs VB aleln\u00f6ke (1979. szept. 24.). A Brass\u00f3 megyei munk\u00e1s Gazdas\u00e1gi-ellen\u0151rz\u0151 bizotts\u00e1g eln\u00f6ke (1979. szept. 24. \u2013), a K\u00f6zponti ellen\u0151rz\u0151 bizotts\u00e1g tagja (1983. dec. 22. \u2013). A Maros megyei P\u00e1rtbizotts\u00e1g els\u0151 titk\u00e1ra \u00e9s a megyei N\u00e9ptan\u00e1cs VB eln\u00f6ke (1984. j\u00fan. 6. \u2013). Nagy Nemzetgy\u0171l\u00e9si k\u00e9pvisel\u0151 (1985\u201389). A RKP KB tagja, a K\u00fclkereskedelmi Tan\u00e1cs aleln\u00f6ke (1988. j\u00fan. \u2013), K\u00fclkereskedelmi miniszter (1988. j\u00fan. 25. \u2013 1989. dec. 22.). \u2013  <strong>F. m..:<\/strong>  <strong>t\u00e1rssz.:<\/strong> Cubilouri cu antecreuzet, separator de zgur\u0103 \u015fi pre\u00eenc\u0103lzitor (Sandor Dionisievel, Gruia Lazarrel, Buc., 1966). <br \/><strong>\u2013 Irod.:<\/strong> Membrii C.C. al P.C.R.; R\u00e9thy\u2013\u00dajv\u00e1ri\u2013V\u00e1czi.<\/br><\/p>\n","protected":false},"excerpt":{"rendered":"<p>Nagysomk\u00fat, 1935. jan. 5. \u2020 2003. okt.: g\u00e9p\u00e9szm\u00e9rn\u00f6k, p\u00e1rtaktivista, RKP KB \u2013tagja; miniszter. \u2013 Tanulm\u00e1nyai: Kv.-on v\u00e9gezte a l\u00edc.-ot (1952), majd uo. a M\u0171egyetemen Mechanika szakot v\u00e9gzett (1952\u201357), Politika- \u00e9s Vezet\u00e9studom\u00e1nyi egyetemet, Marxizmus-Leninizmus esti egyetemet v\u00e9gzett \u00e9s doktor\u00e1lt a \u015etefan Gheorghiu Akad.-\u00e1n. Az egyetemi KISZ-bizotts\u00e1g tagja (1952\u201357). A szebeni Mechanikai \u00fczemben m\u0171vezet\u0151 (1957), tervez\u0151m\u00e9rn\u00f6k. P\u00e1rttag [&hellip;]<\/p>\n","protected":false},"featured_media":0,"comment_status":"open","ping_status":"closed","template":"","meta":[],"product_brand":[],"product_cat":[137],"product_tag":[],"class_list":{"0":"post-23849","1":"product","2":"type-product","3":"status-publish","5":"product_cat-maros-megyei-eletrajzi-lexikon","7":"first","8":"instock","9":"shipping-taxable","10":"product-type-simple"},"_links":{"self":[{"href":"https:\/\/uj.adatbank.ro\/lexikon\/wp-json\/wp\/v2\/product\/23849","targetHints":{"allow":["GET"]}}],"collection":[{"href":"https:\/\/uj.adatbank.ro\/lexikon\/wp-json\/wp\/v2\/product"}],"about":[{"href":"https:\/\/uj.adatbank.ro\/lexikon\/wp-json\/wp\/v2\/types\/product"}],"replies":[{"embeddable":true,"href":"https:\/\/uj.adatbank.ro\/lexikon\/wp-json\/wp\/v2\/comments?post=23849"}],"wp:attachment":[{"href":"https:\/\/uj.adatbank.ro\/lexikon\/wp-json\/wp\/v2\/media?parent=23849"}],"wp:term":[{"taxonomy":"product_brand","embeddable":true,"href":"https:\/\/uj.adatbank.ro\/lexikon\/wp-json\/wp\/v2\/product_brand?post=23849"},{"taxonomy":"product_cat","embeddable":true,"href":"https:\/\/uj.adatbank.ro\/lexikon\/wp-json\/wp\/v2\/product_cat?post=23849"},{"taxonomy":"product_tag","embeddable":true,"href":"https:\/\/uj.adatbank.ro\/lexikon\/wp-json\/wp\/v2\/product_tag?post=23849"}],"curies":[{"name":"wp","href":"https:\/\/api.w.org\/{rel}","templated":true}]}}

<p>Nagysomkút, 1935. jan. 5. † 2003. okt.: gépészmérnök, pártaktivista, RKP KB –tagja; miniszter. – Tanulmányai: Kv.-on végezte a líc.-ot (1952), majd uo. a Műegyetemen Mechanika szakot végzett (1952–57), Politika- és Vezetéstudományi egyetemet, Marxizmus-Leninizmus esti egyetemet végzett és doktorált a Ştefan Gheorghiu Akad.-án. Az egyetemi KISZ-bizottság tagja (1952–57). A szebeni Mechanikai üzemben művezető (1957), tervezőmérnök. Párttag (1960. jan.). A szebeni Városgazdálkodási vállalat igazgatója (1963. nov.–); a Brassó megyei Pártbizottság tagja és instruktora (1966. jan.–), majd a gazdasági titkára (1968. febr.–69. márc. 5.). A Szeben megyei Néptanács VB első alelnöke (1969. márc.- 79. jún.). Az RKP KB póttagja (1969. aug. 12.–74. nov. 28.), tagja (1974. nov. 28. – 1979. nov. 23., 1984. nov. 22. – 1989. dec. 22). A Brassó megyei Pártbizottság gazdasági titkára (1979. aug. –1984. jún. 1.) és a megyei Néptanács VB alelnöke (1979. szept. 24.). A Brassó megyei munkás Gazdasági-ellenőrző bizottság elnöke (1979. szept. 24. –), a Központi ellenőrző bizottság tagja (1983. dec. 22. –). A Maros megyei Pártbizottság első titkára és a megyei Néptanács VB elnöke (1984. jún. 6. –). Nagy Nemzetgyűlési képviselő (1985–89). A RKP KB tagja, a Külkereskedelmi Tanács alelnöke (1988. jún. –), Külkereskedelmi miniszter (1988. jún. 25. – 1989. dec. 22.). –  <strong>F. m..:</strong>  <strong>társsz.:</strong> Cubilouri cu antecreuzet, separator de zgură şi preîncălzitor (Sandor Dionisievel, Gruia Lazarrel, Buc., 1966). <br /><strong>– Irod.:</strong> Membrii C.C. al P.C.R.; Réthy–Újvári–Váczi.</br></p>

<p>Nagysomkút, 1935. jan. 5. † 2003. okt.: gépészmérnök, pártaktivista, RKP KB –tagja; miniszter. – Tanulmányai: Kv.-on végezte a líc.-ot (1952), majd uo. a Műegyetemen Mechanika szakot végzett (1952–57), Politika- és Vezetéstudományi egyetemet, Marxizmus-Leninizmus esti egyetemet végzett és doktorált a Ştefan Gheorghiu Akad.-án. Az egyetemi KISZ-bizottság tagja (1952–57). A szebeni Mechanikai üzemben művezető (1957), tervezőmérnök. Párttag [&hellip;]</p>
