{"id":23850,"date":"2025-08-01T17:44:17","date_gmt":"2025-08-01T15:44:17","guid":{"rendered":"https:\/\/uj.adatbank.ro\/lexikon\/termek\/unguras-iuliu-vasile\/"},"modified":"2025-08-01T17:44:17","modified_gmt":"2025-08-01T15:44:17","slug":"unguras-iuliu-vasile","status":"publish","type":"product","link":"https:\/\/uj.adatbank.ro\/lexikon\/termek\/unguras-iuliu-vasile\/","title":{"rendered":"UNGURA\u015e, Iuliu Vasile"},"content":{"rendered":"<p>D\u00e9s, 1977, \u2020 Afganiszt\u00e1n, 2009. \u00e1pr. 7. D\u00e9sen temett\u00e9k el: sz\u00e1zados, post mortem \u0151rnagy. \u2013 Rom\u00e1nia NATO-tagk\u00e9nt k\u00fcldte az afganiszt\u00e1ni hadm\u0171veleti akci\u00f3ba. Els\u0151 alkalommal vett r\u00e9szt az afganiszt\u00e1ni szolg\u00e1laton, a mv.-i 21. hegyivad\u00e1sz z\u00e1szl\u00f3alj\u00e1nak tagja volt. <br \/><strong>\u2013 Irod.:<\/strong> \u00dajabb mv.-i tiszt vesztette \u00e9let\u00e9t (V\u00e1s\u00e1rhelyi H\u00edrlap, 2009. \u00e1pr. 9.; 2009. \u00e1pr. 10.).<\/br><\/p>\n","protected":false},"excerpt":{"rendered":"<p>D\u00e9s, 1977, \u2020 Afganiszt\u00e1n, 2009. \u00e1pr. 7. D\u00e9sen temett\u00e9k el: sz\u00e1zados, post mortem \u0151rnagy. \u2013 Rom\u00e1nia NATO-tagk\u00e9nt k\u00fcldte az afganiszt\u00e1ni hadm\u0171veleti akci\u00f3ba. Els\u0151 alkalommal vett r\u00e9szt az afganiszt\u00e1ni szolg\u00e1laton, a mv.-i 21. hegyivad\u00e1sz z\u00e1szl\u00f3alj\u00e1nak tagja volt. \u2013 Irod.: \u00dajabb mv.-i tiszt vesztette \u00e9let\u00e9t (V\u00e1s\u00e1rhelyi H\u00edrlap, 2009. \u00e1pr. 9.; 2009. \u00e1pr. 10.).<\/p>\n","protected":false},"featured_media":0,"comment_status":"open","ping_status":"closed","template":"","meta":[],"product_brand":[],"product_cat":[137],"product_tag":[],"class_list":{"0":"post-23850","1":"product","2":"type-product","3":"status-publish","5":"product_cat-maros-megyei-eletrajzi-lexikon","7":"first","8":"instock","9":"shipping-taxable","10":"product-type-simple"},"_links":{"self":[{"href":"https:\/\/uj.adatbank.ro\/lexikon\/wp-json\/wp\/v2\/product\/23850","targetHints":{"allow":["GET"]}}],"collection":[{"href":"https:\/\/uj.adatbank.ro\/lexikon\/wp-json\/wp\/v2\/product"}],"about":[{"href":"https:\/\/uj.adatbank.ro\/lexikon\/wp-json\/wp\/v2\/types\/product"}],"replies":[{"embeddable":true,"href":"https:\/\/uj.adatbank.ro\/lexikon\/wp-json\/wp\/v2\/comments?post=23850"}],"wp:attachment":[{"href":"https:\/\/uj.adatbank.ro\/lexikon\/wp-json\/wp\/v2\/media?parent=23850"}],"wp:term":[{"taxonomy":"product_brand","embeddable":true,"href":"https:\/\/uj.adatbank.ro\/lexikon\/wp-json\/wp\/v2\/product_brand?post=23850"},{"taxonomy":"product_cat","embeddable":true,"href":"https:\/\/uj.adatbank.ro\/lexikon\/wp-json\/wp\/v2\/product_cat?post=23850"},{"taxonomy":"product_tag","embeddable":true,"href":"https:\/\/uj.adatbank.ro\/lexikon\/wp-json\/wp\/v2\/product_tag?post=23850"}],"curies":[{"name":"wp","href":"https:\/\/api.w.org\/{rel}","templated":true}]}}

UNGURAŞ, Iuliu Vasile

<p>Dés, 1977, † Afganisztán, 2009. ápr. 7. Désen temették el: százados, post mortem őrnagy. – Románia NATO-tagként küldte az afganisztáni hadműveleti akcióba. Első alkalommal vett részt az afganisztáni szolgálaton, a mv.-i 21. hegyivadász zászlóaljának tagja volt. <br /><strong>– Irod.:</strong> Újabb mv.-i tiszt vesztette életét (Vásárhelyi Hírlap, 2009. ápr. 9.; 2009. ápr. 10.).</br></p>

<p>Dés, 1977, † Afganisztán, 2009. ápr. 7. Désen temették el: százados, post mortem őrnagy. – Románia NATO-tagként küldte az afganisztáni hadműveleti akcióba. Első alkalommal vett részt az afganisztáni szolgálaton, a mv.-i 21. hegyivadász zászlóaljának tagja volt. – Irod.: Újabb mv.-i tiszt vesztette életét (Vásárhelyi Hírlap, 2009. ápr. 9.; 2009. ápr. 10.).</p>
