{"id":23859,"date":"2025-08-01T17:44:46","date_gmt":"2025-08-01T15:44:46","guid":{"rendered":"https:\/\/uj.adatbank.ro\/lexikon\/termek\/untch-johann-%c2%a7\/"},"modified":"2025-08-01T17:44:46","modified_gmt":"2025-08-01T15:44:46","slug":"untch-johann-%c2%a7","status":"publish","type":"product","link":"https:\/\/uj.adatbank.ro\/lexikon\/termek\/untch-johann-%c2%a7\/","title":{"rendered":"UNTCH, Johann, \u00a7"},"content":{"rendered":"<p>Segesv\u00e1r, 1926. szept. 6., \u2020 ?: grafikus. \u2013 Tanulm\u00e1nyait Buk.-ben a m\u0171v\u00e9szeti akad\u00e9mi\u00e1n v\u00e9gezte. Tagja volt a rom\u00e1niai K\u00e9pz\u0151m\u0171v\u00e9szeti Sz\u00f6vets\u00e9gnek (1956\u201382). Szabadfoglakoz\u00e1s\u00fa grafikusk\u00e9nt f\u0151leg a rekl\u00e1miparban dolgozott, vezet\u0151je volt a sz\u00f6vets\u00e9ghez tartoz\u00f3 nyomd\u00e1nak, tan\u00edtott a buk.-i nyomdaipari l\u00edceumban. Jutalmazt\u00e1k a Rom\u00e1n K\u00e9pz\u0151m\u0171v\u00e9szeti Sz\u00f6vets\u00e9g grafikai d\u00edj\u00e1val (1977), \u00f6szt\u00f6nd\u00edjat nyert a nemzetk\u00f6zi sz\u00f6vets\u00e9gt\u0151l (1977). N\u00e9meto.-ba telepedett (1982). Grafikai m\u0171vei, metszetei, k\u00f6nyvillusztr\u00e1ci\u00f3, bels\u0151 d\u00edsz\u00edt\u0151 munk\u00e1k, b\u00e9lyegtervezetei vannak. Ki\u00e1ll\u00edt\u00e1sokon vett r\u00e9szt: Buk., B\u00e9cs, Havanna, Ath\u00e9n, Tel Aviv, Torino, Moszkva, Beirut, D\u00fcsseldorf, Vars\u00f3, Berlin-ben. <br \/><strong>\u2013 Irod.:<\/strong> LSS; Moln\u00e1r.<\/br><\/p>\n","protected":false},"excerpt":{"rendered":"<p>Segesv\u00e1r, 1926. szept. 6., \u2020 ?: grafikus. \u2013 Tanulm\u00e1nyait Buk.-ben a m\u0171v\u00e9szeti akad\u00e9mi\u00e1n v\u00e9gezte. Tagja volt a rom\u00e1niai K\u00e9pz\u0151m\u0171v\u00e9szeti Sz\u00f6vets\u00e9gnek (1956\u201382). Szabadfoglakoz\u00e1s\u00fa grafikusk\u00e9nt f\u0151leg a rekl\u00e1miparban dolgozott, vezet\u0151je volt a sz\u00f6vets\u00e9ghez tartoz\u00f3 nyomd\u00e1nak, tan\u00edtott a buk.-i nyomdaipari l\u00edceumban. Jutalmazt\u00e1k a Rom\u00e1n K\u00e9pz\u0151m\u0171v\u00e9szeti Sz\u00f6vets\u00e9g grafikai d\u00edj\u00e1val (1977), \u00f6szt\u00f6nd\u00edjat nyert a nemzetk\u00f6zi sz\u00f6vets\u00e9gt\u0151l (1977). N\u00e9meto.-ba telepedett (1982). [&hellip;]<\/p>\n","protected":false},"featured_media":0,"comment_status":"open","ping_status":"closed","template":"","meta":[],"product_brand":[],"product_cat":[137],"product_tag":[],"class_list":{"0":"post-23859","1":"product","2":"type-product","3":"status-publish","5":"product_cat-maros-megyei-eletrajzi-lexikon","7":"first","8":"instock","9":"shipping-taxable","10":"product-type-simple"},"_links":{"self":[{"href":"https:\/\/uj.adatbank.ro\/lexikon\/wp-json\/wp\/v2\/product\/23859","targetHints":{"allow":["GET"]}}],"collection":[{"href":"https:\/\/uj.adatbank.ro\/lexikon\/wp-json\/wp\/v2\/product"}],"about":[{"href":"https:\/\/uj.adatbank.ro\/lexikon\/wp-json\/wp\/v2\/types\/product"}],"replies":[{"embeddable":true,"href":"https:\/\/uj.adatbank.ro\/lexikon\/wp-json\/wp\/v2\/comments?post=23859"}],"wp:attachment":[{"href":"https:\/\/uj.adatbank.ro\/lexikon\/wp-json\/wp\/v2\/media?parent=23859"}],"wp:term":[{"taxonomy":"product_brand","embeddable":true,"href":"https:\/\/uj.adatbank.ro\/lexikon\/wp-json\/wp\/v2\/product_brand?post=23859"},{"taxonomy":"product_cat","embeddable":true,"href":"https:\/\/uj.adatbank.ro\/lexikon\/wp-json\/wp\/v2\/product_cat?post=23859"},{"taxonomy":"product_tag","embeddable":true,"href":"https:\/\/uj.adatbank.ro\/lexikon\/wp-json\/wp\/v2\/product_tag?post=23859"}],"curies":[{"name":"wp","href":"https:\/\/api.w.org\/{rel}","templated":true}]}}

<p>Segesvár, 1926. szept. 6., † ?: grafikus. – Tanulmányait Buk.-ben a művészeti akadémián végezte. Tagja volt a romániai Képzőművészeti Szövetségnek (1956–82). Szabadfoglakozású grafikusként főleg a reklámiparban dolgozott, vezetője volt a szövetséghez tartozó nyomdának, tanított a buk.-i nyomdaipari líceumban. Jutalmazták a Román Képzőművészeti Szövetség grafikai díjával (1977), ösztöndíjat nyert a nemzetközi szövetségtől (1977). Németo.-ba telepedett (1982). Grafikai művei, metszetei, könyvillusztráció, belső díszítő munkák, bélyegtervezetei vannak. Kiállításokon vett részt: Buk., Bécs, Havanna, Athén, Tel Aviv, Torino, Moszkva, Beirut, Düsseldorf, Varsó, Berlin-ben. <br /><strong>– Irod.:</strong> LSS; Molnár.</br></p>

<p>Segesvár, 1926. szept. 6., † ?: grafikus. – Tanulmányait Buk.-ben a művészeti akadémián végezte. Tagja volt a romániai Képzőművészeti Szövetségnek (1956–82). Szabadfoglakozású grafikusként főleg a reklámiparban dolgozott, vezetője volt a szövetséghez tartozó nyomdának, tanított a buk.-i nyomdaipari líceumban. Jutalmazták a Román Képzőművészeti Szövetség grafikai díjával (1977), ösztöndíjat nyert a nemzetközi szövetségtől (1977). Németo.-ba telepedett (1982). [&hellip;]</p>
