{"id":23860,"date":"2025-08-01T17:44:48","date_gmt":"2025-08-01T15:44:48","guid":{"rendered":"https:\/\/uj.adatbank.ro\/lexikon\/termek\/urban-karl-urban-karoly\/"},"modified":"2025-08-01T17:44:48","modified_gmt":"2025-08-01T15:44:48","slug":"urban-karl-urban-karoly","status":"publish","type":"product","link":"https:\/\/uj.adatbank.ro\/lexikon\/termek\/urban-karl-urban-karoly\/","title":{"rendered":"URBAN Karl, Urban K\u00e1roly"},"content":{"rendered":"<p>Krakk\u00f3, 1802. aug. 31., \u2020\u00a0Br\u00fcnn, 1877. jan. 1.: osztr\u00e1k t\u00e1borszernagy, lovag. \u2013 A nasz\u00f3di rom\u00e1n hat\u00e1r\u0151rezred parancsnoka, alezredes, felmondta az engedelmess\u00e9get a m. korm\u00e1nynak \u00e9s t\u00e1mogatta a rom\u00e1n felkel\u00e9st (1848. szept. 14.). A nasz\u00f3di hat\u00e1r\u0151rezred katon\u00e1inak z\u00f6m\u00e9vel Sz\u00e1szr\u00e9genbe tette \u00e1t a f\u0151hadisz\u00e1ll\u00e1s\u00e1t. Sz\u00e1szr\u00e9genb\u0151l Mv. ellen vonultak a sz\u00e9kely csapatok, megvert\u00e9k S\u00e1rpatak (1848. okt. 29.) \u00e9s Vajdaszentiv\u00e1ny (1848. okt. 31.) mellett. Urban elmenek\u00fclt, de Sz\u00e1szr\u00e9genben \u00e9s Petel\u00e9n nagy k\u00e1rok, puszt\u00edt\u00e1s t\u00f6rt\u00e9nt. T\u00f6bb helyen meggy\u00fajtott\u00e1k a v\u00e1rost, raboltak, fel\u00e9gettek sz\u00e1sz \u00fczleteket, a kat. templomot (1848. nov. 2.). <br \/><strong>\u2013 Irod.:<\/strong> Maros megyei m. t\u00f6rt. 5; Paget; RNL; Tam\u00e1si Zsolt: A marosi r\u00f3mai katolikus esperesi ker\u00fclet helyzete 1848\/49-ben = P\u00e1l-Antal \u2013 Simon.<\/br><\/p>\n","protected":false},"excerpt":{"rendered":"<p>Krakk\u00f3, 1802. aug. 31., \u2020\u00a0Br\u00fcnn, 1877. jan. 1.: osztr\u00e1k t\u00e1borszernagy, lovag. \u2013 A nasz\u00f3di rom\u00e1n hat\u00e1r\u0151rezred parancsnoka, alezredes, felmondta az engedelmess\u00e9get a m. korm\u00e1nynak \u00e9s t\u00e1mogatta a rom\u00e1n felkel\u00e9st (1848. szept. 14.). A nasz\u00f3di hat\u00e1r\u0151rezred katon\u00e1inak z\u00f6m\u00e9vel Sz\u00e1szr\u00e9genbe tette \u00e1t a f\u0151hadisz\u00e1ll\u00e1s\u00e1t. Sz\u00e1szr\u00e9genb\u0151l Mv. ellen vonultak a sz\u00e9kely csapatok, megvert\u00e9k S\u00e1rpatak (1848. okt. 29.) \u00e9s [&hellip;]<\/p>\n","protected":false},"featured_media":0,"comment_status":"open","ping_status":"closed","template":"","meta":[],"product_brand":[],"product_cat":[137],"product_tag":[],"class_list":{"0":"post-23860","1":"product","2":"type-product","3":"status-publish","5":"product_cat-maros-megyei-eletrajzi-lexikon","7":"first","8":"instock","9":"shipping-taxable","10":"product-type-simple"},"_links":{"self":[{"href":"https:\/\/uj.adatbank.ro\/lexikon\/wp-json\/wp\/v2\/product\/23860","targetHints":{"allow":["GET"]}}],"collection":[{"href":"https:\/\/uj.adatbank.ro\/lexikon\/wp-json\/wp\/v2\/product"}],"about":[{"href":"https:\/\/uj.adatbank.ro\/lexikon\/wp-json\/wp\/v2\/types\/product"}],"replies":[{"embeddable":true,"href":"https:\/\/uj.adatbank.ro\/lexikon\/wp-json\/wp\/v2\/comments?post=23860"}],"wp:attachment":[{"href":"https:\/\/uj.adatbank.ro\/lexikon\/wp-json\/wp\/v2\/media?parent=23860"}],"wp:term":[{"taxonomy":"product_brand","embeddable":true,"href":"https:\/\/uj.adatbank.ro\/lexikon\/wp-json\/wp\/v2\/product_brand?post=23860"},{"taxonomy":"product_cat","embeddable":true,"href":"https:\/\/uj.adatbank.ro\/lexikon\/wp-json\/wp\/v2\/product_cat?post=23860"},{"taxonomy":"product_tag","embeddable":true,"href":"https:\/\/uj.adatbank.ro\/lexikon\/wp-json\/wp\/v2\/product_tag?post=23860"}],"curies":[{"name":"wp","href":"https:\/\/api.w.org\/{rel}","templated":true}]}}

URBAN Karl, Urban Károly

<p>Krakkó, 1802. aug. 31., † Brünn, 1877. jan. 1.: osztrák táborszernagy, lovag. – A naszódi román határőrezred parancsnoka, alezredes, felmondta az engedelmességet a m. kormánynak és támogatta a román felkelést (1848. szept. 14.). A naszódi határőrezred katonáinak zömével Szászrégenbe tette át a főhadiszállását. Szászrégenből Mv. ellen vonultak a székely csapatok, megverték Sárpatak (1848. okt. 29.) és Vajdaszentivány (1848. okt. 31.) mellett. Urban elmenekült, de Szászrégenben és Petelén nagy károk, pusztítás történt. Több helyen meggyújtották a várost, raboltak, felégettek szász üzleteket, a kat. templomot (1848. nov. 2.). <br /><strong>– Irod.:</strong> Maros megyei m. tört. 5; Paget; RNL; Tamási Zsolt: A marosi római katolikus esperesi kerület helyzete 1848/49-ben = Pál-Antal – Simon.</br></p>

<p>Krakkó, 1802. aug. 31., † Brünn, 1877. jan. 1.: osztrák táborszernagy, lovag. – A naszódi román határőrezred parancsnoka, alezredes, felmondta az engedelmességet a m. kormánynak és támogatta a román felkelést (1848. szept. 14.). A naszódi határőrezred katonáinak zömével Szászrégenbe tette át a főhadiszállását. Szászrégenből Mv. ellen vonultak a székely csapatok, megverték Sárpatak (1848. okt. 29.) és [&hellip;]</p>
