{"id":23863,"date":"2025-08-01T17:44:55","date_gmt":"2025-08-01T15:44:55","guid":{"rendered":"https:\/\/uj.adatbank.ro\/lexikon\/termek\/urdea-ion\/"},"modified":"2025-08-01T17:44:55","modified_gmt":"2025-08-01T15:44:55","slug":"urdea-ion","status":"publish","type":"product","link":"https:\/\/uj.adatbank.ro\/lexikon\/termek\/urdea-ion\/","title":{"rendered":"URDEA, Ion"},"content":{"rendered":"<p>? \u2020\u00a0?: jog\u00e1sz. \u2013 Segesv\u00e1ron jog\u00e1sz. Az osztr.\u2013m. uralom idej\u00e9n Ia\u015fiba menek\u00fclt m\u00e1s erd\u00e9lyi rom\u00e1nokkal egy\u00fctt. Ott Octavian Goga vezet\u00e9s\u00e9vel a menek\u00fcltek sz\u00f6vetkez\u00e9s\u00e9t hozt\u00e1k l\u00e9tre, amelynek feladata a kett\u0151s uralom elleni harc megszervez\u00e9se lett volna. Az \u00f6sszes erd\u00e9lyi \u00e9s bukovinai menek\u00fclt \u00f6sszegy\u0171lt, \u00e9s egy 12 tag\u00fa vezet\u0151 bizotts\u00e1got v\u00e1lasztottak, amelynek tagja lett (1917. jan. 7.\u2013). A rom\u00e1n korm\u00e1ny h\u00e1rom tagj\u00e1nak jelenl\u00e9t\u00e9ben, k\u00f6zt\u00fck I.C. Br\u0103tianu korm\u00e1nyf\u0151 is, a bizotts\u00e1g egy h\u00e1bor\u00fas felh\u00edv\u00e1st szerkesztett \u00e9s \u00edrt al\u00e1 a kett\u0151s elnyom\u00e1s ellen. A bizotts\u00e1gra b\u00edzt\u00e1k az \u00f6nk\u00e9ntes rom\u00e1n hadsereg megszervez\u00e9s\u00e9t is. A m. hat\u00f3s\u00e1gok felfedt\u00e9k a szervezked\u00e9st. Mind a 12 bizotts\u00e1gi tagot, t\u00e1voll\u00e9t\u00fckben, fels\u00e9g\u00e1rul\u00e1s v\u00e1dj\u00e1val hal\u00e1lra \u00e9s teljes vagyonelkobz\u00e1sra \u00edt\u00e9lte. Javaikat nyilv\u00e1nos \u00e1rver\u00e9sen ki\u00e1rus\u00edtott\u00e1k. <br \/><strong>\u2013 Irod.:<\/strong> Chiorean 2008.<\/br><\/p>\n","protected":false},"excerpt":{"rendered":"<p>? \u2020\u00a0?: jog\u00e1sz. \u2013 Segesv\u00e1ron jog\u00e1sz. Az osztr.\u2013m. uralom idej\u00e9n Ia\u015fiba menek\u00fclt m\u00e1s erd\u00e9lyi rom\u00e1nokkal egy\u00fctt. Ott Octavian Goga vezet\u00e9s\u00e9vel a menek\u00fcltek sz\u00f6vetkez\u00e9s\u00e9t hozt\u00e1k l\u00e9tre, amelynek feladata a kett\u0151s uralom elleni harc megszervez\u00e9se lett volna. Az \u00f6sszes erd\u00e9lyi \u00e9s bukovinai menek\u00fclt \u00f6sszegy\u0171lt, \u00e9s egy 12 tag\u00fa vezet\u0151 bizotts\u00e1got v\u00e1lasztottak, amelynek tagja lett (1917. jan. 7.\u2013). [&hellip;]<\/p>\n","protected":false},"featured_media":0,"comment_status":"open","ping_status":"closed","template":"","meta":[],"product_brand":[],"product_cat":[137],"product_tag":[],"class_list":{"0":"post-23863","1":"product","2":"type-product","3":"status-publish","5":"product_cat-maros-megyei-eletrajzi-lexikon","7":"first","8":"instock","9":"shipping-taxable","10":"product-type-simple"},"_links":{"self":[{"href":"https:\/\/uj.adatbank.ro\/lexikon\/wp-json\/wp\/v2\/product\/23863","targetHints":{"allow":["GET"]}}],"collection":[{"href":"https:\/\/uj.adatbank.ro\/lexikon\/wp-json\/wp\/v2\/product"}],"about":[{"href":"https:\/\/uj.adatbank.ro\/lexikon\/wp-json\/wp\/v2\/types\/product"}],"replies":[{"embeddable":true,"href":"https:\/\/uj.adatbank.ro\/lexikon\/wp-json\/wp\/v2\/comments?post=23863"}],"wp:attachment":[{"href":"https:\/\/uj.adatbank.ro\/lexikon\/wp-json\/wp\/v2\/media?parent=23863"}],"wp:term":[{"taxonomy":"product_brand","embeddable":true,"href":"https:\/\/uj.adatbank.ro\/lexikon\/wp-json\/wp\/v2\/product_brand?post=23863"},{"taxonomy":"product_cat","embeddable":true,"href":"https:\/\/uj.adatbank.ro\/lexikon\/wp-json\/wp\/v2\/product_cat?post=23863"},{"taxonomy":"product_tag","embeddable":true,"href":"https:\/\/uj.adatbank.ro\/lexikon\/wp-json\/wp\/v2\/product_tag?post=23863"}],"curies":[{"name":"wp","href":"https:\/\/api.w.org\/{rel}","templated":true}]}}

<p>? † ?: jogász. – Segesváron jogász. Az osztr.–m. uralom idején Iaşiba menekült más erdélyi románokkal együtt. Ott Octavian Goga vezetésével a menekültek szövetkezését hozták létre, amelynek feladata a kettős uralom elleni harc megszervezése lett volna. Az összes erdélyi és bukovinai menekült összegyűlt, és egy 12 tagú vezető bizottságot választottak, amelynek tagja lett (1917. jan. 7.–). A román kormány három tagjának jelenlétében, köztük I.C. Brătianu kormányfő is, a bizottság egy háborús felhívást szerkesztett és írt alá a kettős elnyomás ellen. A bizottságra bízták az önkéntes román hadsereg megszervezését is. A m. hatóságok felfedték a szervezkedést. Mind a 12 bizottsági tagot, távollétükben, felségárulás vádjával halálra és teljes vagyonelkobzásra ítélte. Javaikat nyilvános árverésen kiárusították. <br /><strong>– Irod.:</strong> Chiorean 2008.</br></p>

<p>? † ?: jogász. – Segesváron jogász. Az osztr.–m. uralom idején Iaşiba menekült más erdélyi románokkal együtt. Ott Octavian Goga vezetésével a menekültek szövetkezését hozták létre, amelynek feladata a kettős uralom elleni harc megszervezése lett volna. Az összes erdélyi és bukovinai menekült összegyűlt, és egy 12 tagú vezető bizottságot választottak, amelynek tagja lett (1917. jan. 7.–). [&hellip;]</p>
