{"id":23866,"date":"2025-08-01T17:45:01","date_gmt":"2025-08-01T15:45:01","guid":{"rendered":"https:\/\/uj.adatbank.ro\/lexikon\/termek\/ureche-anghel\/"},"modified":"2025-08-01T17:45:01","modified_gmt":"2025-08-01T15:45:01","slug":"ureche-anghel","status":"publish","type":"product","link":"https:\/\/uj.adatbank.ro\/lexikon\/termek\/ureche-anghel\/","title":{"rendered":"URECHE, Anghel"},"content":{"rendered":"<p>Magyarigen, 1936. okt. 31., \u2020 Mv., 1991. m\u00e1j. 8.: orvos. \u2013 Iskol\u00e1it sz\u00fcl\u0151faluj\u00e1ban kezdte (1943\u201350), Gyulafeh\u00e9rv\u00e1ron \u00e9retts\u00e9gizett (1954), az orvosi egyetemet Kv.-on v\u00e9gezte (1960). Alvincen kezdte orvosi p\u00e1ly\u00e1j\u00e1t (1960\u201364). A MOGYI-n egyetemi tan\u00e1rseg\u00e9d a T\u00f6rv\u00e9nysz\u00e9ki Orvostani Tansz\u00e9ken (1964\u201390); adjunktus (1990\u2013). Szakorvos (1967\u2013), f\u0151orvos (1991\u2013), katedra f\u0151n\u00f6k. \u2013  <strong>F. m..:<\/strong>  <strong>t\u00e1rssz.:<\/strong> Curs de medicin\u0103 legal\u0103. (Tg. M., 1977); Medicina legal\u0103: curs pentru medicini\u015fti (V. Molnarral, Tg. M., 1989). <br \/><strong>\u2013 Irod.:<\/strong> Genersich; Todea.<\/br><\/p>\n","protected":false},"excerpt":{"rendered":"<p>Magyarigen, 1936. okt. 31., \u2020 Mv., 1991. m\u00e1j. 8.: orvos. \u2013 Iskol\u00e1it sz\u00fcl\u0151faluj\u00e1ban kezdte (1943\u201350), Gyulafeh\u00e9rv\u00e1ron \u00e9retts\u00e9gizett (1954), az orvosi egyetemet Kv.-on v\u00e9gezte (1960). Alvincen kezdte orvosi p\u00e1ly\u00e1j\u00e1t (1960\u201364). A MOGYI-n egyetemi tan\u00e1rseg\u00e9d a T\u00f6rv\u00e9nysz\u00e9ki Orvostani Tansz\u00e9ken (1964\u201390); adjunktus (1990\u2013). Szakorvos (1967\u2013), f\u0151orvos (1991\u2013), katedra f\u0151n\u00f6k. \u2013 F. m..: t\u00e1rssz.: Curs de medicin\u0103 legal\u0103. (Tg. [&hellip;]<\/p>\n","protected":false},"featured_media":0,"comment_status":"open","ping_status":"closed","template":"","meta":[],"product_brand":[],"product_cat":[137],"product_tag":[],"class_list":{"0":"post-23866","1":"product","2":"type-product","3":"status-publish","5":"product_cat-maros-megyei-eletrajzi-lexikon","7":"first","8":"instock","9":"shipping-taxable","10":"product-type-simple"},"_links":{"self":[{"href":"https:\/\/uj.adatbank.ro\/lexikon\/wp-json\/wp\/v2\/product\/23866","targetHints":{"allow":["GET"]}}],"collection":[{"href":"https:\/\/uj.adatbank.ro\/lexikon\/wp-json\/wp\/v2\/product"}],"about":[{"href":"https:\/\/uj.adatbank.ro\/lexikon\/wp-json\/wp\/v2\/types\/product"}],"replies":[{"embeddable":true,"href":"https:\/\/uj.adatbank.ro\/lexikon\/wp-json\/wp\/v2\/comments?post=23866"}],"wp:attachment":[{"href":"https:\/\/uj.adatbank.ro\/lexikon\/wp-json\/wp\/v2\/media?parent=23866"}],"wp:term":[{"taxonomy":"product_brand","embeddable":true,"href":"https:\/\/uj.adatbank.ro\/lexikon\/wp-json\/wp\/v2\/product_brand?post=23866"},{"taxonomy":"product_cat","embeddable":true,"href":"https:\/\/uj.adatbank.ro\/lexikon\/wp-json\/wp\/v2\/product_cat?post=23866"},{"taxonomy":"product_tag","embeddable":true,"href":"https:\/\/uj.adatbank.ro\/lexikon\/wp-json\/wp\/v2\/product_tag?post=23866"}],"curies":[{"name":"wp","href":"https:\/\/api.w.org\/{rel}","templated":true}]}}

<p>Magyarigen, 1936. okt. 31., † Mv., 1991. máj. 8.: orvos. – Iskoláit szülőfalujában kezdte (1943–50), Gyulafehérváron érettségizett (1954), az orvosi egyetemet Kv.-on végezte (1960). Alvincen kezdte orvosi pályáját (1960–64). A MOGYI-n egyetemi tanársegéd a Törvényszéki Orvostani Tanszéken (1964–90); adjunktus (1990–). Szakorvos (1967–), főorvos (1991–), katedra főnök. –  <strong>F. m..:</strong>  <strong>társsz.:</strong> Curs de medicină legală. (Tg. M., 1977); Medicina legală: curs pentru medicinişti (V. Molnarral, Tg. M., 1989). <br /><strong>– Irod.:</strong> Genersich; Todea.</br></p>

<p>Magyarigen, 1936. okt. 31., † Mv., 1991. máj. 8.: orvos. – Iskoláit szülőfalujában kezdte (1943–50), Gyulafehérváron érettségizett (1954), az orvosi egyetemet Kv.-on végezte (1960). Alvincen kezdte orvosi pályáját (1960–64). A MOGYI-n egyetemi tanársegéd a Törvényszéki Orvostani Tanszéken (1964–90); adjunktus (1990–). Szakorvos (1967–), főorvos (1991–), katedra főnök. – F. m..: társsz.: Curs de medicină legală. (Tg. [&hellip;]</p>
