{"id":23873,"date":"2025-08-01T17:45:18","date_gmt":"2025-08-01T15:45:18","guid":{"rendered":"https:\/\/uj.adatbank.ro\/lexikon\/termek\/urmanczy-janos-2\/"},"modified":"2025-08-01T17:45:18","modified_gmt":"2025-08-01T15:45:18","slug":"urmanczy-janos-2","status":"publish","type":"product","link":"https:\/\/uj.adatbank.ro\/lexikon\/termek\/urmanczy-janos-2\/","title":{"rendered":"URM\u00c1NCZY J\u00e1nos"},"content":{"rendered":"<p>Marosh\u00e9v\u00edz, 1900., \u2020\u00a0Mv., 1993. febr. 28.: f\u00f6ldbirtokos. \u2013 U. Jeromos \u00e9s Teleszky Ilona fia. \u2013 Kv.-on \u00e9s Nyitr\u00e1n tanult, ahol \u00e9retts\u00e9gizett (1918). Katona volt a 9-es husz\u00e1rokn\u00e1l, majd Kv.-on \u00e9s Bp.-en jog- \u00e9s kereskedelmi akad.-hallgat\u00f3, amit N\u00e9meto.-ban fejezett be. Marosh\u00e9v\u00edzen az apja birtok\u00e1t vezette. A marosh\u00e9v\u00edzi M. P. eln\u00f6ke, a megyei M. P eln\u00f6ki tan\u00e1cs tagja, a Kat. N\u00e9psz\u00f6vets\u00e9g eln\u00f6ke. Maros megy\u00e9ben volt 11\u00a0573 hold birtoka, aminek egy r\u00e9sz\u00e9t (51,26 %-\u00e1t) kisaj\u00e1t\u00edtotta a rom\u00e1n \u00e1llam az imp\u00e9rium v\u00e1ltoz\u00e1s ut\u00e1n, a f\u00f6ldreformmal (1921). Mv.-re telep\u00edtett\u00e9k ki (1949\u2013) <br \/><strong>\u2013 Irod.:<\/strong> [Nekrol\u00f3g] (N\u00fa., 1993. m\u00e1rc. 2.); Pan\u0103; Ol\u00e1h-G\u00e1l Elvira = Nobile officium 2.; Sz\u00e1va 2012.<\/br><\/p>\n","protected":false},"excerpt":{"rendered":"<p>Marosh\u00e9v\u00edz, 1900., \u2020\u00a0Mv., 1993. febr. 28.: f\u00f6ldbirtokos. \u2013 U. Jeromos \u00e9s Teleszky Ilona fia. \u2013 Kv.-on \u00e9s Nyitr\u00e1n tanult, ahol \u00e9retts\u00e9gizett (1918). Katona volt a 9-es husz\u00e1rokn\u00e1l, majd Kv.-on \u00e9s Bp.-en jog- \u00e9s kereskedelmi akad.-hallgat\u00f3, amit N\u00e9meto.-ban fejezett be. Marosh\u00e9v\u00edzen az apja birtok\u00e1t vezette. A marosh\u00e9v\u00edzi M. P. eln\u00f6ke, a megyei M. P eln\u00f6ki tan\u00e1cs [&hellip;]<\/p>\n","protected":false},"featured_media":0,"comment_status":"open","ping_status":"closed","template":"","meta":[],"product_brand":[],"product_cat":[137],"product_tag":[],"class_list":{"0":"post-23873","1":"product","2":"type-product","3":"status-publish","5":"product_cat-maros-megyei-eletrajzi-lexikon","7":"first","8":"instock","9":"shipping-taxable","10":"product-type-simple"},"_links":{"self":[{"href":"https:\/\/uj.adatbank.ro\/lexikon\/wp-json\/wp\/v2\/product\/23873","targetHints":{"allow":["GET"]}}],"collection":[{"href":"https:\/\/uj.adatbank.ro\/lexikon\/wp-json\/wp\/v2\/product"}],"about":[{"href":"https:\/\/uj.adatbank.ro\/lexikon\/wp-json\/wp\/v2\/types\/product"}],"replies":[{"embeddable":true,"href":"https:\/\/uj.adatbank.ro\/lexikon\/wp-json\/wp\/v2\/comments?post=23873"}],"wp:attachment":[{"href":"https:\/\/uj.adatbank.ro\/lexikon\/wp-json\/wp\/v2\/media?parent=23873"}],"wp:term":[{"taxonomy":"product_brand","embeddable":true,"href":"https:\/\/uj.adatbank.ro\/lexikon\/wp-json\/wp\/v2\/product_brand?post=23873"},{"taxonomy":"product_cat","embeddable":true,"href":"https:\/\/uj.adatbank.ro\/lexikon\/wp-json\/wp\/v2\/product_cat?post=23873"},{"taxonomy":"product_tag","embeddable":true,"href":"https:\/\/uj.adatbank.ro\/lexikon\/wp-json\/wp\/v2\/product_tag?post=23873"}],"curies":[{"name":"wp","href":"https:\/\/api.w.org\/{rel}","templated":true}]}}

URMÁNCZY János

<p>Maroshévíz, 1900., † Mv., 1993. febr. 28.: földbirtokos. – U. Jeromos és Teleszky Ilona fia. – Kv.-on és Nyitrán tanult, ahol érettségizett (1918). Katona volt a 9-es huszároknál, majd Kv.-on és Bp.-en jog- és kereskedelmi akad.-hallgató, amit Németo.-ban fejezett be. Maroshévízen az apja birtokát vezette. A maroshévízi M. P. elnöke, a megyei M. P elnöki tanács tagja, a Kat. Népszövetség elnöke. Maros megyében volt 11 573 hold birtoka, aminek egy részét (51,26 %-át) kisajátította a román állam az impérium változás után, a földreformmal (1921). Mv.-re telepítették ki (1949–) <br /><strong>– Irod.:</strong> [Nekrológ] (Nú., 1993. márc. 2.); Pană; Oláh-Gál Elvira = Nobile officium 2.; Száva 2012.</br></p>

<p>Maroshévíz, 1900., † Mv., 1993. febr. 28.: földbirtokos. – U. Jeromos és Teleszky Ilona fia. – Kv.-on és Nyitrán tanult, ahol érettségizett (1918). Katona volt a 9-es huszároknál, majd Kv.-on és Bp.-en jog- és kereskedelmi akad.-hallgató, amit Németo.-ban fejezett be. Maroshévízen az apja birtokát vezette. A maroshévízi M. P. elnöke, a megyei M. P elnöki tanács [&hellip;]</p>
