{"id":23875,"date":"2025-08-01T17:45:24","date_gmt":"2025-08-01T15:45:24","guid":{"rendered":"https:\/\/uj.adatbank.ro\/lexikon\/termek\/urmanczy-nandor-%c2%a7\/"},"modified":"2025-08-01T17:45:24","modified_gmt":"2025-08-01T15:45:24","slug":"urmanczy-nandor-%c2%a7","status":"publish","type":"product","link":"https:\/\/uj.adatbank.ro\/lexikon\/termek\/urmanczy-nandor-%c2%a7\/","title":{"rendered":"URM\u00c1NCZY N\u00e1ndor, \u00a7"},"content":{"rendered":"<p>Marosh\u00e9v\u00edz, 1868. okt. 1.\u2020 Marosh\u00e9v\u00edz, 1940. okt. 31.: jog\u00e1sz, politikus, \u00fajs\u00e1g\u00edr\u00f3. \u2013 U. J\u00e1nos (1807\u20131876) \u00e9s Nov\u00e1k M\u00e1ria Magdolna (1836\u20131900) fia, a csal\u00e1d 6. gyermeke. Apja hal\u00e1la ut\u00e1n, keresztapja, Sz\u00e1va Ger\u0151 brass\u00f3i gy\u00f3gyszer\u00e9sz (1833\u20131906) \u00e9s feles\u00e9ge Nov\u00e1k Anna vette gondoz\u00e1sba, \u00e9s ez\u00e9rt tanult Brass\u00f3ban. Feles\u00e9ge: 1. Pallay Ezs\u00e9bet, r\u00f6vid ideig (1899\u20131904); 2. Freund J\u00falia Ir\u00e9n (Szatm\u00e1rn\u00e9meti, 1874. aug. 22. \u2013 B\u00e9cs, 1960. dec. 18. Marosh\u00e9v\u00edzen van eltemetve). L\u00e1nyaik: J\u00falia (Bp., 1907 \u2013 Bp., 1986), Anna (Bp., 1908 \u2013 Bp., 1998), Marosh\u00e9v\u00edzen vannak eltemetve. \u2013 K\u00f6z\u00e9piskol\u00e1it Brass\u00f3ban v\u00e9gezte a sz\u00e1sz iskol\u00e1ban (1875\u201377), majd a r. k. gimn.-ban (1877\u201380), jogi diplom\u00e1t \u00e9s doktor\u00e1tust Bp.-en szerzett (1891). Besz\u00e9lt \u00e9s \u00edrt n\u00e9met\u00fcl, franci\u00e1ul, angolul \u00e9s rom\u00e1nul. El\u0151bb Kis-K\u00fck\u00fcll\u0151 v\u00e1rmegy\u00e9ben volt szolgab\u00edr\u00f3, aljegyz\u0151, tiszteleti f\u0151szolgab\u00edr\u00f3 (\u20131901). Kinevezt\u00e9k Maros-Torda v\u00e1rmegye tb. szolgab\u00edr\u00f3j\u00e1nak (1896. okt. 25.\u2013), Kis-K\u00fck\u00fcll\u0151 vm. radn\u00f3ti j\u00e1r\u00e1s\u00e1ban szolgab\u00edr\u00f3i helyettes\u00edt\u0151k\u00e9nt III. aljegyz\u0151 (1897. m\u00e1j. 28.\u2013), helyettes szolgab\u00edr\u00f3 a dics\u0151szentm\u00e1rtoni j\u00e1r\u00e1sban (1898. dec. 27. \u2013 1900. m\u00e1rc. 27.). Ezut\u00e1n tb. f\u0151szolgab\u00edr\u00f3nak nevezt\u00e9k ki (1900. febr. 24. \u2013) S\u00e1ndor J\u00e1nos Maros-Torda vm.-i f\u0151isp\u00e1n mell\u00e9, majd II. aljegyz\u0151 (1900. m\u00e1j. 26. \u2013). T\u00f6bb utaz\u00e1st tett N\u00e9met-, Francia-, Olaszo.-ba, valamint Angli\u00e1ba, Amerik\u00e1ba. Ogy.-i mand\u00e1tumot nyert a sz\u00e1szr\u00e9geni v\u00e1laszt\u00f3ker\u00fcletben, parlamenti k\u00e9pvisel\u0151 volt (1902. okt. 9. \u2013 1918). A Szabadelv\u0171 P\u00e1rt, gr. Apponyi Albert \u00fajj\u00e1szervezett Nemzeti P\u00e1rtj\u00e1nak tagja (1904. j\u00fan.), a F\u00fcggetlens\u00e9gi \u00e9s 48-as P\u00e1rt tagja (1905. jan. \u2013), p\u00e1rton k\u00edv\u00fcli 48-as k\u00e9pvisel\u0151 (1909 ut\u00e1n). A vh.-ba \u00f6nk\u00e9ntesk\u00e9nt vonult be (1915), Mv.-en a 9-es honv\u00e9dhusz\u00e1rokt\u00f3l kapott kik\u00e9pz\u00e9st, majd a bukovinai fronton teljes\u00edtett szolg\u00e1latot, a vit\u00e9zs\u00e9gi \u00e9rem birtokosa lett (1917. m\u00e1j. 31.). Leszerelt (1918. okt.). Korm\u00e1nybiztoss\u00e1 nevezt\u00e9k ki Megalap\u00edtotta Jancs\u00f3 Benedekkel, Sebes D\u00e9nessel \u00e9s Ugron G\u00e1borral a Sz\u00e9kely Nemzeti Tan\u00e1csot (1918. nov.), megalak\u00edtotta a Ter\u00fcletv\u00e9d\u0151 Lig\u00e1t \u00e9s a V\u00e9d\u0151 Lig\u00e1k Sz\u00f6vets\u00e9g\u00e9t, melynek eln\u00f6ke lett (1920. jan. \u2013). Rom\u00e1ni\u00e1b\u00f3l kiutas\u00edtott\u00e1k, birtokait a rom\u00e1n \u00e1llam kisaj\u00e1t\u00edtotta. Bp.-re k\u00f6lt\u00f6z\u00f6tt (1919), az irredenta mozgalom egyik hangad\u00f3ja volt, munk\u00e1ss\u00e1g\u00e1t a trianoni b\u00e9keszerz\u0151d\u00e9s rev\u00edzi\u00f3j\u00e1nak szolg\u00e1lat\u00e1ba \u00e1ll\u00edtotta, rendszeresen publik\u00e1lt a Pesti H\u00edrlapban. \u0150 ind\u00edtotta el az \u00fan. orsz\u00e1gz\u00e1szl\u00f3-mozgalmat. Kezdem\u00e9nyez\u00e9s\u00e9re \u00e1ll\u00edtott\u00e1k fel Bp.-en a Szabads\u00e1gt\u00e9ren az \u00c9szak, D\u00e9l, Kelet, Nyugat szoborcsoportot. Visszat\u00e9rt sz\u00fcl\u0151v\u00e1ros\u00e1ba kev\u00e9ssel hal\u00e1la el\u0151tt (1940. okt. 23.). Vers, novella, dal, elbesz\u00e9l\u00e9s, helyt\u00f6rt\u00e9neti monogr\u00e1fia szerz\u0151je is volt (1894\u20131902), k\u00f6z\u00f6lt az Erd\u00e9ly, A H\u00e9t, Orsz\u00e1g Vil\u00e1g, Egyet\u00e9rt\u00e9s, Magyar G\u00e9niusz, pesti H\u00edrlap c. lapokban. Toplicai H\u00edrad\u00f3 c. \u00fajs\u00e1got hozott l\u00e9tre (1895), majd a Marosh\u00e9v\u00edzi H\u00edrad\u00f3t (1911). Politikai \u00edr\u00e1sai jelentek meg k\u00fcl\u00f6nb\u00f6z\u0151 \u00fajs\u00e1gokban \u00e9s k\u00f6nyvekben (1902\u201340). Marosh\u00e9v\u00edzen mellszobrot emeltek tisztelet\u00e9re Blask\u00f3 J\u00e1nos szobr\u00e1szm\u0171v\u00e9sz alkot\u00e1s\u00e1t (2011. aug.). \u2013  <strong>F. m..:<\/strong> Programbesz\u00e9d Sz\u00e1szr\u00e9genben 1906. \u00e1pr. 26 (n\u00e9met\u00fcl is); Politikai jegyzetek (Bp., 1907); Luk\u00e1cs \u2013 Pavlik \u2013 Tisza idej\u00e9b\u0151l (Bp., 1913). <br \/><strong>\u2013 Irod.:<\/strong> B\u00edr\u00f3 Don\u00e1t; Czirj\u00e1k K\u00e1roly. Dr. Urm\u00e1nczy N\u00e1ndor \u00e9lete \u00e9s munk\u00e1ss\u00e1ga (Kv., 2006.; Cs\u00edkszereda, 2008); Garda; Koszta Istv\u00e1n: F\u00f6ldindul\u00e1s \u20131916 = P\u00e1l-Antal\u2013Simon; Polg\u00e1ri \u00c9let (2006. szept. 8\u201314., 36. sz.; 2006. okt. 6\u201312., 40. sz.); A magyar orsz\u00e1ggy\u0171l\u00e9s (Bp., 1906); Maros megyei m. 3.; Szinnyei; \u00daM\u00c9L; Dr. Urm\u00e1nczy N\u00e1ndor \u00e9lete \u00e9s munk\u00e1ss\u00e1ga. <br \/><strong>\u2013 Irod.:<\/strong> Sz\u00e1va 2012.<\/br><\/p>\n","protected":false},"excerpt":{"rendered":"<p>Marosh\u00e9v\u00edz, 1868. okt. 1.\u2020 Marosh\u00e9v\u00edz, 1940. okt. 31.: jog\u00e1sz, politikus, \u00fajs\u00e1g\u00edr\u00f3. \u2013 U. J\u00e1nos (1807\u20131876) \u00e9s Nov\u00e1k M\u00e1ria Magdolna (1836\u20131900) fia, a csal\u00e1d 6. gyermeke. Apja hal\u00e1la ut\u00e1n, keresztapja, Sz\u00e1va Ger\u0151 brass\u00f3i gy\u00f3gyszer\u00e9sz (1833\u20131906) \u00e9s feles\u00e9ge Nov\u00e1k Anna vette gondoz\u00e1sba, \u00e9s ez\u00e9rt tanult Brass\u00f3ban. Feles\u00e9ge: 1. Pallay Ezs\u00e9bet, r\u00f6vid ideig (1899\u20131904); 2. Freund J\u00falia Ir\u00e9n [&hellip;]<\/p>\n","protected":false},"featured_media":0,"comment_status":"open","ping_status":"closed","template":"","meta":[],"product_brand":[],"product_cat":[137],"product_tag":[],"class_list":{"0":"post-23875","1":"product","2":"type-product","3":"status-publish","5":"product_cat-maros-megyei-eletrajzi-lexikon","7":"first","8":"instock","9":"shipping-taxable","10":"product-type-simple"},"_links":{"self":[{"href":"https:\/\/uj.adatbank.ro\/lexikon\/wp-json\/wp\/v2\/product\/23875","targetHints":{"allow":["GET"]}}],"collection":[{"href":"https:\/\/uj.adatbank.ro\/lexikon\/wp-json\/wp\/v2\/product"}],"about":[{"href":"https:\/\/uj.adatbank.ro\/lexikon\/wp-json\/wp\/v2\/types\/product"}],"replies":[{"embeddable":true,"href":"https:\/\/uj.adatbank.ro\/lexikon\/wp-json\/wp\/v2\/comments?post=23875"}],"wp:attachment":[{"href":"https:\/\/uj.adatbank.ro\/lexikon\/wp-json\/wp\/v2\/media?parent=23875"}],"wp:term":[{"taxonomy":"product_brand","embeddable":true,"href":"https:\/\/uj.adatbank.ro\/lexikon\/wp-json\/wp\/v2\/product_brand?post=23875"},{"taxonomy":"product_cat","embeddable":true,"href":"https:\/\/uj.adatbank.ro\/lexikon\/wp-json\/wp\/v2\/product_cat?post=23875"},{"taxonomy":"product_tag","embeddable":true,"href":"https:\/\/uj.adatbank.ro\/lexikon\/wp-json\/wp\/v2\/product_tag?post=23875"}],"curies":[{"name":"wp","href":"https:\/\/api.w.org\/{rel}","templated":true}]}}

URMÁNCZY Nándor, §

<p>Maroshévíz, 1868. okt. 1.† Maroshévíz, 1940. okt. 31.: jogász, politikus, újságíró. – U. János (1807–1876) és Novák Mária Magdolna (1836–1900) fia, a család 6. gyermeke. Apja halála után, keresztapja, Száva Gerő brassói gyógyszerész (1833–1906) és felesége Novák Anna vette gondozásba, és ezért tanult Brassóban. Felesége: 1. Pallay Ezsébet, rövid ideig (1899–1904); 2. Freund Júlia Irén (Szatmárnémeti, 1874. aug. 22. – Bécs, 1960. dec. 18. Maroshévízen van eltemetve). Lányaik: Júlia (Bp., 1907 – Bp., 1986), Anna (Bp., 1908 – Bp., 1998), Maroshévízen vannak eltemetve. – Középiskoláit Brassóban végezte a szász iskolában (1875–77), majd a r. k. gimn.-ban (1877–80), jogi diplomát és doktorátust Bp.-en szerzett (1891). Beszélt és írt németül, franciául, angolul és románul. Előbb Kis-Küküllő vármegyében volt szolgabíró, aljegyző, tiszteleti főszolgabíró (–1901). Kinevezték Maros-Torda vármegye tb. szolgabírójának (1896. okt. 25.–), Kis-Küküllő vm. radnóti járásában szolgabírói helyettesítőként III. aljegyző (1897. máj. 28.–), helyettes szolgabíró a dicsőszentmártoni járásban (1898. dec. 27. – 1900. márc. 27.). Ezután tb. főszolgabírónak nevezték ki (1900. febr. 24. –) Sándor János Maros-Torda vm.-i főispán mellé, majd II. aljegyző (1900. máj. 26. –). Több utazást tett Német-, Francia-, Olaszo.-ba, valamint Angliába, Amerikába. Ogy.-i mandátumot nyert a szászrégeni választókerületben, parlamenti képviselő volt (1902. okt. 9. – 1918). A Szabadelvű Párt, gr. Apponyi Albert újjászervezett Nemzeti Pártjának tagja (1904. jún.), a Függetlenségi és 48-as Párt tagja (1905. jan. –), párton kívüli 48-as képviselő (1909 után). A vh.-ba önkéntesként vonult be (1915), Mv.-en a 9-es honvédhuszároktól kapott kiképzést, majd a bukovinai fronton teljesített szolgálatot, a vitézségi érem birtokosa lett (1917. máj. 31.). Leszerelt (1918. okt.). Kormánybiztossá nevezték ki Megalapította Jancsó Benedekkel, Sebes Dénessel és Ugron Gáborral a Székely Nemzeti Tanácsot (1918. nov.), megalakította a Területvédő Ligát és a Védő Ligák Szövetségét, melynek elnöke lett (1920. jan. –). Romániából kiutasították, birtokait a román állam kisajátította. Bp.-re költözött (1919), az irredenta mozgalom egyik hangadója volt, munkásságát a trianoni békeszerződés revíziójának szolgálatába állította, rendszeresen publikált a Pesti Hírlapban. Ő indította el az ún. országzászló-mozgalmat. Kezdeményezésére állították fel Bp.-en a Szabadságtéren az Észak, Dél, Kelet, Nyugat szoborcsoportot. Visszatért szülővárosába kevéssel halála előtt (1940. okt. 23.). Vers, novella, dal, elbeszélés, helytörténeti monográfia szerzője is volt (1894–1902), közölt az Erdély, A Hét, Ország Világ, Egyetértés, Magyar Géniusz, pesti Hírlap c. lapokban. Toplicai Híradó c. újságot hozott létre (1895), majd a Maroshévízi Híradót (1911). Politikai írásai jelentek meg különböző újságokban és könyvekben (1902–40). Maroshévízen mellszobrot emeltek tiszteletére Blaskó János szobrászművész alkotását (2011. aug.). –  <strong>F. m..:</strong> Programbeszéd Szászrégenben 1906. ápr. 26 (németül is); Politikai jegyzetek (Bp., 1907); Lukács – Pavlik – Tisza idejéből (Bp., 1913). <br /><strong>– Irod.:</strong> Bíró Donát; Czirják Károly. Dr. Urmánczy Nándor élete és munkássága (Kv., 2006.; Csíkszereda, 2008); Garda; Koszta István: Földindulás –1916 = Pál-Antal–Simon; Polgári Élet (2006. szept. 8–14., 36. sz.; 2006. okt. 6–12., 40. sz.); A magyar országgyűlés (Bp., 1906); Maros megyei m. 3.; Szinnyei; ÚMÉL; Dr. Urmánczy Nándor élete és munkássága. <br /><strong>– Irod.:</strong> Száva 2012.</br></p>

<p>Maroshévíz, 1868. okt. 1.† Maroshévíz, 1940. okt. 31.: jogász, politikus, újságíró. – U. János (1807–1876) és Novák Mária Magdolna (1836–1900) fia, a család 6. gyermeke. Apja halála után, keresztapja, Száva Gerő brassói gyógyszerész (1833–1906) és felesége Novák Anna vette gondozásba, és ezért tanult Brassóban. Felesége: 1. Pallay Ezsébet, rövid ideig (1899–1904); 2. Freund Júlia Irén [&hellip;]</p>
