{"id":23877,"date":"2025-08-01T17:45:30","date_gmt":"2025-08-01T15:45:30","guid":{"rendered":"https:\/\/uj.adatbank.ro\/lexikon\/termek\/urmosi-samuel-abrudbanyai\/"},"modified":"2025-08-01T17:45:30","modified_gmt":"2025-08-01T15:45:30","slug":"urmosi-samuel-abrudbanyai","status":"publish","type":"product","link":"https:\/\/uj.adatbank.ro\/lexikon\/termek\/urmosi-samuel-abrudbanyai\/","title":{"rendered":"\u00dcRM\u00d6SI S\u00e1muel, Abrudb\u00e1nyai"},"content":{"rendered":"<p>Homor\u00f3dkar\u00e1csonyfalva, 1800, \u2020 1878: iskolamester, unit. lelk\u00e9sz. \u2013 N\u0151s\u00fclt (1829), feles\u00e9ge: Barla Julianna. \u2013 Szenth\u00e1roms\u00e1gon, Kisadorj\u00e1nban pap \u00e9s tan\u00edt\u00f3 (1831\u201347). Szenth\u00e1roms\u00e1gon szentelt\u00e9k papp\u00e1 (1832. dec.16.). Kad\u00e1cson lelk\u00e9sz (1847\u20131879-ben lett nyugd\u00edjas). Az egyh\u00e1zvizit\u00e1ci\u00f3s jegyz\u0151k\u00f6nyvek szerint nagy tud\u00e1s\u00fa, szorgalmas \u00e9s rendszeret\u0151 lelk\u00e9sz-tan\u00edt\u00f3ja volt a falunak, m\u00e9gis elt\u00e1vol\u00edtott\u00e1k. <br \/><strong>\u2013 Irod.:<\/strong> Kelemen; Kisadorj\u00e1n, Szenth\u00e1roms\u00e1g.<\/br><\/p>\n","protected":false},"excerpt":{"rendered":"<p>Homor\u00f3dkar\u00e1csonyfalva, 1800, \u2020 1878: iskolamester, unit. lelk\u00e9sz. \u2013 N\u0151s\u00fclt (1829), feles\u00e9ge: Barla Julianna. \u2013 Szenth\u00e1roms\u00e1gon, Kisadorj\u00e1nban pap \u00e9s tan\u00edt\u00f3 (1831\u201347). Szenth\u00e1roms\u00e1gon szentelt\u00e9k papp\u00e1 (1832. dec.16.). Kad\u00e1cson lelk\u00e9sz (1847\u20131879-ben lett nyugd\u00edjas). Az egyh\u00e1zvizit\u00e1ci\u00f3s jegyz\u0151k\u00f6nyvek szerint nagy tud\u00e1s\u00fa, szorgalmas \u00e9s rendszeret\u0151 lelk\u00e9sz-tan\u00edt\u00f3ja volt a falunak, m\u00e9gis elt\u00e1vol\u00edtott\u00e1k. \u2013 Irod.: Kelemen; Kisadorj\u00e1n, Szenth\u00e1roms\u00e1g.<\/p>\n","protected":false},"featured_media":0,"comment_status":"open","ping_status":"closed","template":"","meta":[],"product_brand":[],"product_cat":[137],"product_tag":[],"class_list":{"0":"post-23877","1":"product","2":"type-product","3":"status-publish","5":"product_cat-maros-megyei-eletrajzi-lexikon","7":"first","8":"instock","9":"shipping-taxable","10":"product-type-simple"},"_links":{"self":[{"href":"https:\/\/uj.adatbank.ro\/lexikon\/wp-json\/wp\/v2\/product\/23877","targetHints":{"allow":["GET"]}}],"collection":[{"href":"https:\/\/uj.adatbank.ro\/lexikon\/wp-json\/wp\/v2\/product"}],"about":[{"href":"https:\/\/uj.adatbank.ro\/lexikon\/wp-json\/wp\/v2\/types\/product"}],"replies":[{"embeddable":true,"href":"https:\/\/uj.adatbank.ro\/lexikon\/wp-json\/wp\/v2\/comments?post=23877"}],"wp:attachment":[{"href":"https:\/\/uj.adatbank.ro\/lexikon\/wp-json\/wp\/v2\/media?parent=23877"}],"wp:term":[{"taxonomy":"product_brand","embeddable":true,"href":"https:\/\/uj.adatbank.ro\/lexikon\/wp-json\/wp\/v2\/product_brand?post=23877"},{"taxonomy":"product_cat","embeddable":true,"href":"https:\/\/uj.adatbank.ro\/lexikon\/wp-json\/wp\/v2\/product_cat?post=23877"},{"taxonomy":"product_tag","embeddable":true,"href":"https:\/\/uj.adatbank.ro\/lexikon\/wp-json\/wp\/v2\/product_tag?post=23877"}],"curies":[{"name":"wp","href":"https:\/\/api.w.org\/{rel}","templated":true}]}}