{"id":23882,"date":"2025-08-01T17:45:40","date_gmt":"2025-08-01T15:45:40","guid":{"rendered":"https:\/\/uj.adatbank.ro\/lexikon\/termek\/ursace-gombosiu-any\/"},"modified":"2025-08-01T17:45:40","modified_gmt":"2025-08-01T15:45:40","slug":"ursace-gombosiu-any","status":"publish","type":"product","link":"https:\/\/uj.adatbank.ro\/lexikon\/termek\/ursace-gombosiu-any\/","title":{"rendered":"URSACE-GOMBO\u015eIU, Any"},"content":{"rendered":"<p>Abrudb\u00e1nya, 1900., \u2020 ?: zeneszerz\u0151. \u2013 Elemi iskol\u00e1s kor\u00e1t\u00f3l tanult zongor\u00e1zni, ezt folytatta Szebenben \u00e9s a kv.-i konzervat\u00f3riumb\u00e1n. Mv.-en k\u00e9pezte tov\u00e1bb zenei ismereteit L\u00e1szl\u00f3 \u00c1rp\u00e1d, Zeno Vancea \u00e9s Tr\u00f3zner J\u00f3zsef ir\u00e1ny\u00edt\u00e1s\u00e1val. Buzd\u00edtott\u00e1k n\u00e9pzene gy\u0171jt\u00e9sre, az abrudb\u00e1nyai m\u00f3cokt\u00f3l gy\u0171jt\u00f6tt addig ismeretlen darabokat. \u2013  <strong>F. m..:<\/strong> Imagini din \u0162ara Mo\u0163ilor (balett-szvit, bemutat\u00f3 Mv. 1959. dec. 16.); \u00cenal\u0163\u0103-te c\u00eentec (k\u00f3rusm\u0171, Mv., 1966). <br \/><strong>\u2013 Irod.:<\/strong> Kim.<\/br><\/p>\n","protected":false},"excerpt":{"rendered":"<p>Abrudb\u00e1nya, 1900., \u2020 ?: zeneszerz\u0151. \u2013 Elemi iskol\u00e1s kor\u00e1t\u00f3l tanult zongor\u00e1zni, ezt folytatta Szebenben \u00e9s a kv.-i konzervat\u00f3riumb\u00e1n. Mv.-en k\u00e9pezte tov\u00e1bb zenei ismereteit L\u00e1szl\u00f3 \u00c1rp\u00e1d, Zeno Vancea \u00e9s Tr\u00f3zner J\u00f3zsef ir\u00e1ny\u00edt\u00e1s\u00e1val. Buzd\u00edtott\u00e1k n\u00e9pzene gy\u0171jt\u00e9sre, az abrudb\u00e1nyai m\u00f3cokt\u00f3l gy\u0171jt\u00f6tt addig ismeretlen darabokat. \u2013 F. m..: Imagini din \u0162ara Mo\u0163ilor (balett-szvit, bemutat\u00f3 Mv. 1959. dec. 16.); \u00cenal\u0163\u0103-te [&hellip;]<\/p>\n","protected":false},"featured_media":0,"comment_status":"open","ping_status":"closed","template":"","meta":[],"product_brand":[],"product_cat":[137],"product_tag":[],"class_list":{"0":"post-23882","1":"product","2":"type-product","3":"status-publish","5":"product_cat-maros-megyei-eletrajzi-lexikon","7":"first","8":"instock","9":"shipping-taxable","10":"product-type-simple"},"_links":{"self":[{"href":"https:\/\/uj.adatbank.ro\/lexikon\/wp-json\/wp\/v2\/product\/23882","targetHints":{"allow":["GET"]}}],"collection":[{"href":"https:\/\/uj.adatbank.ro\/lexikon\/wp-json\/wp\/v2\/product"}],"about":[{"href":"https:\/\/uj.adatbank.ro\/lexikon\/wp-json\/wp\/v2\/types\/product"}],"replies":[{"embeddable":true,"href":"https:\/\/uj.adatbank.ro\/lexikon\/wp-json\/wp\/v2\/comments?post=23882"}],"wp:attachment":[{"href":"https:\/\/uj.adatbank.ro\/lexikon\/wp-json\/wp\/v2\/media?parent=23882"}],"wp:term":[{"taxonomy":"product_brand","embeddable":true,"href":"https:\/\/uj.adatbank.ro\/lexikon\/wp-json\/wp\/v2\/product_brand?post=23882"},{"taxonomy":"product_cat","embeddable":true,"href":"https:\/\/uj.adatbank.ro\/lexikon\/wp-json\/wp\/v2\/product_cat?post=23882"},{"taxonomy":"product_tag","embeddable":true,"href":"https:\/\/uj.adatbank.ro\/lexikon\/wp-json\/wp\/v2\/product_tag?post=23882"}],"curies":[{"name":"wp","href":"https:\/\/api.w.org\/{rel}","templated":true}]}}

URSACE-GOMBOŞIU, Any

<p>Abrudbánya, 1900., † ?: zeneszerző. – Elemi iskolás korától tanult zongorázni, ezt folytatta Szebenben és a kv.-i konzervatóriumbán. Mv.-en képezte tovább zenei ismereteit László Árpád, Zeno Vancea és Trózner József irányításával. Buzdították népzene gyűjtésre, az abrudbányai mócoktól gyűjtött addig ismeretlen darabokat. –  <strong>F. m..:</strong> Imagini din Ţara Moţilor (balett-szvit, bemutató Mv. 1959. dec. 16.); Înalţă-te cîntec (kórusmű, Mv., 1966). <br /><strong>– Irod.:</strong> Kim.</br></p>

<p>Abrudbánya, 1900., † ?: zeneszerző. – Elemi iskolás korától tanult zongorázni, ezt folytatta Szebenben és a kv.-i konzervatóriumbán. Mv.-en képezte tovább zenei ismereteit László Árpád, Zeno Vancea és Trózner József irányításával. Buzdították népzene gyűjtésre, az abrudbányai mócoktól gyűjtött addig ismeretlen darabokat. – F. m..: Imagini din Ţara Moţilor (balett-szvit, bemutató Mv. 1959. dec. 16.); Înalţă-te [&hellip;]</p>
