{"id":23885,"date":"2025-08-01T17:45:47","date_gmt":"2025-08-01T15:45:47","guid":{"rendered":"https:\/\/uj.adatbank.ro\/lexikon\/termek\/ursinus-johannes-janos\/"},"modified":"2025-08-01T17:45:47","modified_gmt":"2025-08-01T15:45:47","slug":"ursinus-johannes-janos","status":"publish","type":"product","link":"https:\/\/uj.adatbank.ro\/lexikon\/termek\/ursinus-johannes-janos\/","title":{"rendered":"URSINUS, Johannes, J\u00e1nos"},"content":{"rendered":"<p>Beszterce, ? \u2020\u00a0Segesv\u00e1r, 1611. m\u00e1rc. 22.: kr\u00f3nika\u00edr\u00f3, besztercei sz\u00e1rmaz\u00e1s\u00fa. \u2013 Rektor volt a k\u0151halmi iskol\u00e1n\u00e1l (1599\u20131602), segesv\u00e1ri jegyz\u0151 lett (1603\u20131611) \u00e9s mint ilyen Segesv\u00e1ri kr\u00f3nik\u00e1t \u00edrt (366-t\u00f3l 1610). Latin nyelven \u00edrta m\u0171v\u00e9t, az 1599. \u00e9vt\u0151l Georg Kraus ford\u00edtotta n\u00e9metre, m. ford\u00edt\u00e1sban az \u0151 neve alatt k\u00f6z\u00f6lt\u00e9k. \u2013  <strong>F. m..:<\/strong> Chronolagia rerum Hungaricum a primo Hunnorum in Pannoniam adventu, hoc fuit a. C. 366 ad 1566 a nato Christo annum collecta et subseque Anonimum Schaesburgensem usque ad annum continuata, 366\u20131610. Kiadta K. Fabritius, Die Sch\u00e4ssbuger Chronisten des 1. Jahrhunderts. (Fontes rerum Austriacarum III. XXI-XXLX.). <br \/><strong>\u2013 Irod.:<\/strong> Kraus: Erd\u00e9lyi kr\u00f3nika; Szinnyei.<\/br><\/p>\n","protected":false},"excerpt":{"rendered":"<p>Beszterce, ? \u2020\u00a0Segesv\u00e1r, 1611. m\u00e1rc. 22.: kr\u00f3nika\u00edr\u00f3, besztercei sz\u00e1rmaz\u00e1s\u00fa. \u2013 Rektor volt a k\u0151halmi iskol\u00e1n\u00e1l (1599\u20131602), segesv\u00e1ri jegyz\u0151 lett (1603\u20131611) \u00e9s mint ilyen Segesv\u00e1ri kr\u00f3nik\u00e1t \u00edrt (366-t\u00f3l 1610). Latin nyelven \u00edrta m\u0171v\u00e9t, az 1599. \u00e9vt\u0151l Georg Kraus ford\u00edtotta n\u00e9metre, m. ford\u00edt\u00e1sban az \u0151 neve alatt k\u00f6z\u00f6lt\u00e9k. \u2013 F. m..: Chronolagia rerum Hungaricum a primo Hunnorum [&hellip;]<\/p>\n","protected":false},"featured_media":0,"comment_status":"open","ping_status":"closed","template":"","meta":[],"product_brand":[],"product_cat":[137],"product_tag":[],"class_list":{"0":"post-23885","1":"product","2":"type-product","3":"status-publish","5":"product_cat-maros-megyei-eletrajzi-lexikon","7":"first","8":"instock","9":"shipping-taxable","10":"product-type-simple"},"_links":{"self":[{"href":"https:\/\/uj.adatbank.ro\/lexikon\/wp-json\/wp\/v2\/product\/23885","targetHints":{"allow":["GET"]}}],"collection":[{"href":"https:\/\/uj.adatbank.ro\/lexikon\/wp-json\/wp\/v2\/product"}],"about":[{"href":"https:\/\/uj.adatbank.ro\/lexikon\/wp-json\/wp\/v2\/types\/product"}],"replies":[{"embeddable":true,"href":"https:\/\/uj.adatbank.ro\/lexikon\/wp-json\/wp\/v2\/comments?post=23885"}],"wp:attachment":[{"href":"https:\/\/uj.adatbank.ro\/lexikon\/wp-json\/wp\/v2\/media?parent=23885"}],"wp:term":[{"taxonomy":"product_brand","embeddable":true,"href":"https:\/\/uj.adatbank.ro\/lexikon\/wp-json\/wp\/v2\/product_brand?post=23885"},{"taxonomy":"product_cat","embeddable":true,"href":"https:\/\/uj.adatbank.ro\/lexikon\/wp-json\/wp\/v2\/product_cat?post=23885"},{"taxonomy":"product_tag","embeddable":true,"href":"https:\/\/uj.adatbank.ro\/lexikon\/wp-json\/wp\/v2\/product_tag?post=23885"}],"curies":[{"name":"wp","href":"https:\/\/api.w.org\/{rel}","templated":true}]}}

URSINUS, Johannes, János

<p>Beszterce, ? † Segesvár, 1611. márc. 22.: krónikaíró, besztercei származású. – Rektor volt a kőhalmi iskolánál (1599–1602), segesvári jegyző lett (1603–1611) és mint ilyen Segesvári krónikát írt (366-tól 1610). Latin nyelven írta művét, az 1599. évtől Georg Kraus fordította németre, m. fordításban az ő neve alatt közölték. –  <strong>F. m..:</strong> Chronolagia rerum Hungaricum a primo Hunnorum in Pannoniam adventu, hoc fuit a. C. 366 ad 1566 a nato Christo annum collecta et subseque Anonimum Schaesburgensem usque ad annum continuata, 366–1610. Kiadta K. Fabritius, Die Schässbuger Chronisten des 1. Jahrhunderts. (Fontes rerum Austriacarum III. XXI-XXLX.). <br /><strong>– Irod.:</strong> Kraus: Erdélyi krónika; Szinnyei.</br></p>

<p>Beszterce, ? † Segesvár, 1611. márc. 22.: krónikaíró, besztercei származású. – Rektor volt a kőhalmi iskolánál (1599–1602), segesvári jegyző lett (1603–1611) és mint ilyen Segesvári krónikát írt (366-tól 1610). Latin nyelven írta művét, az 1599. évtől Georg Kraus fordította németre, m. fordításban az ő neve alatt közölték. – F. m..: Chronolagia rerum Hungaricum a primo Hunnorum [&hellip;]</p>
