{"id":23888,"date":"2025-08-01T17:45:55","date_gmt":"2025-08-01T15:45:55","guid":{"rendered":"https:\/\/uj.adatbank.ro\/lexikon\/termek\/ursuly-todor\/"},"modified":"2025-08-01T17:45:55","modified_gmt":"2025-08-01T15:45:55","slug":"ursuly-todor","status":"publish","type":"product","link":"https:\/\/uj.adatbank.ro\/lexikon\/termek\/ursuly-todor\/","title":{"rendered":"Ursuly Todor"},"content":{"rendered":"<p>? \u2020\u00a0?: jobb\u00e1gyfalvai. <br \/><strong>\u2013 Irod.:<\/strong> K\u00f6zlem\u00e9nyek a Cs. Kir. 62. gyalogezred t\u00f6rt\u00e9net\u00e9b\u0151l (Mv., s.a.).<\/br><\/p>\n","protected":false},"excerpt":{"rendered":"<p>? \u2020\u00a0?: jobb\u00e1gyfalvai. \u2013 Irod.: K\u00f6zlem\u00e9nyek a Cs. Kir. 62. gyalogezred t\u00f6rt\u00e9net\u00e9b\u0151l (Mv., s.a.).<\/p>\n","protected":false},"featured_media":0,"comment_status":"open","ping_status":"closed","template":"","meta":[],"product_brand":[],"product_cat":[137],"product_tag":[],"class_list":{"0":"post-23888","1":"product","2":"type-product","3":"status-publish","5":"product_cat-maros-megyei-eletrajzi-lexikon","7":"first","8":"instock","9":"shipping-taxable","10":"product-type-simple"},"_links":{"self":[{"href":"https:\/\/uj.adatbank.ro\/lexikon\/wp-json\/wp\/v2\/product\/23888","targetHints":{"allow":["GET"]}}],"collection":[{"href":"https:\/\/uj.adatbank.ro\/lexikon\/wp-json\/wp\/v2\/product"}],"about":[{"href":"https:\/\/uj.adatbank.ro\/lexikon\/wp-json\/wp\/v2\/types\/product"}],"replies":[{"embeddable":true,"href":"https:\/\/uj.adatbank.ro\/lexikon\/wp-json\/wp\/v2\/comments?post=23888"}],"wp:attachment":[{"href":"https:\/\/uj.adatbank.ro\/lexikon\/wp-json\/wp\/v2\/media?parent=23888"}],"wp:term":[{"taxonomy":"product_brand","embeddable":true,"href":"https:\/\/uj.adatbank.ro\/lexikon\/wp-json\/wp\/v2\/product_brand?post=23888"},{"taxonomy":"product_cat","embeddable":true,"href":"https:\/\/uj.adatbank.ro\/lexikon\/wp-json\/wp\/v2\/product_cat?post=23888"},{"taxonomy":"product_tag","embeddable":true,"href":"https:\/\/uj.adatbank.ro\/lexikon\/wp-json\/wp\/v2\/product_tag?post=23888"}],"curies":[{"name":"wp","href":"https:\/\/api.w.org\/{rel}","templated":true}]}}