{"id":23889,"date":"2025-08-01T17:46:02","date_gmt":"2025-08-01T15:46:02","guid":{"rendered":"https:\/\/uj.adatbank.ro\/lexikon\/termek\/urszuly-katalin\/"},"modified":"2025-08-01T17:46:02","modified_gmt":"2025-08-01T15:46:02","slug":"urszuly-katalin","status":"publish","type":"product","link":"https:\/\/uj.adatbank.ro\/lexikon\/termek\/urszuly-katalin\/","title":{"rendered":"URSZULY Katalin"},"content":{"rendered":"<p>Maros\u00fajv\u00e1r, 1921., okt. 21 \u2020 ?: k\u00f6lt\u0151. \u2013 Kolozsv\u00e1ron volt diakonissza, a v\u00e1ros bomb\u00e1z\u00e1sakor, 1942-ben sebes\u00fclteket gondozott a k\u00f3rh\u00e1zban. Azt\u00e1n Gyulakut\u00e1ra ker\u00fclt, tisztvisel\u0151 volt a h\u0151er\u0151m\u0171n\u00e9l. F\u00e9rjhez ment, a csal\u00e1d Mv.-re k\u00f6lt\u00f6z\u00f6tt, Katalin k\u00f6nyvel\u0151k\u00e9nt dolgozott az Elektromaros v\u00e1llalatn\u00e1l. Egyed\u00fcl nevelte unok\u00e1j\u00e1t, Magdoln\u00e1t, aki eljuttatta a N\u00e9p\u00fajs\u00e1g szerkeszt\u0151s\u00e9g\u00e9be azt a k\u00e9t f\u00fczetet, amelyek h\u00fasz\u00e9ves kor\u00e1t\u00f3l 1997-ig \u00edrt verseit tartalmazz\u00e1k. \u201eK\u00e9t gyermeket felneveltem, \/ de szeretetre nem leltem \u2013 \u00edrja hetvenhat \u00e9vesen. \u2013 Leltem ink\u00e1bb gy\u0171l\u00f6ls\u00e9gre, \/ gy\u0171l\u00f6ls\u00e9gre, megvet\u00e9sre.\u201d Ifj\u00fakori pr\u00f3b\u00e1lkoz\u00e1sai meglep\u0151 forma\u00e9rz\u00e9kr\u0151l, k\u00fcl\u00f6nleges \u00e9rz\u00e9kenys\u00e9gr\u0151l tan\u00faskodnak. Erd\u00e9lyis\u00e9g, szerelem, a h\u00e1bor\u00fa borzad\u00e1lya, term\u00e9szetszeretet, istenhit: ezek a t\u00e9m\u00e1i. Merenghet\u00fcnk azon, mi lett volna, ha felfedezik. De Urszuly Katalinnak a N\u00fa-ban (1991 szept. 15) jelent meg el\u0151sz\u00f6r nyomtat\u00e1sban verse. <br \/><strong>\u2013 Irod.:<\/strong> B.D. K\u00e9sei dobbant\u00e1s (N\u00fa., M\u00fazsa, 1991. szept. 15).<\/br><\/p>\n","protected":false},"excerpt":{"rendered":"<p>Maros\u00fajv\u00e1r, 1921., okt. 21 \u2020 ?: k\u00f6lt\u0151. \u2013 Kolozsv\u00e1ron volt diakonissza, a v\u00e1ros bomb\u00e1z\u00e1sakor, 1942-ben sebes\u00fclteket gondozott a k\u00f3rh\u00e1zban. Azt\u00e1n Gyulakut\u00e1ra ker\u00fclt, tisztvisel\u0151 volt a h\u0151er\u0151m\u0171n\u00e9l. F\u00e9rjhez ment, a csal\u00e1d Mv.-re k\u00f6lt\u00f6z\u00f6tt, Katalin k\u00f6nyvel\u0151k\u00e9nt dolgozott az Elektromaros v\u00e1llalatn\u00e1l. Egyed\u00fcl nevelte unok\u00e1j\u00e1t, Magdoln\u00e1t, aki eljuttatta a N\u00e9p\u00fajs\u00e1g szerkeszt\u0151s\u00e9g\u00e9be azt a k\u00e9t f\u00fczetet, amelyek h\u00fasz\u00e9ves kor\u00e1t\u00f3l 1997-ig [&hellip;]<\/p>\n","protected":false},"featured_media":0,"comment_status":"open","ping_status":"closed","template":"","meta":[],"product_brand":[],"product_cat":[137],"product_tag":[],"class_list":{"0":"post-23889","1":"product","2":"type-product","3":"status-publish","5":"product_cat-maros-megyei-eletrajzi-lexikon","7":"first","8":"instock","9":"shipping-taxable","10":"product-type-simple"},"_links":{"self":[{"href":"https:\/\/uj.adatbank.ro\/lexikon\/wp-json\/wp\/v2\/product\/23889","targetHints":{"allow":["GET"]}}],"collection":[{"href":"https:\/\/uj.adatbank.ro\/lexikon\/wp-json\/wp\/v2\/product"}],"about":[{"href":"https:\/\/uj.adatbank.ro\/lexikon\/wp-json\/wp\/v2\/types\/product"}],"replies":[{"embeddable":true,"href":"https:\/\/uj.adatbank.ro\/lexikon\/wp-json\/wp\/v2\/comments?post=23889"}],"wp:attachment":[{"href":"https:\/\/uj.adatbank.ro\/lexikon\/wp-json\/wp\/v2\/media?parent=23889"}],"wp:term":[{"taxonomy":"product_brand","embeddable":true,"href":"https:\/\/uj.adatbank.ro\/lexikon\/wp-json\/wp\/v2\/product_brand?post=23889"},{"taxonomy":"product_cat","embeddable":true,"href":"https:\/\/uj.adatbank.ro\/lexikon\/wp-json\/wp\/v2\/product_cat?post=23889"},{"taxonomy":"product_tag","embeddable":true,"href":"https:\/\/uj.adatbank.ro\/lexikon\/wp-json\/wp\/v2\/product_tag?post=23889"}],"curies":[{"name":"wp","href":"https:\/\/api.w.org\/{rel}","templated":true}]}}

<p>Marosújvár, 1921., okt. 21 † ?: költő. – Kolozsváron volt diakonissza, a város bombázásakor, 1942-ben sebesülteket gondozott a kórházban. Aztán Gyulakutára került, tisztviselő volt a hőerőműnél. Férjhez ment, a család Mv.-re költözött, Katalin könyvelőként dolgozott az Elektromaros vállalatnál. Egyedül nevelte unokáját, Magdolnát, aki eljuttatta a Népújság szerkesztőségébe azt a két füzetet, amelyek húszéves korától 1997-ig írt verseit tartalmazzák. „Két gyermeket felneveltem, / de szeretetre nem leltem – írja hetvenhat évesen. – Leltem inkább gyűlölségre, / gyűlölségre, megvetésre.” Ifjúkori próbálkozásai meglepő formaérzékről, különleges érzékenységről tanúskodnak. Erdélyiség, szerelem, a háború borzadálya, természetszeretet, istenhit: ezek a témái. Merenghetünk azon, mi lett volna, ha felfedezik. De Urszuly Katalinnak a Nú-ban (1991 szept. 15) jelent meg először nyomtatásban verse. <br /><strong>– Irod.:</strong> B.D. Kései dobbantás (Nú., Múzsa, 1991. szept. 15).</br></p>

<p>Marosújvár, 1921., okt. 21 † ?: költő. – Kolozsváron volt diakonissza, a város bombázásakor, 1942-ben sebesülteket gondozott a kórházban. Aztán Gyulakutára került, tisztviselő volt a hőerőműnél. Férjhez ment, a család Mv.-re költözött, Katalin könyvelőként dolgozott az Elektromaros vállalatnál. Egyedül nevelte unokáját, Magdolnát, aki eljuttatta a Népújság szerkesztőségébe azt a két füzetet, amelyek húszéves korától 1997-ig [&hellip;]</p>
