{"id":23891,"date":"2025-08-01T17:46:12","date_gmt":"2025-08-01T15:46:12","guid":{"rendered":"https:\/\/uj.adatbank.ro\/lexikon\/termek\/urzica-dumitru\/"},"modified":"2025-08-01T17:46:12","modified_gmt":"2025-08-01T15:46:12","slug":"urzica-dumitru","status":"publish","type":"product","link":"https:\/\/uj.adatbank.ro\/lexikon\/termek\/urzica-dumitru\/","title":{"rendered":"URZIC\u0102 Dumitru"},"content":{"rendered":"<p>? \u2020\u00a0?: v\u00e1rosi tisztvisel\u0151, f\u0151sz\u00e1mvev\u0151. \u2013 A v\u00e1rosi k\u00f6z\u00fczemek igazgat\u00f3ja, amikor a v\u00e1rosi f\u0151sz\u00e1mvev\u0151i \u00e1ll\u00e1st b\u00edzt\u00e1k r\u00e1 (1931). Ellene bel\u00fcgyminiszteri vizsg\u00e1lat folyt hivatali vissza\u00e9l\u00e9s \u00e9s sikkaszt\u00e1s gyan\u00faj\u00e1val, fel is f\u00fcggesztett\u00e9k, de a tartom\u00e1nyi korm\u00e1nyz\u00f3s\u00e1g visszahelyezte \u00e1ll\u00e1s\u00e1ba (1939) Tagja volt az Apostolii Vad\u00e1sz Egyes\u00fcletnek (1940) <br \/><strong>\u2013 Irod.:<\/strong> Id\u0151t\u00e1r 3; Societatea de V\u00e2n\u0103toare \u201eApostolii\u201d Tg. M. 1940 (Tg. M., 1941).<\/br><\/p>\n","protected":false},"excerpt":{"rendered":"<p>? \u2020\u00a0?: v\u00e1rosi tisztvisel\u0151, f\u0151sz\u00e1mvev\u0151. \u2013 A v\u00e1rosi k\u00f6z\u00fczemek igazgat\u00f3ja, amikor a v\u00e1rosi f\u0151sz\u00e1mvev\u0151i \u00e1ll\u00e1st b\u00edzt\u00e1k r\u00e1 (1931). Ellene bel\u00fcgyminiszteri vizsg\u00e1lat folyt hivatali vissza\u00e9l\u00e9s \u00e9s sikkaszt\u00e1s gyan\u00faj\u00e1val, fel is f\u00fcggesztett\u00e9k, de a tartom\u00e1nyi korm\u00e1nyz\u00f3s\u00e1g visszahelyezte \u00e1ll\u00e1s\u00e1ba (1939) Tagja volt az Apostolii Vad\u00e1sz Egyes\u00fcletnek (1940) \u2013 Irod.: Id\u0151t\u00e1r 3; Societatea de V\u00e2n\u0103toare \u201eApostolii\u201d Tg. M. 1940 [&hellip;]<\/p>\n","protected":false},"featured_media":0,"comment_status":"open","ping_status":"closed","template":"","meta":[],"product_brand":[],"product_cat":[137],"product_tag":[],"class_list":{"0":"post-23891","1":"product","2":"type-product","3":"status-publish","5":"product_cat-maros-megyei-eletrajzi-lexikon","7":"first","8":"instock","9":"shipping-taxable","10":"product-type-simple"},"_links":{"self":[{"href":"https:\/\/uj.adatbank.ro\/lexikon\/wp-json\/wp\/v2\/product\/23891","targetHints":{"allow":["GET"]}}],"collection":[{"href":"https:\/\/uj.adatbank.ro\/lexikon\/wp-json\/wp\/v2\/product"}],"about":[{"href":"https:\/\/uj.adatbank.ro\/lexikon\/wp-json\/wp\/v2\/types\/product"}],"replies":[{"embeddable":true,"href":"https:\/\/uj.adatbank.ro\/lexikon\/wp-json\/wp\/v2\/comments?post=23891"}],"wp:attachment":[{"href":"https:\/\/uj.adatbank.ro\/lexikon\/wp-json\/wp\/v2\/media?parent=23891"}],"wp:term":[{"taxonomy":"product_brand","embeddable":true,"href":"https:\/\/uj.adatbank.ro\/lexikon\/wp-json\/wp\/v2\/product_brand?post=23891"},{"taxonomy":"product_cat","embeddable":true,"href":"https:\/\/uj.adatbank.ro\/lexikon\/wp-json\/wp\/v2\/product_cat?post=23891"},{"taxonomy":"product_tag","embeddable":true,"href":"https:\/\/uj.adatbank.ro\/lexikon\/wp-json\/wp\/v2\/product_tag?post=23891"}],"curies":[{"name":"wp","href":"https:\/\/api.w.org\/{rel}","templated":true}]}}

URZICĂ Dumitru

<p>? † ?: városi tisztviselő, főszámvevő. – A városi közüzemek igazgatója, amikor a városi főszámvevői állást bízták rá (1931). Ellene belügyminiszteri vizsgálat folyt hivatali visszaélés és sikkasztás gyanújával, fel is függesztették, de a tartományi kormányzóság visszahelyezte állásába (1939) Tagja volt az Apostolii Vadász Egyesületnek (1940) <br /><strong>– Irod.:</strong> Időtár 3; Societatea de Vânătoare „Apostolii” Tg. M. 1940 (Tg. M., 1941).</br></p>

<p>? † ?: városi tisztviselő, főszámvevő. – A városi közüzemek igazgatója, amikor a városi főszámvevői állást bízták rá (1931). Ellene belügyminiszteri vizsgálat folyt hivatali visszaélés és sikkasztás gyanújával, fel is függesztették, de a tartományi kormányzóság visszahelyezte állásába (1939) Tagja volt az Apostolii Vadász Egyesületnek (1940) – Irod.: Időtár 3; Societatea de Vânătoare „Apostolii” Tg. M. 1940 [&hellip;]</p>
