{"id":23892,"date":"2025-08-01T17:46:14","date_gmt":"2025-08-01T15:46:14","guid":{"rendered":"https:\/\/uj.adatbank.ro\/lexikon\/termek\/urzica-gavril\/"},"modified":"2025-08-01T17:46:14","modified_gmt":"2025-08-01T15:46:14","slug":"urzica-gavril","status":"publish","type":"product","link":"https:\/\/uj.adatbank.ro\/lexikon\/termek\/urzica-gavril\/","title":{"rendered":"URZIC\u0102, Gavril"},"content":{"rendered":"<p>F\u00fclpe, 1914. j\u00fal.10., \u2020\u00a0L\u0151rincid\u0171l\u0151, 2008. szept. 12.: tan\u00edt\u00f3. \u2013 Tan\u00edt\u00f3k\u00e9pz\u0151t Mv.-en v\u00e9gzett (1934). Zetev\u00e1ralj\u00e1ra, majd Marosh\u00e9v\u00edzre nevezt\u00e9k ki. A h\u00e1bor\u00fa kit\u00f6r\u00e9sekor beh\u00edvt\u00e1k katon\u00e1nak \u00e9s a frontra k\u00fcldt\u00e9k. Bac\u0103uban tiszti iskol\u00e1t v\u00e9gzett (1935\u20131936). Vit\u00e9zs\u00e9g\u00e9\u00e9rt \u201eCoroana Rom\u00e2nie cu spad\u0103\u201d cl. a V-a \u00e9rdemrenddel t\u00fcntett\u00e9k ki. A h\u00e1bor\u00fa ut\u00e1n Mez\u0151gerebenes L\u0151rincid\u0171l\u0151 faluj\u00e1ba (Maros) helyezt\u00e9k, ahol nyugd\u00edjaz\u00e1s\u00e1ig (1974) igazgat\u00f3tan\u00edt\u00f3k\u00e9nt m\u0171k\u00f6d\u00f6tt. A falu lak\u00f3ival egy\u00fctt k\u00f6zmunk\u00e1val \u00faj iskol\u00e1t \u00e9p\u00edtett (1949). Megszervezte \u00e9s vezette a falu m\u0171vel\u0151d\u00e9si \u00e9let\u00e9t, k\u00f6nyvt\u00e1rat l\u00e9tes\u00edtett, amelyet vezetett is. Megszerezte a II-es tan\u00fcgyi fokozatot, dolgozat\u00e1nak c\u00edme: Predarea la clasele simultane. Meg\u00edrta p\u00e1ly\u00e1ja visszaeml\u00e9kez\u00e9seit. \u2013  <strong>F. m..:<\/strong> Memorii despre activitatea mea didactic\u0103 (jelenleg megjelen\u00e9s alatt). Eml\u00e9kiratai fontos dokumentumai a falu \u00e9let\u00e9nek, ut\u00f3dai adt\u00e1k ki \u0151ket nyomtat\u00e1sban. \u00c9ltan\u00e1r (\u201e\u00cenv\u0103\u0163\u0103tor frunta\u015f\u201d) kit\u00fcntet\u00e9st kapott. <br \/><strong>\u2013 Irod.:<\/strong> Dasc\u0103li mure\u015feni, 4.; Maria Tereza Socol: Dasc\u0103li \u015fi elevi de ieri \u015fi azi din \u015e\u0103ulia (Tg. M., 2009).<\/br><\/p>\n","protected":false},"excerpt":{"rendered":"<p>F\u00fclpe, 1914. j\u00fal.10., \u2020\u00a0L\u0151rincid\u0171l\u0151, 2008. szept. 12.: tan\u00edt\u00f3. \u2013 Tan\u00edt\u00f3k\u00e9pz\u0151t Mv.-en v\u00e9gzett (1934). Zetev\u00e1ralj\u00e1ra, majd Marosh\u00e9v\u00edzre nevezt\u00e9k ki. A h\u00e1bor\u00fa kit\u00f6r\u00e9sekor beh\u00edvt\u00e1k katon\u00e1nak \u00e9s a frontra k\u00fcldt\u00e9k. Bac\u0103uban tiszti iskol\u00e1t v\u00e9gzett (1935\u20131936). Vit\u00e9zs\u00e9g\u00e9\u00e9rt \u201eCoroana Rom\u00e2nie cu spad\u0103\u201d cl. a V-a \u00e9rdemrenddel t\u00fcntett\u00e9k ki. A h\u00e1bor\u00fa ut\u00e1n Mez\u0151gerebenes L\u0151rincid\u0171l\u0151 faluj\u00e1ba (Maros) helyezt\u00e9k, ahol nyugd\u00edjaz\u00e1s\u00e1ig (1974) igazgat\u00f3tan\u00edt\u00f3k\u00e9nt [&hellip;]<\/p>\n","protected":false},"featured_media":0,"comment_status":"open","ping_status":"closed","template":"","meta":[],"product_brand":[],"product_cat":[137],"product_tag":[],"class_list":{"0":"post-23892","1":"product","2":"type-product","3":"status-publish","5":"product_cat-maros-megyei-eletrajzi-lexikon","7":"first","8":"instock","9":"shipping-taxable","10":"product-type-simple"},"_links":{"self":[{"href":"https:\/\/uj.adatbank.ro\/lexikon\/wp-json\/wp\/v2\/product\/23892","targetHints":{"allow":["GET"]}}],"collection":[{"href":"https:\/\/uj.adatbank.ro\/lexikon\/wp-json\/wp\/v2\/product"}],"about":[{"href":"https:\/\/uj.adatbank.ro\/lexikon\/wp-json\/wp\/v2\/types\/product"}],"replies":[{"embeddable":true,"href":"https:\/\/uj.adatbank.ro\/lexikon\/wp-json\/wp\/v2\/comments?post=23892"}],"wp:attachment":[{"href":"https:\/\/uj.adatbank.ro\/lexikon\/wp-json\/wp\/v2\/media?parent=23892"}],"wp:term":[{"taxonomy":"product_brand","embeddable":true,"href":"https:\/\/uj.adatbank.ro\/lexikon\/wp-json\/wp\/v2\/product_brand?post=23892"},{"taxonomy":"product_cat","embeddable":true,"href":"https:\/\/uj.adatbank.ro\/lexikon\/wp-json\/wp\/v2\/product_cat?post=23892"},{"taxonomy":"product_tag","embeddable":true,"href":"https:\/\/uj.adatbank.ro\/lexikon\/wp-json\/wp\/v2\/product_tag?post=23892"}],"curies":[{"name":"wp","href":"https:\/\/api.w.org\/{rel}","templated":true}]}}

URZICĂ, Gavril

<p>Fülpe, 1914. júl.10., † Lőrincidűlő, 2008. szept. 12.: tanító. – Tanítóképzőt Mv.-en végzett (1934). Zeteváraljára, majd Maroshévízre nevezték ki. A háború kitörésekor behívták katonának és a frontra küldték. Bacăuban tiszti iskolát végzett (1935–1936). Vitézségéért „Coroana Românie cu spadă” cl. a V-a érdemrenddel tüntették ki. A háború után Mezőgerebenes Lőrincidűlő falujába (Maros) helyezték, ahol nyugdíjazásáig (1974) igazgatótanítóként működött. A falu lakóival együtt közmunkával új iskolát épített (1949). Megszervezte és vezette a falu művelődési életét, könyvtárat létesített, amelyet vezetett is. Megszerezte a II-es tanügyi fokozatot, dolgozatának címe: Predarea la clasele simultane. Megírta pályája visszaemlékezéseit. –  <strong>F. m..:</strong> Memorii despre activitatea mea didactică (jelenleg megjelenés alatt). Emlékiratai fontos dokumentumai a falu életének, utódai adták ki őket nyomtatásban. Éltanár („Învăţător fruntaş”) kitüntetést kapott. <br /><strong>– Irod.:</strong> Dascăli mureşeni, 4.; Maria Tereza Socol: Dascăli şi elevi de ieri şi azi din Şăulia (Tg. M., 2009).</br></p>

<p>Fülpe, 1914. júl.10., † Lőrincidűlő, 2008. szept. 12.: tanító. – Tanítóképzőt Mv.-en végzett (1934). Zeteváraljára, majd Maroshévízre nevezték ki. A háború kitörésekor behívták katonának és a frontra küldték. Bacăuban tiszti iskolát végzett (1935–1936). Vitézségéért „Coroana Românie cu spadă” cl. a V-a érdemrenddel tüntették ki. A háború után Mezőgerebenes Lőrincidűlő falujába (Maros) helyezték, ahol nyugdíjazásáig (1974) igazgatótanítóként [&hellip;]</p>
