{"id":23893,"date":"2025-08-01T17:46:16","date_gmt":"2025-08-01T15:46:16","guid":{"rendered":"https:\/\/uj.adatbank.ro\/lexikon\/termek\/urzica-vasile\/"},"modified":"2025-08-01T17:46:16","modified_gmt":"2025-08-01T15:46:16","slug":"urzica-vasile","status":"publish","type":"product","link":"https:\/\/uj.adatbank.ro\/lexikon\/termek\/urzica-vasile\/","title":{"rendered":"URZIC\u0102, Vasile"},"content":{"rendered":"<p>V\u00e1rv\u00edz, 1872. jan. 13., \u2020 V\u00e1rv\u00edz, 1971: g\u00f6r. kat. lelk\u00e9sz. \u2013 Bal\u00e1zsfalv\u00e1n \u00e9retts\u00e9gizett (1891) \u00e9s teol\u00f3gi\u00e1t v\u00e9gzett (1895), papp\u00e1 szentelt\u00e9k (1900. aug. 26.), \u00e9s sz\u00fcl\u0151faluj\u00e1ba nevezt\u00e9k ki lelk\u00e9sznek. A le\u00e9gett templom (1899. nov. 9.) helyett a h\u00edvek k\u00f6zadakoz\u00e1s\u00e1b\u00f3l \u00e9s a biztos\u00edt\u00f3 \u00e1ltal fizetett k\u00e1rt\u00e9r\u00edt\u00e9sb\u0151l \u00faj k\u0151templomot \u00e9p\u00edttetett, felszentelt\u00e9k (1902. nov. 8.), majd Constantin Petride, zsib\u00f3i mester festette ki (1909). Befejeztette a papi lak\u00e1s \u00e9s par\u00f3kia \u00e9p\u00edt\u00e9s\u00e9t is (1909). T\u00e1mogatta a falu els\u0151 hitelsz\u00f6vetkezet\u00e9nek megalak\u00edt\u00e1s\u00e1t. Az iskola \u00e9p\u00fclet\u00e9t \u00e1tv\u00e9tette a k\u00f6zs\u00e9gi hat\u00f3s\u00e1gok tulajdon\u00e1ba, megmentette azt az er\u0151ltetett magyaros\u00edt\u00e1st\u00f3l, \u00e9s rom\u00e1n nyelven tan\u00edthatt\u00e1k a gyermekeket. Ez\u00e9rt a tett\u00e9\u00e9rt arra k\u00e9nyszer\u00edtett\u00e9k, hogy hagyja el a falut, \u00e9s Gyulafeh\u00e9rv\u00e1ron telepedjen le. Ott k\u00e9s\u0151 \u00f6regs\u00e9g\u00e9ig esperes maradt. R\u00e9szt vett a gyulafeh\u00e9rv\u00e1ri Nagy Egyes\u00edt\u00e9si Gy\u0171l\u00e9sen (1918. dec. 1.). A k\u00e9t vh. k\u00f6z\u00f6tt tagja volt a rom\u00e1n parlamentnek \u00e9s szen\u00e1tusnak. Meg\u00edrta V\u00e1rv\u00edz monogr\u00e1fi\u00e1j\u00e1t. \u2013  <strong>F. m..:<\/strong> Pomelnicul parohiei gr.cat. a Varvizului (1913). <br \/><strong>\u2013 Irod.:<\/strong> Traian Du\u015fa: Pagini de istorie, art\u0103 \u015fi cultur\u0103, 4.<\/br><\/p>\n","protected":false},"excerpt":{"rendered":"<p>V\u00e1rv\u00edz, 1872. jan. 13., \u2020 V\u00e1rv\u00edz, 1971: g\u00f6r. kat. lelk\u00e9sz. \u2013 Bal\u00e1zsfalv\u00e1n \u00e9retts\u00e9gizett (1891) \u00e9s teol\u00f3gi\u00e1t v\u00e9gzett (1895), papp\u00e1 szentelt\u00e9k (1900. aug. 26.), \u00e9s sz\u00fcl\u0151faluj\u00e1ba nevezt\u00e9k ki lelk\u00e9sznek. A le\u00e9gett templom (1899. nov. 9.) helyett a h\u00edvek k\u00f6zadakoz\u00e1s\u00e1b\u00f3l \u00e9s a biztos\u00edt\u00f3 \u00e1ltal fizetett k\u00e1rt\u00e9r\u00edt\u00e9sb\u0151l \u00faj k\u0151templomot \u00e9p\u00edttetett, felszentelt\u00e9k (1902. nov. 8.), majd Constantin Petride, zsib\u00f3i [&hellip;]<\/p>\n","protected":false},"featured_media":0,"comment_status":"open","ping_status":"closed","template":"","meta":[],"product_brand":[],"product_cat":[137],"product_tag":[],"class_list":{"0":"post-23893","1":"product","2":"type-product","3":"status-publish","5":"product_cat-maros-megyei-eletrajzi-lexikon","7":"first","8":"instock","9":"shipping-taxable","10":"product-type-simple"},"_links":{"self":[{"href":"https:\/\/uj.adatbank.ro\/lexikon\/wp-json\/wp\/v2\/product\/23893","targetHints":{"allow":["GET"]}}],"collection":[{"href":"https:\/\/uj.adatbank.ro\/lexikon\/wp-json\/wp\/v2\/product"}],"about":[{"href":"https:\/\/uj.adatbank.ro\/lexikon\/wp-json\/wp\/v2\/types\/product"}],"replies":[{"embeddable":true,"href":"https:\/\/uj.adatbank.ro\/lexikon\/wp-json\/wp\/v2\/comments?post=23893"}],"wp:attachment":[{"href":"https:\/\/uj.adatbank.ro\/lexikon\/wp-json\/wp\/v2\/media?parent=23893"}],"wp:term":[{"taxonomy":"product_brand","embeddable":true,"href":"https:\/\/uj.adatbank.ro\/lexikon\/wp-json\/wp\/v2\/product_brand?post=23893"},{"taxonomy":"product_cat","embeddable":true,"href":"https:\/\/uj.adatbank.ro\/lexikon\/wp-json\/wp\/v2\/product_cat?post=23893"},{"taxonomy":"product_tag","embeddable":true,"href":"https:\/\/uj.adatbank.ro\/lexikon\/wp-json\/wp\/v2\/product_tag?post=23893"}],"curies":[{"name":"wp","href":"https:\/\/api.w.org\/{rel}","templated":true}]}}

URZICĂ, Vasile

<p>Várvíz, 1872. jan. 13., † Várvíz, 1971: gör. kat. lelkész. – Balázsfalván érettségizett (1891) és teológiát végzett (1895), pappá szentelték (1900. aug. 26.), és szülőfalujába nevezték ki lelkésznek. A leégett templom (1899. nov. 9.) helyett a hívek közadakozásából és a biztosító által fizetett kártérítésből új kőtemplomot építtetett, felszentelték (1902. nov. 8.), majd Constantin Petride, zsibói mester festette ki (1909). Befejeztette a papi lakás és parókia építését is (1909). Támogatta a falu első hitelszövetkezetének megalakítását. Az iskola épületét átvétette a községi hatóságok tulajdonába, megmentette azt az erőltetett magyarosítástól, és román nyelven taníthatták a gyermekeket. Ezért a tettéért arra kényszerítették, hogy hagyja el a falut, és Gyulafehérváron telepedjen le. Ott késő öregségéig esperes maradt. Részt vett a gyulafehérvári Nagy Egyesítési Gyűlésen (1918. dec. 1.). A két vh. között tagja volt a román parlamentnek és szenátusnak. Megírta Várvíz monográfiáját. –  <strong>F. m..:</strong> Pomelnicul parohiei gr.cat. a Varvizului (1913). <br /><strong>– Irod.:</strong> Traian Duşa: Pagini de istorie, artă şi cultură, 4.</br></p>

<p>Várvíz, 1872. jan. 13., † Várvíz, 1971: gör. kat. lelkész. – Balázsfalván érettségizett (1891) és teológiát végzett (1895), pappá szentelték (1900. aug. 26.), és szülőfalujába nevezték ki lelkésznek. A leégett templom (1899. nov. 9.) helyett a hívek közadakozásából és a biztosító által fizetett kártérítésből új kőtemplomot építtetett, felszentelték (1902. nov. 8.), majd Constantin Petride, zsibói [&hellip;]</p>
